NOAA-Style Climate Reports
Select a Year or Month report
2024: Jan Feb Mar Apr May Jun Jul Aug Sep Oct Nov Dec
2023: Jan Feb Mar Apr May Jun Jul Aug Sep Oct Nov Dec
2022: Jan Feb Mar Apr May Jun Jul Aug Sep Oct Nov Dec
2021: Jan Feb Mar Apr May Jun Jul Aug Sep Oct Nov Dec
2020: Jan Feb Mar Apr May Jun Jul Aug Sep Oct Nov Dec
2019: Jan Feb Mar Apr May Jun Jul Aug Sep Oct Nov Dec
2018: Jan Feb Mar Apr May Jun Jul Aug Sep Oct Nov Dec
2017: Jan Feb Mar Apr May Jun Jul Aug Sep Oct Nov Dec
2016: Jan Feb Mar Apr May Jun Jul Aug Sep Oct Nov Dec
2015: Jan Feb Mar Apr May Jun Jul Aug Sep Oct Nov Dec
2014: Jan Feb Mar Apr May Jun Jul Aug Sep Oct Nov Dec
2013: Jan Feb Mar Apr May Jun Jul Aug Sep Oct Nov Dec
2012: Jan Feb Mar Apr May Jun Jul Aug Sep Oct Nov Dec
2024: Jan Feb Mar Apr May Jun Jul Aug Sep Oct Nov Dec
2023: Jan Feb Mar Apr May Jun Jul Aug Sep Oct Nov Dec
2022: Jan Feb Mar Apr May Jun Jul Aug Sep Oct Nov Dec
2021: Jan Feb Mar Apr May Jun Jul Aug Sep Oct Nov Dec
2020: Jan Feb Mar Apr May Jun Jul Aug Sep Oct Nov Dec
2019: Jan Feb Mar Apr May Jun Jul Aug Sep Oct Nov Dec
2018: Jan Feb Mar Apr May Jun Jul Aug Sep Oct Nov Dec
2017: Jan Feb Mar Apr May Jun Jul Aug Sep Oct Nov Dec
2016: Jan Feb Mar Apr May Jun Jul Aug Sep Oct Nov Dec
2015: Jan Feb Mar Apr May Jun Jul Aug Sep Oct Nov Dec
2014: Jan Feb Mar Apr May Jun Jul Aug Sep Oct Nov Dec
2013: Jan Feb Mar Apr May Jun Jul Aug Sep Oct Nov Dec
2012: Jan Feb Mar Apr May Jun Jul Aug Sep Oct Nov Dec
Report for 2012 August
Monthly Climatological Summary for Aug 2012 Name: Timber Creek City: Flower Mound State: Texas Elevation: 609 ft Lat: N 33° 03' 28" Lon: E 097° 03' 10" Temperature (°F), Rain (in), Wind Speed (mph) Heat Cool Avg Mean Deg Deg Wind Dom Day Temp High Time Low Time Days Days Rain Speed High Time Dir ---------------------------------------------------------------------------------- 1 96.6 110.8 16:12 82.0 06:27 0.0 31.6 0.00 1.7 13.0 23:11 SSW 2 96.4 111.0 16:32 82.4 06:45 0.0 31.4 0.00 2.0 14.5 18:55 SSW 3 94.3 107.1 15:23 80.4 06:33 0.0 29.3 0.00 2.2 14.5 17:17 SSW 4 93.6 106.2 16:12 81.0 06:53 0.0 28.6 0.00 2.3 14.5 03:33 SSW 5 94.4 107.1 16:32 79.9 06:11 0.0 29.4 0.00 0.9 9.2 02:19 S 6 94.7 108.3 15:35 81.1 06:55 0.0 29.7 0.00 0.8 13.6 15:25 SSW 7 93.8 108.0 13:10 79.5 06:48 0.0 28.8 0.00 0.8 13.0 14:30 WSW 8 87.2 96.8 16:12 77.9 23:57 0.0 22.2 0.00 0.8 15.2 09:56 NNE 9 93.2 112.6 16:36 74.3 06:38 0.0 28.2 0.00 1.1 12.1 14:45 SSW 10 88.9 99.5 15:43 77.0 23:59 0.0 23.9 0.00 2.6 19.0 14:41 NNE 11 86.1 100.6 15:27 70.2 06:38 0.0 21.2 0.00 0.9 11.4 12:35 E 12 89.3 108.1 15:55 75.0 03:49 0.0 24.3 0.00 1.3 14.5 15:25 SSW 13 90.8 105.1 16:41 78.3 07:07 0.0 25.8 0.00 1.3 13.0 11:07 ENE 14 88.9 109.2 17:12 72.5 23:19 0.0 23.9 1.41 1.8 23.5 19:45 S 15 80.9 97.2 18:28 70.0 02:02 0.0 16.0 1.88 1.5 14.5 00:12 SSE 16 84.0 93.9 10:46 79.5 06:36 0.0 19.0 0.00 1.1 11.4 10:24 S 17 84.2 102.9 16:34 74.5 03:20 0.0 19.8 0.00 1.2 7.6 20:16 SE 18 78.2 92.5 12:40 68.5 20:30 0.0 13.2 0.51 2.0 22.1 17:19 SE 19 80.4 95.4 15:51 66.7 04:20 0.0 15.4 0.01 1.4 13.6 16:43 N 20 80.8 95.7 17:15 65.8 06:54 0.0 15.8 0.00 0.9 7.6 10:38 NE 21 73.9 84.6 17:41 66.9 23:56 0.0 8.9 0.13 0.4 7.6 03:30 W 22 78.8 95.0 16:56 63.1 06:45 0.1 13.9 0.00 1.0 11.4 17:27 SSE 23 83.2 95.7 16:31 69.3 06:50 0.0 18.2 0.00 1.4 11.4 11:20 SSE 24 85.2 96.1 17:52 73.2 06:41 0.0 20.2 0.00 1.7 13.6 12:25 SSE 25 86.2 96.4 16:18 78.4 08:57 0.0 21.2 0.02 2.6 16.8 10:41 S 26 83.1 93.6 16:37 76.6 23:56 0.0 18.1 0.00 1.3 15.2 17:08 S 27 86.0 98.4 15:39 74.5 06:53 0.0 21.0 0.00 1.4 13.0 17:48 NNE 28 85.1 97.3 14:36 76.6 06:27 0.0 20.1 0.02 1.5 11.4 14:19 NNE 29 85.0 98.2 16:23 70.7 06:24 0.0 20.0 0.00 2.6 16.8 14:20 NNE 30 87.6 99.3 15:47 76.1 05:20 0.0 22.6 0.00 3.2 19.0 12:53 NNE 31 88.4 105.3 16:56 76.3 04:16 0.0 23.4 0.00 0.6 9.2 00:09 W ---------------------------------------------------------------------------------- 87.1 112.6 9 63.1 22 0.1 685.1 3.98 1.5 23.5 14 SSE Max >= 80.0: 31 Max <= 32.0: 0 Min <= 32.0: 0 Min <= 0.0: 0 Max Rain: 1.88 on day 15 Days of Rain: 7 (>= 0.01 in) 4 (>= 0.10 in) 2 (>= 1.00 in) Heat Base: 65.0 Cool Base: 65.0 Method: Integration