NOAA-Style Climate Reports
Select a Year or Month report
2024: Jan Feb Mar Apr May Jun Jul Aug Sep Oct Nov Dec
2023: Jan Feb Mar Apr May Jun Jul Aug Sep Oct Nov Dec
2022: Jan Feb Mar Apr May Jun Jul Aug Sep Oct Nov Dec
2021: Jan Feb Mar Apr May Jun Jul Aug Sep Oct Nov Dec
2020: Jan Feb Mar Apr May Jun Jul Aug Sep Oct Nov Dec
2019: Jan Feb Mar Apr May Jun Jul Aug Sep Oct Nov Dec
2018: Jan Feb Mar Apr May Jun Jul Aug Sep Oct Nov Dec
2017: Jan Feb Mar Apr May Jun Jul Aug Sep Oct Nov Dec
2016: Jan Feb Mar Apr May Jun Jul Aug Sep Oct Nov Dec
2015: Jan Feb Mar Apr May Jun Jul Aug Sep Oct Nov Dec
2014: Jan Feb Mar Apr May Jun Jul Aug Sep Oct Nov Dec
2013: Jan Feb Mar Apr May Jun Jul Aug Sep Oct Nov Dec
2012: Jan Feb Mar Apr May Jun Jul Aug Sep Oct Nov Dec
2024: Jan Feb Mar Apr May Jun Jul Aug Sep Oct Nov Dec
2023: Jan Feb Mar Apr May Jun Jul Aug Sep Oct Nov Dec
2022: Jan Feb Mar Apr May Jun Jul Aug Sep Oct Nov Dec
2021: Jan Feb Mar Apr May Jun Jul Aug Sep Oct Nov Dec
2020: Jan Feb Mar Apr May Jun Jul Aug Sep Oct Nov Dec
2019: Jan Feb Mar Apr May Jun Jul Aug Sep Oct Nov Dec
2018: Jan Feb Mar Apr May Jun Jul Aug Sep Oct Nov Dec
2017: Jan Feb Mar Apr May Jun Jul Aug Sep Oct Nov Dec
2016: Jan Feb Mar Apr May Jun Jul Aug Sep Oct Nov Dec
2015: Jan Feb Mar Apr May Jun Jul Aug Sep Oct Nov Dec
2014: Jan Feb Mar Apr May Jun Jul Aug Sep Oct Nov Dec
2013: Jan Feb Mar Apr May Jun Jul Aug Sep Oct Nov Dec
2012: Jan Feb Mar Apr May Jun Jul Aug Sep Oct Nov Dec
Report for 2012 September
Monthly Climatological Summary for Sep 2012 Name: Timber Creek City: Flower Mound State: Texas Elevation: 609 ft Lat: N 33° 03' 28" Lon: E 097° 03' 10" Temperature (°F), Rain (in), Wind Speed (mph) Heat Cool Avg Mean Deg Deg Wind Dom Day Temp High Time Low Time Days Days Rain Speed High Time Dir ---------------------------------------------------------------------------------- 1 90.9 104.0 15:52 78.8 07:00 0.0 25.9 0.00 1.4 11.4 03:42 SSW 2 91.2 105.3 17:56 77.9 07:07 0.0 26.2 0.00 1.4 13.6 00:37 SSW 3 91.1 105.4 16:40 77.5 07:08 0.0 26.1 0.00 1.0 9.8 15:55 S 4 91.3 106.2 15:57 78.4 06:53 0.0 26.3 0.00 1.0 10.7 08:49 S 5 92.5 108.0 16:37 77.7 07:08 0.0 27.5 0.00 1.0 12.1 12:13 SSW 6 91.1 107.1 16:14 75.4 07:08 0.0 26.1 0.00 0.7 10.7 03:54 S 7 92.7 108.3 15:55 78.8 06:50 0.0 27.7 0.00 1.6 24.4 23:14 SSW 8 75.9 87.4 17:44 65.8 04:33 0.0 10.9 0.04 4.9 25.1 00:13 NNE 9 75.5 96.3 16:15 55.8 06:19 1.7 12.2 0.00 0.7 9.8 12:43 NNE 10 79.5 97.5 16:14 59.2 07:08 0.8 15.3 0.00 0.6 10.7 14:49 SSE 11 80.8 94.6 15:38 66.6 03:07 0.0 15.8 0.00 1.5 13.6 13:23 SSE 12 82.4 96.8 16:41 69.6 07:24 0.0 17.4 0.00 1.3 15.2 11:53 SSE 13 80.0 83.3 11:13 75.4 05:22 0.0 15.0 0.01 2.6 16.8 12:58 NW 14 72.2 81.5 00:00 63.7 09:46 0.1 7.3 0.24 2.9 11.4 16:52 NNW 15 68.5 81.1 14:56 62.2 05:38 0.6 4.1 0.00 1.2 9.8 16:33 NNW 16 67.6 74.3 12:54 64.2 06:21 0.1 2.6 0.17 0.2 4.5 15:39 S 17 74.0 86.4 15:49 65.8 00:28 0.0 9.1 0.00 0.7 8.3 15:40 NNE 18 72.2 85.3 16:26 61.0 23:46 0.2 7.5 0.00 2.2 17.4 15:19 N 19 72.6 92.1 16:50 54.5 06:23 2.7 10.1 0.00 0.8 11.4 11:58 S 20 79.6 98.4 16:44 0.0 00:05 0.3 14.9 0.00 1.1 12.1 16:17 SSW 21 82.9 101.3 15:23 64.4 07:25 0.0 17.9 0.00 0.8 10.7 16:43 SSW 22 83.2 102.2 16:18 65.8 07:42 0.0 18.2 0.00 0.6 8.3 14:25 SW 23 81.9 99.1 15:35 64.9 06:50 0.0 16.9 0.00 0.6 27.7 00:59 S 24 85.1 99.7 16:07 70.7 07:23 0.0 20.2 0.00 1.7 15.2 23:50 SSW 25 85.0 97.3 16:33 72.9 07:19 0.0 20.0 0.00 3.1 16.8 13:49 S 26 84.4 96.8 16:12 75.4 07:07 0.0 19.4 0.00 1.9 15.9 10:01 SSW 27 82.8 96.4 15:45 73.4 06:51 0.0 17.8 0.00 1.3 13.0 18:40 S 28 76.5 94.8 11:59 70.0 07:09 0.0 11.5 0.22 0.8 10.7 18:07 NNE 29 69.1 73.6 11:38 65.3 18:40 0.0 4.1 1.61 2.1 15.2 14:53 NNE 30 67.0 75.6 14:20 57.7 23:59 0.8 2.8 0.06 3.0 16.8 13:51 NNE ---------------------------------------------------------------------------------- 80.7 108.3 7 0.0 20 7.3 476.8 2.35 1.5 27.7 23 SW Max >= 80.0: 27 Max <= 32.0: 0 Min <= 32.0: 1 Min <= 0.0: 1 Max Rain: 1.61 on day 29 Days of Rain: 7 (>= 0.01 in) 4 (>= 0.10 in) 1 (>= 1.00 in) Heat Base: 65.0 Cool Base: 65.0 Method: Integration