NOAA-Style Climate Reports
Select a Year or Month report
2024: Jan Feb Mar Apr May Jun Jul Aug Sep Oct Nov Dec
2023: Jan Feb Mar Apr May Jun Jul Aug Sep Oct Nov Dec
2022: Jan Feb Mar Apr May Jun Jul Aug Sep Oct Nov Dec
2021: Jan Feb Mar Apr May Jun Jul Aug Sep Oct Nov Dec
2020: Jan Feb Mar Apr May Jun Jul Aug Sep Oct Nov Dec
2019: Jan Feb Mar Apr May Jun Jul Aug Sep Oct Nov Dec
2018: Jan Feb Mar Apr May Jun Jul Aug Sep Oct Nov Dec
2017: Jan Feb Mar Apr May Jun Jul Aug Sep Oct Nov Dec
2016: Jan Feb Mar Apr May Jun Jul Aug Sep Oct Nov Dec
2015: Jan Feb Mar Apr May Jun Jul Aug Sep Oct Nov Dec
2014: Jan Feb Mar Apr May Jun Jul Aug Sep Oct Nov Dec
2013: Jan Feb Mar Apr May Jun Jul Aug Sep Oct Nov Dec
2012: Jan Feb Mar Apr May Jun Jul Aug Sep Oct Nov Dec
2024: Jan Feb Mar Apr May Jun Jul Aug Sep Oct Nov Dec
2023: Jan Feb Mar Apr May Jun Jul Aug Sep Oct Nov Dec
2022: Jan Feb Mar Apr May Jun Jul Aug Sep Oct Nov Dec
2021: Jan Feb Mar Apr May Jun Jul Aug Sep Oct Nov Dec
2020: Jan Feb Mar Apr May Jun Jul Aug Sep Oct Nov Dec
2019: Jan Feb Mar Apr May Jun Jul Aug Sep Oct Nov Dec
2018: Jan Feb Mar Apr May Jun Jul Aug Sep Oct Nov Dec
2017: Jan Feb Mar Apr May Jun Jul Aug Sep Oct Nov Dec
2016: Jan Feb Mar Apr May Jun Jul Aug Sep Oct Nov Dec
2015: Jan Feb Mar Apr May Jun Jul Aug Sep Oct Nov Dec
2014: Jan Feb Mar Apr May Jun Jul Aug Sep Oct Nov Dec
2013: Jan Feb Mar Apr May Jun Jul Aug Sep Oct Nov Dec
2012: Jan Feb Mar Apr May Jun Jul Aug Sep Oct Nov Dec
Report for 2013 March
Monthly Climatological Summary for Mar 2013 Name: Timber Creek City: Flower Mound State: Texas Elevation: 609 ft Lat: N 33° 03' 28" Lon: E 097° 03' 10" Temperature (°F), Rain (in), Wind Speed (mph) Heat Cool Avg Mean Deg Deg Wind Dom Day Temp High Time Low Time Days Days Rain Speed High Time Dir ---------------------------------------------------------------------------------- 1 43.9 57.7 15:21 29.5 05:31 21.1 0.0 0.00 2.8 18.3 17:30 N 2 42.5 58.6 16:25 28.8 06:43 22.5 0.0 0.00 3.2 16.8 15:34 NNW 3 56.5 75.2 14:56 35.4 03:29 10.3 1.8 0.00 3.3 19.7 16:50 S 4 70.3 92.8 15:49 54.5 04:50 3.2 8.5 0.01 3.5 33.6 23:17 SW 5 52.8 57.4 13:56 43.5 06:51 12.2 0.0 0.00 8.7 32.7 01:37 N 6 52.4 63.5 13:39 30.6 06:43 12.7 0.0 0.00 2.9 18.3 00:00 N 7 57.9 75.0 15:27 38.5 03:34 9.1 2.1 0.00 2.8 19.7 12:08 SSE 8 58.5 62.6 23:15 53.8 05:31 6.5 0.0 0.00 3.3 18.3 17:35 SSE 9 63.3 70.2 16:21 56.8 23:29 2.7 1.0 0.85 3.5 23.5 12:18 SSE 10 50.1 62.1 00:28 36.3 23:39 14.2 0.0 0.07 3.6 26.6 13:50 NW 11 46.0 63.7 17:20 32.0 05:29 19.0 0.0 0.00 2.0 16.8 09:11 NNW 12 53.3 68.4 15:50 35.2 07:41 12.1 0.4 0.00 2.0 14.5 14:43 ENE 13 57.0 73.8 16:42 38.1 07:44 9.6 1.6 0.00 1.3 10.7 12:20 ESE 14 63.7 81.9 16:53 45.7 02:44 6.4 5.1 0.00 1.8 13.6 11:27 S 15 69.9 86.0 16:27 53.4 07:56 2.6 7.5 0.00 2.6 20.6 15:37 S 16 71.6 84.9 15:58 57.7 07:35 1.2 7.9 0.00 3.8 19.0 18:34 S 17 66.5 77.2 15:56 55.8 23:18 1.3 2.8 0.00 1.9 15.9 01:23 SW 18 61.7 72.5 16:41 54.5 08:49 4.4 1.1 0.00 3.6 22.1 07:39 NNE 19 58.6 70.7 13:29 46.2 03:36 7.2 0.8 0.00 2.4 13.0 13:16 E 20 57.7 69.4 15:44 46.2 07:31 8.0 0.7 0.00 2.0 13.6 14:15 NE 21 61.6 72.3 13:22 52.3 01:00 4.9 1.5 0.00 4.2 23.5 13:28 SSE 22 52.3 66.6 06:18 44.4 08:27 13.0 0.2 0.00 4.2 19.7 07:59 NNE 23 48.9 55.0 14:00 44.1 08:42 16.1 0.0 0.37 2.3 26.6 23:49 NNE 24 45.4 54.9 16:40 37.2 07:08 19.6 0.0 0.01 6.1 28.2 10:50 NNW 25 43.5 56.7 15:40 27.9 06:49 21.5 0.0 0.00 3.9 21.3 11:24 N 26 45.5 61.7 16:21 27.7 07:20 19.5 0.0 0.00 1.1 10.7 14:24 E 27 57.6 73.4 16:24 38.5 07:12 9.2 1.8 0.00 2.9 20.6 13:21 S 28 63.2 72.3 11:58 50.7 07:10 4.1 2.4 0.00 2.8 15.2 17:19 SSE 29 69.1 82.0 15:33 61.0 07:24 1.0 5.0 0.00 3.3 17.4 22:59 S 30 68.6 81.3 14:59 54.9 05:35 2.6 6.2 0.81 1.9 17.4 01:37 SSW 31 67.1 77.2 14:51 55.6 23:55 1.4 3.5 0.00 2.2 19.0 07:32 NE ---------------------------------------------------------------------------------- 57.3 92.8 4 27.7 26 299.2 61.9 2.12 3.1 33.6 4 ENE Max >= 80.0: 6 Max <= 32.0: 0 Min <= 32.0: 6 Min <= 0.0: 0 Max Rain: 0.85 on day 9 Days of Rain: 6 (>= 0.01 in) 3 (>= 0.10 in) 0 (>= 1.00 in) Heat Base: 65.0 Cool Base: 65.0 Method: Integration