NOAA-Style Climate Reports
Select a Year or Month report
2024: Jan Feb Mar Apr May Jun Jul Aug Sep Oct Nov Dec
2023: Jan Feb Mar Apr May Jun Jul Aug Sep Oct Nov Dec
2022: Jan Feb Mar Apr May Jun Jul Aug Sep Oct Nov Dec
2021: Jan Feb Mar Apr May Jun Jul Aug Sep Oct Nov Dec
2020: Jan Feb Mar Apr May Jun Jul Aug Sep Oct Nov Dec
2019: Jan Feb Mar Apr May Jun Jul Aug Sep Oct Nov Dec
2018: Jan Feb Mar Apr May Jun Jul Aug Sep Oct Nov Dec
2017: Jan Feb Mar Apr May Jun Jul Aug Sep Oct Nov Dec
2016: Jan Feb Mar Apr May Jun Jul Aug Sep Oct Nov Dec
2015: Jan Feb Mar Apr May Jun Jul Aug Sep Oct Nov Dec
2014: Jan Feb Mar Apr May Jun Jul Aug Sep Oct Nov Dec
2013: Jan Feb Mar Apr May Jun Jul Aug Sep Oct Nov Dec
2012: Jan Feb Mar Apr May Jun Jul Aug Sep Oct Nov Dec
2024: Jan Feb Mar Apr May Jun Jul Aug Sep Oct Nov Dec
2023: Jan Feb Mar Apr May Jun Jul Aug Sep Oct Nov Dec
2022: Jan Feb Mar Apr May Jun Jul Aug Sep Oct Nov Dec
2021: Jan Feb Mar Apr May Jun Jul Aug Sep Oct Nov Dec
2020: Jan Feb Mar Apr May Jun Jul Aug Sep Oct Nov Dec
2019: Jan Feb Mar Apr May Jun Jul Aug Sep Oct Nov Dec
2018: Jan Feb Mar Apr May Jun Jul Aug Sep Oct Nov Dec
2017: Jan Feb Mar Apr May Jun Jul Aug Sep Oct Nov Dec
2016: Jan Feb Mar Apr May Jun Jul Aug Sep Oct Nov Dec
2015: Jan Feb Mar Apr May Jun Jul Aug Sep Oct Nov Dec
2014: Jan Feb Mar Apr May Jun Jul Aug Sep Oct Nov Dec
2013: Jan Feb Mar Apr May Jun Jul Aug Sep Oct Nov Dec
2012: Jan Feb Mar Apr May Jun Jul Aug Sep Oct Nov Dec
Report for 2013 April
Monthly Climatological Summary for Apr 2013 Name: Timber Creek City: Flower Mound State: Texas Elevation: 609 ft Lat: N 33° 03' 28" Lon: E 097° 03' 10" Temperature (°F), Rain (in), Wind Speed (mph) Heat Cool Avg Mean Deg Deg Wind Dom Day Temp High Time Low Time Days Days Rain Speed High Time Dir ---------------------------------------------------------------------------------- 1 67.6 84.6 16:28 48.0 07:27 4.6 7.2 0.00 1.2 9.8 14:31 SE 2 62.4 68.0 09:18 50.9 22:59 3.3 0.6 0.02 2.8 19.7 20:52 NE 3 47.5 54.0 00:57 42.4 23:48 17.5 0.0 0.47 3.5 16.8 19:51 NNE 4 45.7 51.6 15:11 39.2 05:07 19.3 0.0 0.02 2.6 13.0 11:57 NNW 5 56.8 73.8 16:20 38.3 06:14 9.8 1.7 0.00 1.4 10.7 18:54 S 6 66.9 79.2 16:07 56.3 06:35 2.8 4.7 0.00 3.3 21.3 13:12 S 7 67.9 74.5 18:17 61.2 04:12 0.7 3.5 0.00 3.4 21.3 13:44 SSE 8 71.9 79.0 13:17 65.8 02:57 0.0 6.9 0.04 4.0 25.9 15:55 S 9 75.2 83.5 17:42 69.1 03:17 0.0 10.2 0.04 4.0 25.1 11:22 SSE 10 46.1 74.1 01:29 39.0 13:53 19.6 0.7 0.35 4.4 19.7 12:33 NNW 11 50.5 68.4 18:21 38.8 07:29 14.7 0.2 0.00 2.3 19.0 03:32 N 12 62.1 82.2 16:48 41.0 06:13 7.7 4.8 0.00 1.0 12.1 17:23 E 13 67.7 81.9 15:45 49.6 06:48 3.6 6.3 0.00 1.8 15.2 13:44 SSE 14 71.8 86.5 16:25 56.8 05:51 1.5 8.3 0.00 2.6 19.0 11:59 S 15 78.7 91.4 16:27 68.5 06:20 0.0 13.7 0.00 3.2 19.0 11:29 S 16 79.4 91.8 16:07 71.1 06:34 0.0 14.4 0.00 3.2 19.0 09:24 SSE 17 78.8 89.8 14:51 72.5 05:07 0.0 13.8 0.00 3.9 24.4 20:13 S 18 55.0 77.2 00:07 44.2 23:52 11.8 1.8 0.73 4.7 24.4 04:28 N 19 51.4 69.1 17:25 35.4 06:45 13.9 0.4 0.00 2.0 15.2 09:18 NNW 20 59.5 75.0 15:57 39.9 06:51 8.2 2.7 0.00 1.9 15.9 16:09 SSE 21 62.2 75.4 16:37 49.5 06:26 5.2 2.5 0.00 1.6 15.9 12:34 SSE 22 68.4 82.9 16:38 51.8 06:51 3.8 7.1 0.00 2.2 19.7 12:08 S 23 53.7 69.3 00:00 40.3 23:36 11.7 0.4 0.06 3.6 17.4 04:12 NNW 24 48.1 55.6 12:28 36.3 06:55 16.9 0.0 0.02 5.1 17.4 00:59 N 25 54.5 54.5 00:00 54.5 00:00 10.5 0.0 0.02 6.0 9.8 00:00 N 26 54.5 54.5 00:00 54.5 00:00 10.5 0.0 0.02 6.0 9.8 00:00 N 27 54.5 54.5 00:00 54.5 00:00 10.5 0.0 0.02 6.0 9.8 00:00 N 28 55.9 77.0 20:20 34.3 19:20 10.3 1.1 0.02 5.1 9.8 00:00 N 29 76.5 90.9 16:19 59.0 06:31 0.7 12.2 0.00 1.4 13.0 13:10 S 30 74.5 87.1 16:28 59.7 06:44 0.5 10.0 0.00 1.8 13.6 18:07 SSE ---------------------------------------------------------------------------------- 62.2 91.8 16 34.3 28 219.6 135.2 1.83 3.2 25.9 8 NNE Max >= 80.0: 11 Max <= 32.0: 0 Min <= 32.0: 0 Min <= 0.0: 0 Max Rain: 0.73 on day 18 Days of Rain: 13 (>= 0.01 in) 3 (>= 0.10 in) 0 (>= 1.00 in) Heat Base: 65.0 Cool Base: 65.0 Method: Integration