NOAA-Style Climate Reports
Select a Year or Month report
2024: Jan Feb Mar Apr May Jun Jul Aug Sep Oct Nov Dec
2023: Jan Feb Mar Apr May Jun Jul Aug Sep Oct Nov Dec
2022: Jan Feb Mar Apr May Jun Jul Aug Sep Oct Nov Dec
2021: Jan Feb Mar Apr May Jun Jul Aug Sep Oct Nov Dec
2020: Jan Feb Mar Apr May Jun Jul Aug Sep Oct Nov Dec
2019: Jan Feb Mar Apr May Jun Jul Aug Sep Oct Nov Dec
2018: Jan Feb Mar Apr May Jun Jul Aug Sep Oct Nov Dec
2017: Jan Feb Mar Apr May Jun Jul Aug Sep Oct Nov Dec
2016: Jan Feb Mar Apr May Jun Jul Aug Sep Oct Nov Dec
2015: Jan Feb Mar Apr May Jun Jul Aug Sep Oct Nov Dec
2014: Jan Feb Mar Apr May Jun Jul Aug Sep Oct Nov Dec
2013: Jan Feb Mar Apr May Jun Jul Aug Sep Oct Nov Dec
2012: Jan Feb Mar Apr May Jun Jul Aug Sep Oct Nov Dec
2024: Jan Feb Mar Apr May Jun Jul Aug Sep Oct Nov Dec
2023: Jan Feb Mar Apr May Jun Jul Aug Sep Oct Nov Dec
2022: Jan Feb Mar Apr May Jun Jul Aug Sep Oct Nov Dec
2021: Jan Feb Mar Apr May Jun Jul Aug Sep Oct Nov Dec
2020: Jan Feb Mar Apr May Jun Jul Aug Sep Oct Nov Dec
2019: Jan Feb Mar Apr May Jun Jul Aug Sep Oct Nov Dec
2018: Jan Feb Mar Apr May Jun Jul Aug Sep Oct Nov Dec
2017: Jan Feb Mar Apr May Jun Jul Aug Sep Oct Nov Dec
2016: Jan Feb Mar Apr May Jun Jul Aug Sep Oct Nov Dec
2015: Jan Feb Mar Apr May Jun Jul Aug Sep Oct Nov Dec
2014: Jan Feb Mar Apr May Jun Jul Aug Sep Oct Nov Dec
2013: Jan Feb Mar Apr May Jun Jul Aug Sep Oct Nov Dec
2012: Jan Feb Mar Apr May Jun Jul Aug Sep Oct Nov Dec
Report for 2013 September
Monthly Climatological Summary for Sep 2013 Name: Timber Creek City: Flower Mound State: Texas Elevation: 609 ft Lat: N 33° 03' 28" Lon: E 097° 03' 10" Temperature (°F), Rain (in), Wind Speed (mph) Heat Cool Avg Mean Deg Deg Wind Dom Day Temp High Time Low Time Days Days Rain Speed High Time Dir ---------------------------------------------------------------------------------- 1 93.8 110.8 16:17 78.4 23:15 0.0 28.8 0.06 1.0 9.8 16:35 S 2 82.1 97.7 16:24 73.6 11:22 0.0 17.1 0.81 0.6 9.8 02:57 W 3 87.4 102.6 16:37 75.0 05:52 0.0 22.4 0.00 1.1 9.2 14:46 NNW 4 88.8 104.5 13:57 72.7 06:53 0.0 23.8 0.00 1.0 10.7 17:27 NE 5 89.2 103.8 14:41 75.4 06:59 0.0 24.2 0.00 0.7 9.2 11:37 ESE 6 90.7 105.6 15:40 74.5 07:14 0.0 25.7 0.00 0.7 9.2 17:38 SSE 7 90.6 104.4 16:11 78.6 06:57 0.0 25.7 0.00 1.0 13.0 21:37 S 8 87.5 100.6 14:57 71.4 07:20 0.0 22.5 0.00 1.0 13.0 14:15 SSE 9 87.3 100.8 15:32 71.6 06:49 0.0 22.3 0.00 1.3 12.1 14:09 S 10 85.3 98.1 14:11 74.7 06:25 0.0 20.3 0.00 1.4 15.2 01:24 SSE 11 85.6 101.5 16:23 70.9 06:36 0.0 20.6 0.00 0.9 13.0 17:16 SSE 12 88.0 103.6 16:35 72.9 07:07 0.0 23.0 0.00 0.7 8.3 21:19 SSW 13 87.8 102.2 14:24 77.9 06:38 0.0 22.8 0.00 1.1 9.2 18:45 NE 14 85.7 97.0 16:11 76.3 07:11 0.0 20.6 0.00 1.7 12.1 11:15 ESE 15 87.5 100.0 16:19 76.1 07:08 0.0 22.5 0.00 1.5 9.8 13:59 SSE 16 86.0 90.3 09:00 73.6 07:31 0.0 21.0 0.00 1.0 4.5 00:25 SE 17 90.3 90.3 00:00 90.3 00:00 0.0 25.3 0.00 1.6 3.1 00:00 SE 18 90.3 90.3 00:00 90.3 00:00 0.0 25.3 0.00 1.6 3.1 00:00 SE 19 86.4 90.3 00:00 70.2 22:32 0.0 24.4 0.59 1.5 6.9 21:33 SSE 20 72.2 76.1 15:07 68.4 23:51 0.0 7.2 0.65 2.3 14.5 22:10 N 21 71.9 87.3 16:38 60.8 07:29 0.6 7.5 0.00 2.5 14.5 10:54 N 22 71.2 87.6 16:26 55.2 06:26 2.6 8.7 0.00 0.7 9.8 15:52 ESE 23 72.2 90.0 14:58 55.0 06:10 2.5 9.6 0.00 0.9 12.1 10:38 SSE 24 79.0 96.8 15:21 62.8 07:24 0.2 14.2 0.00 1.1 12.1 15:33 NNW 25 78.0 99.9 15:38 56.7 07:10 1.5 14.5 0.00 0.4 6.9 14:56 S 26 82.8 98.4 15:13 68.0 07:23 0.0 17.8 0.00 1.0 13.0 17:48 S 27 81.7 92.5 16:45 71.8 05:39 0.0 16.8 0.00 1.8 13.0 16:17 SSE 28 76.3 88.2 13:00 66.7 23:58 0.0 11.3 0.70 2.4 13.6 00:48 NW 29 71.7 85.8 16:22 61.2 07:25 0.5 7.1 0.00 1.9 12.1 13:47 NNW 30 73.8 91.6 16:44 54.5 07:11 2.4 11.2 0.00 0.5 12.1 15:16 S ---------------------------------------------------------------------------------- 83.4 110.8 1 54.5 30 10.3 564.2 2.81 1.2 15.2 10 SE Max >= 80.0: 29 Max <= 32.0: 0 Min <= 32.0: 0 Min <= 0.0: 0 Max Rain: 0.81 on day 2 Days of Rain: 5 (>= 0.01 in) 4 (>= 0.10 in) 0 (>= 1.00 in) Heat Base: 65.0 Cool Base: 65.0 Method: Integration