NOAA-Style Climate Reports
Select a Year or Month report
2024: Jan Feb Mar Apr May Jun Jul Aug Sep Oct Nov Dec
2023: Jan Feb Mar Apr May Jun Jul Aug Sep Oct Nov Dec
2022: Jan Feb Mar Apr May Jun Jul Aug Sep Oct Nov Dec
2021: Jan Feb Mar Apr May Jun Jul Aug Sep Oct Nov Dec
2020: Jan Feb Mar Apr May Jun Jul Aug Sep Oct Nov Dec
2019: Jan Feb Mar Apr May Jun Jul Aug Sep Oct Nov Dec
2018: Jan Feb Mar Apr May Jun Jul Aug Sep Oct Nov Dec
2017: Jan Feb Mar Apr May Jun Jul Aug Sep Oct Nov Dec
2016: Jan Feb Mar Apr May Jun Jul Aug Sep Oct Nov Dec
2015: Jan Feb Mar Apr May Jun Jul Aug Sep Oct Nov Dec
2014: Jan Feb Mar Apr May Jun Jul Aug Sep Oct Nov Dec
2013: Jan Feb Mar Apr May Jun Jul Aug Sep Oct Nov Dec
2012: Jan Feb Mar Apr May Jun Jul Aug Sep Oct Nov Dec
2024: Jan Feb Mar Apr May Jun Jul Aug Sep Oct Nov Dec
2023: Jan Feb Mar Apr May Jun Jul Aug Sep Oct Nov Dec
2022: Jan Feb Mar Apr May Jun Jul Aug Sep Oct Nov Dec
2021: Jan Feb Mar Apr May Jun Jul Aug Sep Oct Nov Dec
2020: Jan Feb Mar Apr May Jun Jul Aug Sep Oct Nov Dec
2019: Jan Feb Mar Apr May Jun Jul Aug Sep Oct Nov Dec
2018: Jan Feb Mar Apr May Jun Jul Aug Sep Oct Nov Dec
2017: Jan Feb Mar Apr May Jun Jul Aug Sep Oct Nov Dec
2016: Jan Feb Mar Apr May Jun Jul Aug Sep Oct Nov Dec
2015: Jan Feb Mar Apr May Jun Jul Aug Sep Oct Nov Dec
2014: Jan Feb Mar Apr May Jun Jul Aug Sep Oct Nov Dec
2013: Jan Feb Mar Apr May Jun Jul Aug Sep Oct Nov Dec
2012: Jan Feb Mar Apr May Jun Jul Aug Sep Oct Nov Dec
Report for 2013 November
Monthly Climatological Summary for Nov 2013 Name: Timber Creek City: Flower Mound State: Texas Elevation: 609 ft Lat: N 33° 03' 28" Lon: E 097° 03' 10" Temperature (°F), Rain (in), Wind Speed (mph) Heat Cool Avg Mean Deg Deg Wind Dom Day Temp High Time Low Time Days Days Rain Speed High Time Dir ---------------------------------------------------------------------------------- 1 62.1 83.1 14:52 45.9 07:22 6.7 3.9 0.00 1.2 13.6 23:08 NW 2 57.0 71.4 15:24 44.6 23:35 8.9 0.9 0.00 1.9 15.9 14:15 NNW 3 55.9 70.7 14:32 41.0 06:48 10.0 0.5 0.00 1.6 15.9 14:46 SSE 4 58.2 60.3 23:59 56.1 08:31 6.8 0.0 0.63 1.6 13.0 02:50 SSE 5 65.0 69.8 23:54 58.1 00:30 1.5 1.6 0.22 1.6 11.4 10:25 SSE 6 55.0 70.2 01:19 42.1 23:56 10.7 0.7 0.11 3.0 19.0 09:27 NNW 7 50.0 70.0 13:48 35.6 05:41 15.4 0.4 0.00 0.4 9.2 12:35 NNW 8 55.6 70.2 11:23 40.6 06:56 9.6 0.2 0.00 1.1 11.4 12:43 S 9 61.8 73.9 13:40 55.6 06:53 4.4 1.2 0.00 1.6 13.6 13:43 SSE 10 58.9 68.0 15:23 48.7 23:08 6.3 0.2 0.00 0.5 6.0 00:22 SSE 11 61.0 80.4 15:29 44.4 06:39 7.5 3.5 0.00 0.3 7.6 10:45 SSW 12 54.6 64.4 02:28 45.0 23:48 10.4 0.0 0.01 0.0 0.0 00:00 E 13 48.8 63.1 15:19 39.4 04:53 16.2 0.0 0.01 0.0 0.0 00:00 E 14 53.9 64.0 14:44 40.6 02:13 11.1 0.0 0.01 0.0 0.0 00:00 E 15 63.8 77.7 14:33 51.3 06:40 3.6 2.4 -0.04 1.1 13.0 09:51 S 16 69.9 81.5 15:08 62.2 02:50 0.5 5.5 0.00 2.4 18.3 11:30 S 17 75.2 91.6 14:23 61.0 23:56 0.3 10.5 0.00 2.0 14.5 02:56 W 18 62.9 75.6 13:23 53.1 06:58 3.9 1.8 0.00 1.4 9.8 08:56 NNE 19 62.0 72.7 14:52 55.4 23:28 4.1 1.1 0.00 2.0 13.0 09:15 SE 20 58.4 66.9 15:22 48.4 06:07 6.7 0.1 0.00 2.1 13.0 14:09 SSE 21 62.6 75.6 13:51 39.4 23:53 5.1 2.6 0.51 2.3 25.9 22:08 ENE 22 35.3 39.4 00:00 33.4 13:37 29.7 0.0 0.21 5.5 22.8 01:39 NNW 23 45.1 64.0 13:17 34.7 03:14 20.0 0.0 0.00 3.9 15.9 02:28 N 24 59.7 66.9 11:17 48.6 02:17 5.4 0.1 0.00 2.2 9.8 00:17 SSE 25 58.6 75.2 09:47 36.5 22:47 9.1 2.7 0.51 3.3 18.3 17:47 NNW 26 34.8 38.1 23:39 33.4 09:47 30.0 0.0 0.21 5.4 20.6 04:47 N 27 36.4 51.1 14:47 28.0 22:32 28.6 0.0 0.00 2.0 13.0 00:17 NNW 28 38.6 59.7 14:24 24.4 05:41 26.4 0.0 0.00 0.6 9.8 12:44 S 29 43.9 63.0 14:41 25.3 06:10 21.1 0.0 0.00 0.9 13.6 13:40 S 30 53.8 70.7 13:15 37.8 04:13 11.9 0.7 0.00 1.3 15.9 13:59 S ---------------------------------------------------------------------------------- 55.3 91.6 17 24.4 28 331.9 40.6 2.39 1.5 25.9 21 N Max >= 80.0: 4 Max <= 32.0: 0 Min <= 32.0: 3 Min <= 0.0: 0 Max Rain: 0.63 on day 4 Days of Rain: 10 (>= 0.01 in) 7 (>= 0.10 in) 0 (>= 1.00 in) Heat Base: 65.0 Cool Base: 65.0 Method: Integration