NOAA-Style Climate Reports
Select a Year or Month report
2024: Jan Feb Mar Apr May Jun Jul Aug Sep Oct Nov Dec
2023: Jan Feb Mar Apr May Jun Jul Aug Sep Oct Nov Dec
2022: Jan Feb Mar Apr May Jun Jul Aug Sep Oct Nov Dec
2021: Jan Feb Mar Apr May Jun Jul Aug Sep Oct Nov Dec
2020: Jan Feb Mar Apr May Jun Jul Aug Sep Oct Nov Dec
2019: Jan Feb Mar Apr May Jun Jul Aug Sep Oct Nov Dec
2018: Jan Feb Mar Apr May Jun Jul Aug Sep Oct Nov Dec
2017: Jan Feb Mar Apr May Jun Jul Aug Sep Oct Nov Dec
2016: Jan Feb Mar Apr May Jun Jul Aug Sep Oct Nov Dec
2015: Jan Feb Mar Apr May Jun Jul Aug Sep Oct Nov Dec
2014: Jan Feb Mar Apr May Jun Jul Aug Sep Oct Nov Dec
2013: Jan Feb Mar Apr May Jun Jul Aug Sep Oct Nov Dec
2012: Jan Feb Mar Apr May Jun Jul Aug Sep Oct Nov Dec
2024: Jan Feb Mar Apr May Jun Jul Aug Sep Oct Nov Dec
2023: Jan Feb Mar Apr May Jun Jul Aug Sep Oct Nov Dec
2022: Jan Feb Mar Apr May Jun Jul Aug Sep Oct Nov Dec
2021: Jan Feb Mar Apr May Jun Jul Aug Sep Oct Nov Dec
2020: Jan Feb Mar Apr May Jun Jul Aug Sep Oct Nov Dec
2019: Jan Feb Mar Apr May Jun Jul Aug Sep Oct Nov Dec
2018: Jan Feb Mar Apr May Jun Jul Aug Sep Oct Nov Dec
2017: Jan Feb Mar Apr May Jun Jul Aug Sep Oct Nov Dec
2016: Jan Feb Mar Apr May Jun Jul Aug Sep Oct Nov Dec
2015: Jan Feb Mar Apr May Jun Jul Aug Sep Oct Nov Dec
2014: Jan Feb Mar Apr May Jun Jul Aug Sep Oct Nov Dec
2013: Jan Feb Mar Apr May Jun Jul Aug Sep Oct Nov Dec
2012: Jan Feb Mar Apr May Jun Jul Aug Sep Oct Nov Dec
Report for 2014 June
Monthly Climatological Summary for Jun 2014 Name: Timber Creek City: Flower Mound State: Texas Elevation: 609 ft Lat: N 33° 03' 28" Lon: E 097° 03' 10" Temperature (°F), Rain (in), Wind Speed (mph) Heat Cool Avg Mean Deg Deg Wind Dom Day Temp High Time Low Time Days Days Rain Speed High Time Dir ---------------------------------------------------------------------------------- 1 72.1 72.1 00:00 72.1 00:00 0.0 7.1 0.00 0.7 2.2 00:00 NE 2 72.1 72.1 00:00 72.1 00:00 0.0 7.1 0.00 0.7 2.2 00:00 NE 3 72.1 72.1 00:00 72.1 00:00 0.0 7.1 0.00 0.7 2.2 00:00 NE 4 81.5 95.7 16:35 36.0 11:45 11.6 16.6 12.32 1.9 16.8 17:10 N 5 85.0 94.8 17:30 74.8 06:16 0.0 20.0 0.00 2.2 16.8 15:39 S 6 85.2 96.3 17:43 75.9 06:18 0.0 20.2 0.00 1.8 14.5 17:20 S 7 88.1 100.9 17:22 76.6 06:42 0.0 23.1 0.00 2.0 15.9 06:15 SSW 8 81.7 94.8 18:44 68.7 07:43 0.0 16.7 0.25 1.2 12.1 06:25 SSW 9 74.5 86.4 18:13 63.0 08:06 0.2 9.7 0.47 1.3 25.1 05:16 WSW 10 76.6 89.6 18:19 64.9 06:13 0.0 11.6 0.00 2.2 18.3 11:41 NW 11 82.7 99.1 16:59 62.4 06:16 0.2 18.0 0.00 1.3 11.4 09:32 SSW 12 78.9 88.3 15:09 67.5 09:20 0.0 13.9 0.15 1.8 14.5 09:21 E 13 82.6 95.2 16:54 72.0 05:14 0.0 17.6 0.00 1.6 9.8 07:34 ENE 14 84.4 93.9 16:38 75.4 05:25 0.0 19.4 0.00 2.3 19.7 18:44 S 15 85.9 95.9 16:28 75.9 06:20 0.0 20.9 0.00 3.1 27.3 13:12 S 16 86.7 98.1 15:48 76.5 06:34 0.0 21.7 0.00 3.0 20.6 16:36 S 17 87.1 98.2 17:22 77.9 04:47 0.0 22.1 0.00 3.1 19.7 12:59 S 18 85.5 99.3 16:51 76.3 20:40 0.0 20.5 0.15 2.7 19.0 02:36 S 19 85.5 100.4 17:13 75.9 06:07 0.0 20.5 0.01 2.1 15.2 03:46 S 20 87.3 100.2 16:56 75.4 06:16 0.0 22.4 0.00 1.2 10.7 08:33 SSW 21 85.2 95.4 14:45 77.9 06:00 0.0 20.2 0.00 1.1 10.7 12:51 SSW 22 76.0 86.9 17:48 63.5 12:19 0.0 11.0 0.40 1.0 12.1 04:31 S 23 78.6 94.1 18:48 59.9 06:39 0.0 13.5 0.72 1.2 25.9 06:35 NW 24 79.4 97.9 15:24 61.2 22:45 0.0 14.7 0.12 0.8 20.6 17:39 SSE 25 75.6 91.6 12:40 68.9 02:15 0.0 10.6 0.41 0.7 11.4 14:52 S 26 81.5 94.3 17:55 70.9 03:22 0.0 16.5 0.00 1.8 13.6 09:23 S 27 82.8 95.0 16:51 73.2 04:07 0.0 17.7 0.00 2.8 18.3 14:19 S 28 84.3 93.7 16:30 77.2 06:18 0.0 19.3 0.00 2.7 20.6 17:18 S 29 87.9 97.7 16:34 78.6 06:09 0.0 22.9 0.00 2.6 19.7 17:55 S 30 87.6 99.0 17:23 76.6 06:08 0.0 22.6 0.00 3.1 19.7 17:25 SSW ---------------------------------------------------------------------------------- 81.8 100.9 7 36.0 4 12.0 505.2 15.00 1.8 27.3 15 S Max >= 80.0: 27 Max <= 32.0: 0 Min <= 32.0: 0 Min <= 0.0: 0 Max Rain: 12.32 on day 4 Days of Rain: 10 (>= 0.01 in) 9 (>= 0.10 in) 1 (>= 1.00 in) Heat Base: 65.0 Cool Base: 65.0 Method: Integration