NOAA-Style Climate Reports
Select a Year or Month report
2024: Jan Feb Mar Apr May Jun Jul Aug Sep Oct Nov Dec
2023: Jan Feb Mar Apr May Jun Jul Aug Sep Oct Nov Dec
2022: Jan Feb Mar Apr May Jun Jul Aug Sep Oct Nov Dec
2021: Jan Feb Mar Apr May Jun Jul Aug Sep Oct Nov Dec
2020: Jan Feb Mar Apr May Jun Jul Aug Sep Oct Nov Dec
2019: Jan Feb Mar Apr May Jun Jul Aug Sep Oct Nov Dec
2018: Jan Feb Mar Apr May Jun Jul Aug Sep Oct Nov Dec
2017: Jan Feb Mar Apr May Jun Jul Aug Sep Oct Nov Dec
2016: Jan Feb Mar Apr May Jun Jul Aug Sep Oct Nov Dec
2015: Jan Feb Mar Apr May Jun Jul Aug Sep Oct Nov Dec
2014: Jan Feb Mar Apr May Jun Jul Aug Sep Oct Nov Dec
2013: Jan Feb Mar Apr May Jun Jul Aug Sep Oct Nov Dec
2012: Jan Feb Mar Apr May Jun Jul Aug Sep Oct Nov Dec
2024: Jan Feb Mar Apr May Jun Jul Aug Sep Oct Nov Dec
2023: Jan Feb Mar Apr May Jun Jul Aug Sep Oct Nov Dec
2022: Jan Feb Mar Apr May Jun Jul Aug Sep Oct Nov Dec
2021: Jan Feb Mar Apr May Jun Jul Aug Sep Oct Nov Dec
2020: Jan Feb Mar Apr May Jun Jul Aug Sep Oct Nov Dec
2019: Jan Feb Mar Apr May Jun Jul Aug Sep Oct Nov Dec
2018: Jan Feb Mar Apr May Jun Jul Aug Sep Oct Nov Dec
2017: Jan Feb Mar Apr May Jun Jul Aug Sep Oct Nov Dec
2016: Jan Feb Mar Apr May Jun Jul Aug Sep Oct Nov Dec
2015: Jan Feb Mar Apr May Jun Jul Aug Sep Oct Nov Dec
2014: Jan Feb Mar Apr May Jun Jul Aug Sep Oct Nov Dec
2013: Jan Feb Mar Apr May Jun Jul Aug Sep Oct Nov Dec
2012: Jan Feb Mar Apr May Jun Jul Aug Sep Oct Nov Dec
Report for 2014 September
Monthly Climatological Summary for Sep 2014 Name: Timber Creek City: Flower Mound State: Texas Elevation: 609 ft Lat: N 33° 03' 28" Lon: E 097° 03' 10" Temperature (°F), Rain (in), Wind Speed (mph) Heat Cool Avg Mean Deg Deg Wind Dom Day Temp High Time Low Time Days Days Rain Speed High Time Dir ---------------------------------------------------------------------------------- 1 87.8 99.3 15:58 77.5 06:16 0.0 22.8 0.00 2.7 16.8 11:24 S 2 89.1 100.2 17:08 78.3 07:08 0.0 24.1 0.00 2.2 13.0 02:18 S 3 88.4 99.7 15:40 77.5 06:47 0.0 23.4 0.00 2.1 16.8 17:32 S 4 89.1 100.8 16:43 77.5 07:24 0.0 24.1 0.00 1.8 15.2 00:13 S 5 88.2 101.1 15:46 74.5 06:44 0.0 23.2 0.00 1.0 13.6 11:44 S 6 83.8 97.3 13:53 73.2 23:57 0.0 18.8 0.00 2.0 19.7 17:43 N 7 78.9 91.4 15:48 70.5 06:45 0.0 13.9 0.00 1.7 12.1 01:15 NNE 8 85.7 100.0 15:32 72.1 06:53 0.0 20.7 0.00 1.0 10.7 11:45 S 9 89.3 101.7 15:31 78.3 07:13 0.0 24.3 0.00 1.8 16.8 18:51 S 10 91.2 105.1 16:09 79.7 06:54 0.0 26.2 0.00 2.5 17.4 15:51 S 11 78.9 86.4 00:00 72.1 23:17 0.0 13.9 0.00 2.6 14.5 09:57 NNE 12 66.2 72.3 10:26 59.2 21:10 1.3 2.4 0.06 3.5 17.4 15:57 NNE 13 55.9 60.1 00:00 55.0 06:13 9.1 0.0 0.01 4.5 18.3 00:23 NNE 14 55.0 55.0 00:00 55.0 00:00 10.0 0.0 0.00 4.5 6.9 00:00 NE 15 55.0 55.0 00:00 55.0 00:00 10.0 0.0 0.00 4.5 6.9 00:00 NE 16 55.0 55.0 00:00 55.0 00:00 10.0 0.0 0.00 4.5 6.9 00:00 NE 17 55.0 55.0 00:00 55.0 00:00 10.0 0.0 0.00 4.5 6.9 00:00 NE 18 55.0 55.0 00:00 55.0 00:00 10.0 0.0 0.00 4.5 6.9 00:00 NE 19 55.0 55.0 00:00 55.0 00:00 10.0 0.0 0.00 4.5 6.9 00:00 NE 20 55.0 55.0 00:00 55.0 00:00 10.0 0.0 0.00 4.5 6.9 00:00 NE 21 55.0 55.0 00:00 55.0 00:00 10.0 0.0 0.00 4.5 6.9 00:00 NE 22 55.0 55.0 00:00 55.0 00:00 10.0 0.0 0.00 4.5 6.9 00:00 NE 23 59.6 82.8 18:26 55.0 00:00 7.7 2.1 0.00 3.5 6.9 00:00 NE 24 72.7 91.4 16:35 54.5 07:16 2.3 9.9 0.00 0.7 10.7 11:32 SE 25 75.3 92.1 16:13 58.6 07:27 1.4 11.7 0.00 0.5 10.7 15:55 SE 26 76.2 92.1 14:09 61.5 07:21 0.4 11.6 0.00 0.6 10.7 14:14 ESE 27 77.2 93.4 14:50 63.1 06:42 0.1 12.3 0.00 0.8 9.8 12:08 SE 28 75.7 90.5 12:07 64.4 06:42 0.0 10.7 0.00 0.5 7.6 15:44 NE 29 77.3 93.6 16:16 63.0 07:16 0.2 12.6 0.00 0.7 9.2 11:32 ENE 30 80.5 94.3 16:41 66.7 07:16 0.0 15.5 0.00 1.0 9.8 15:45 S ---------------------------------------------------------------------------------- 72.1 105.1 10 54.5 24 112.5 324.2 0.07 2.6 19.7 6 NE Max >= 80.0: 19 Max <= 32.0: 0 Min <= 32.0: 0 Min <= 0.0: 0 Max Rain: 0.06 on day 12 Days of Rain: 2 (>= 0.01 in) 0 (>= 0.10 in) 0 (>= 1.00 in) Heat Base: 65.0 Cool Base: 65.0 Method: Integration