NOAA-Style Climate Reports
Select a Year or Month report
2024: Jan Feb Mar Apr May Jun Jul Aug Sep Oct Nov Dec
2023: Jan Feb Mar Apr May Jun Jul Aug Sep Oct Nov Dec
2022: Jan Feb Mar Apr May Jun Jul Aug Sep Oct Nov Dec
2021: Jan Feb Mar Apr May Jun Jul Aug Sep Oct Nov Dec
2020: Jan Feb Mar Apr May Jun Jul Aug Sep Oct Nov Dec
2019: Jan Feb Mar Apr May Jun Jul Aug Sep Oct Nov Dec
2018: Jan Feb Mar Apr May Jun Jul Aug Sep Oct Nov Dec
2017: Jan Feb Mar Apr May Jun Jul Aug Sep Oct Nov Dec
2016: Jan Feb Mar Apr May Jun Jul Aug Sep Oct Nov Dec
2015: Jan Feb Mar Apr May Jun Jul Aug Sep Oct Nov Dec
2014: Jan Feb Mar Apr May Jun Jul Aug Sep Oct Nov Dec
2013: Jan Feb Mar Apr May Jun Jul Aug Sep Oct Nov Dec
2012: Jan Feb Mar Apr May Jun Jul Aug Sep Oct Nov Dec
2024: Jan Feb Mar Apr May Jun Jul Aug Sep Oct Nov Dec
2023: Jan Feb Mar Apr May Jun Jul Aug Sep Oct Nov Dec
2022: Jan Feb Mar Apr May Jun Jul Aug Sep Oct Nov Dec
2021: Jan Feb Mar Apr May Jun Jul Aug Sep Oct Nov Dec
2020: Jan Feb Mar Apr May Jun Jul Aug Sep Oct Nov Dec
2019: Jan Feb Mar Apr May Jun Jul Aug Sep Oct Nov Dec
2018: Jan Feb Mar Apr May Jun Jul Aug Sep Oct Nov Dec
2017: Jan Feb Mar Apr May Jun Jul Aug Sep Oct Nov Dec
2016: Jan Feb Mar Apr May Jun Jul Aug Sep Oct Nov Dec
2015: Jan Feb Mar Apr May Jun Jul Aug Sep Oct Nov Dec
2014: Jan Feb Mar Apr May Jun Jul Aug Sep Oct Nov Dec
2013: Jan Feb Mar Apr May Jun Jul Aug Sep Oct Nov Dec
2012: Jan Feb Mar Apr May Jun Jul Aug Sep Oct Nov Dec
Report for 2015 June
Monthly Climatological Summary for Jun 2015 Name: Timber Creek City: Flower Mound State: Texas Elevation: 609 ft Lat: N 33° 03' 28" Lon: E 097° 03' 10" Temperature (°F), Rain (in), Wind Speed (mph) Heat Cool Avg Mean Deg Deg Wind Dom Day Temp High Time Low Time Days Days Rain Speed High Time Dir ---------------------------------------------------------------------------------- 1 75.0 91.6 18:21 57.9 06:08 1.3 11.3 0.00 0.5 8.3 15:28 NNE 2 79.7 93.0 14:27 65.3 06:15 0.0 14.7 0.00 1.1 10.7 14:13 SSE 3 83.1 95.2 15:42 70.3 06:12 0.0 18.1 0.00 1.2 11.4 12:57 S 4 83.8 95.4 17:27 70.7 05:07 0.0 18.8 0.00 0.5 10.7 11:08 S 5 84.1 97.7 17:21 69.1 06:08 0.0 19.1 0.00 0.3 9.2 12:24 S 6 85.7 99.3 17:52 70.7 06:15 0.0 20.8 0.00 0.1 7.6 12:55 S 7 86.2 98.1 17:18 71.1 06:12 0.0 21.2 0.00 0.5 11.4 16:08 S 8 87.9 101.1 18:26 73.9 06:25 0.0 22.9 0.00 0.2 9.8 10:13 SW 9 89.1 101.1 15:07 73.9 06:20 0.0 24.1 0.00 0.2 9.8 14:17 NNW 10 89.5 103.8 17:08 72.7 05:57 0.0 24.4 0.00 0.3 13.0 17:24 S 11 88.1 97.2 16:38 76.5 06:30 0.0 23.1 0.00 1.4 15.2 21:08 SSE 12 87.3 97.9 17:09 77.5 06:34 0.0 22.3 0.00 1.8 14.5 02:13 S 13 84.3 96.4 16:18 71.6 07:25 0.0 19.3 0.06 1.1 13.0 23:24 S 14 81.9 92.5 12:45 76.6 06:19 0.0 16.9 0.15 1.8 15.2 16:46 S 15 84.0 94.6 17:35 76.5 05:34 0.0 19.0 0.02 1.2 11.4 14:44 SSE 16 78.6 88.7 12:58 75.0 08:30 0.0 13.6 0.34 0.2 11.4 14:29 ESE 17 74.1 84.2 07:22 61.3 12:58 0.0 9.1 1.81 2.7 24.4 21:25 SE 18 85.5 98.6 19:21 73.4 00:00 0.0 20.5 0.00 1.3 17.4 03:10 WSW 19 86.6 99.5 16:52 73.4 05:32 0.0 21.6 0.00 0.5 9.2 16:53 S 20 84.6 84.6 00:00 84.6 00:00 0.0 19.6 0.00 2.2 5.4 00:00 S 21 82.8 84.6 00:00 36.0 20:00 11.6 14.5 0.00 1.8 8.5 19:58 N 22 84.8 96.4 16:26 73.9 06:23 0.0 19.8 0.00 1.2 15.2 13:20 SSW 23 87.2 99.3 16:12 73.4 06:23 0.0 22.3 0.00 0.3 9.2 17:36 SSW 24 88.8 99.5 14:57 75.7 06:25 0.0 23.8 0.00 0.4 9.8 18:36 SSW 25 89.0 100.9 17:09 77.4 05:33 0.0 24.1 0.00 0.4 10.7 12:41 SSW 26 86.8 100.8 16:42 70.0 20:23 0.0 21.7 0.26 0.7 17.4 19:09 SSW 27 82.6 91.6 15:34 73.8 00:00 0.0 17.6 0.15 1.5 13.0 01:24 N 28 83.8 99.9 18:30 68.2 06:09 0.0 18.8 0.00 0.3 6.0 12:39 W 29 87.6 102.9 18:18 73.2 00:44 0.0 22.6 0.00 0.5 11.4 21:23 SW 30 86.3 102.9 18:44 68.0 22:23 0.0 21.3 0.78 1.0 13.6 02:37 SSW ---------------------------------------------------------------------------------- 84.6 103.8 10 36.0 21 12.9 586.9 3.57 0.9 24.4 17 S Max >= 80.0: 30 Max <= 32.0: 0 Min <= 32.0: 0 Min <= 0.0: 0 Max Rain: 1.81 on day 17 Days of Rain: 8 (>= 0.01 in) 6 (>= 0.10 in) 1 (>= 1.00 in) Heat Base: 65.0 Cool Base: 65.0 Method: Integration