NOAA-Style Climate Reports
Select a Year or Month report
2024: Jan Feb Mar Apr May Jun Jul Aug Sep Oct Nov Dec
2023: Jan Feb Mar Apr May Jun Jul Aug Sep Oct Nov Dec
2022: Jan Feb Mar Apr May Jun Jul Aug Sep Oct Nov Dec
2021: Jan Feb Mar Apr May Jun Jul Aug Sep Oct Nov Dec
2020: Jan Feb Mar Apr May Jun Jul Aug Sep Oct Nov Dec
2019: Jan Feb Mar Apr May Jun Jul Aug Sep Oct Nov Dec
2018: Jan Feb Mar Apr May Jun Jul Aug Sep Oct Nov Dec
2017: Jan Feb Mar Apr May Jun Jul Aug Sep Oct Nov Dec
2016: Jan Feb Mar Apr May Jun Jul Aug Sep Oct Nov Dec
2015: Jan Feb Mar Apr May Jun Jul Aug Sep Oct Nov Dec
2014: Jan Feb Mar Apr May Jun Jul Aug Sep Oct Nov Dec
2013: Jan Feb Mar Apr May Jun Jul Aug Sep Oct Nov Dec
2012: Jan Feb Mar Apr May Jun Jul Aug Sep Oct Nov Dec
2024: Jan Feb Mar Apr May Jun Jul Aug Sep Oct Nov Dec
2023: Jan Feb Mar Apr May Jun Jul Aug Sep Oct Nov Dec
2022: Jan Feb Mar Apr May Jun Jul Aug Sep Oct Nov Dec
2021: Jan Feb Mar Apr May Jun Jul Aug Sep Oct Nov Dec
2020: Jan Feb Mar Apr May Jun Jul Aug Sep Oct Nov Dec
2019: Jan Feb Mar Apr May Jun Jul Aug Sep Oct Nov Dec
2018: Jan Feb Mar Apr May Jun Jul Aug Sep Oct Nov Dec
2017: Jan Feb Mar Apr May Jun Jul Aug Sep Oct Nov Dec
2016: Jan Feb Mar Apr May Jun Jul Aug Sep Oct Nov Dec
2015: Jan Feb Mar Apr May Jun Jul Aug Sep Oct Nov Dec
2014: Jan Feb Mar Apr May Jun Jul Aug Sep Oct Nov Dec
2013: Jan Feb Mar Apr May Jun Jul Aug Sep Oct Nov Dec
2012: Jan Feb Mar Apr May Jun Jul Aug Sep Oct Nov Dec
Report for 2015 September
Monthly Climatological Summary for Sep 2015 Name: Timber Creek City: Flower Mound State: Texas Elevation: 609 ft Lat: N 33° 03' 28" Lon: E 097° 03' 10" Temperature (°F), Rain (in), Wind Speed (mph) Heat Cool Avg Mean Deg Deg Wind Dom Day Temp High Time Low Time Days Days Rain Speed High Time Dir ---------------------------------------------------------------------------------- 1 87.1 100.2 15:15 73.9 07:20 0.0 22.1 0.00 1.1 10.7 13:24 SSE 2 86.0 100.0 15:50 72.5 07:07 0.0 21.0 0.00 1.0 11.4 14:39 S 3 86.5 100.9 16:21 72.5 06:37 0.0 21.5 0.00 0.8 12.1 13:56 SSE 4 88.3 100.9 16:07 76.8 06:55 0.0 23.3 0.00 0.8 9.2 12:19 SSE 5 88.9 101.1 13:38 77.7 07:13 0.0 23.9 0.00 0.6 10.7 12:45 S 6 90.0 105.6 16:14 78.1 06:21 0.0 25.0 0.00 0.6 9.8 14:47 S 7 91.8 106.2 15:36 77.5 06:38 0.0 26.8 0.00 0.5 9.2 14:53 S 8 91.1 105.3 15:52 79.5 07:08 0.0 26.1 0.00 0.9 10.7 12:40 S 9 81.0 95.0 14:32 73.4 04:32 0.0 16.0 0.47 0.6 13.0 03:11 N 10 84.3 97.3 15:55 71.4 06:55 0.0 19.3 0.00 0.6 9.2 14:35 NE 11 82.6 97.5 15:07 72.0 04:41 0.0 17.6 0.00 1.6 13.6 17:32 NNE 12 76.5 89.6 15:50 66.4 07:12 0.0 11.5 0.00 1.5 12.1 01:23 NNE 13 78.1 95.4 15:36 61.9 05:28 0.4 13.5 0.00 1.0 13.6 16:27 S 14 82.6 94.5 15:55 67.3 07:07 0.0 17.6 0.00 2.4 14.5 13:07 SSE 15 87.6 87.6 00:00 87.6 00:00 0.0 22.6 0.00 3.8 7.6 00:00 SE 16 87.6 87.6 00:00 87.6 00:00 0.0 22.6 0.00 3.8 7.6 00:00 SE 17 87.6 87.6 00:00 87.6 00:00 0.0 22.6 0.00 3.8 7.6 00:00 SE 18 87.6 87.6 00:00 87.6 00:00 0.0 22.6 0.00 3.8 7.6 00:00 SE 19 82.6 88.2 16:31 72.3 12:36 0.0 19.1 0.30 2.2 8.3 16:32 ESE 20 76.7 93.4 12:14 70.2 06:30 0.0 11.7 0.00 1.0 13.0 14:21 NNE 21 81.0 99.3 16:07 65.8 07:28 0.0 16.0 0.00 0.3 7.6 10:39 SSE 22 85.0 99.9 14:55 71.8 05:42 0.0 20.0 0.00 0.5 9.2 15:45 SSE 23 82.9 97.5 14:42 68.0 07:16 0.0 17.9 0.00 0.8 9.2 09:35 SE 24 80.3 97.9 13:59 64.8 07:11 0.0 15.3 0.00 0.3 6.9 12:26 N 25 82.0 96.8 14:27 67.8 06:43 0.0 17.0 0.00 0.5 9.2 17:30 N 26 79.6 95.0 15:57 65.7 05:57 0.0 14.6 0.00 0.5 8.3 12:59 NNE 27 79.5 95.4 15:14 64.0 06:39 0.0 14.6 0.00 0.4 8.3 13:50 E 28 79.5 96.4 15:43 66.0 04:23 0.0 14.5 0.00 0.6 8.3 12:54 NNE 29 81.2 94.6 14:58 67.5 07:09 0.0 16.2 0.00 0.9 10.7 19:12 N 30 80.4 95.5 15:35 65.8 07:10 0.0 15.4 0.00 1.0 11.4 15:48 N ---------------------------------------------------------------------------------- 83.9 106.2 7 61.9 13 0.4 567.9 0.77 1.3 14.5 14 ESE Max >= 80.0: 30 Max <= 32.0: 0 Min <= 32.0: 0 Min <= 0.0: 0 Max Rain: 0.47 on day 9 Days of Rain: 2 (>= 0.01 in) 2 (>= 0.10 in) 0 (>= 1.00 in) Heat Base: 65.0 Cool Base: 65.0 Method: Integration