NOAA-Style Climate Reports
Select a Year or Month report
2024: Jan Feb Mar Apr May Jun Jul Aug Sep Oct Nov Dec
2023: Jan Feb Mar Apr May Jun Jul Aug Sep Oct Nov Dec
2022: Jan Feb Mar Apr May Jun Jul Aug Sep Oct Nov Dec
2021: Jan Feb Mar Apr May Jun Jul Aug Sep Oct Nov Dec
2020: Jan Feb Mar Apr May Jun Jul Aug Sep Oct Nov Dec
2019: Jan Feb Mar Apr May Jun Jul Aug Sep Oct Nov Dec
2018: Jan Feb Mar Apr May Jun Jul Aug Sep Oct Nov Dec
2017: Jan Feb Mar Apr May Jun Jul Aug Sep Oct Nov Dec
2016: Jan Feb Mar Apr May Jun Jul Aug Sep Oct Nov Dec
2015: Jan Feb Mar Apr May Jun Jul Aug Sep Oct Nov Dec
2014: Jan Feb Mar Apr May Jun Jul Aug Sep Oct Nov Dec
2013: Jan Feb Mar Apr May Jun Jul Aug Sep Oct Nov Dec
2012: Jan Feb Mar Apr May Jun Jul Aug Sep Oct Nov Dec
2024: Jan Feb Mar Apr May Jun Jul Aug Sep Oct Nov Dec
2023: Jan Feb Mar Apr May Jun Jul Aug Sep Oct Nov Dec
2022: Jan Feb Mar Apr May Jun Jul Aug Sep Oct Nov Dec
2021: Jan Feb Mar Apr May Jun Jul Aug Sep Oct Nov Dec
2020: Jan Feb Mar Apr May Jun Jul Aug Sep Oct Nov Dec
2019: Jan Feb Mar Apr May Jun Jul Aug Sep Oct Nov Dec
2018: Jan Feb Mar Apr May Jun Jul Aug Sep Oct Nov Dec
2017: Jan Feb Mar Apr May Jun Jul Aug Sep Oct Nov Dec
2016: Jan Feb Mar Apr May Jun Jul Aug Sep Oct Nov Dec
2015: Jan Feb Mar Apr May Jun Jul Aug Sep Oct Nov Dec
2014: Jan Feb Mar Apr May Jun Jul Aug Sep Oct Nov Dec
2013: Jan Feb Mar Apr May Jun Jul Aug Sep Oct Nov Dec
2012: Jan Feb Mar Apr May Jun Jul Aug Sep Oct Nov Dec
Report for 2015 November
Monthly Climatological Summary for Nov 2015 Name: Timber Creek City: Flower Mound State: Texas Elevation: 609 ft Lat: N 33° 03' 28" Lon: E 097° 03' 10" Temperature (°F), Rain (in), Wind Speed (mph) Heat Cool Avg Mean Deg Deg Wind Dom Day Temp High Time Low Time Days Days Rain Speed High Time Dir ---------------------------------------------------------------------------------- 1 59.9 65.1 16:32 56.3 23:59 5.3 0.0 0.01 0.5 6.9 05:28 NNW 2 63.1 78.1 14:55 52.7 06:26 4.3 2.5 0.01 0.4 8.3 12:52 SSE 3 64.5 75.0 13:20 57.2 04:21 2.3 1.9 0.00 0.9 11.4 10:26 SSE 4 67.5 77.9 14:52 56.5 02:52 1.4 3.9 0.02 1.3 12.1 13:20 SSE 5 71.2 81.0 14:49 64.8 23:54 0.0 6.2 0.33 1.2 18.3 14:24 S 6 62.7 73.0 13:32 54.3 06:51 3.3 1.0 0.00 0.9 11.4 07:12 N 7 59.5 69.6 14:26 52.5 23:51 5.9 0.3 0.17 1.7 12.1 12:18 NNE 8 55.7 70.3 13:46 42.6 05:47 9.9 0.7 0.00 0.6 9.8 08:07 NE 9 57.1 70.9 15:35 49.6 00:34 8.2 0.3 0.00 0.2 7.6 12:37 SSE 10 67.0 77.2 11:28 50.0 00:08 4.3 6.3 0.00 0.4 13.0 11:08 S 11 74.1 75.7 00:00 57.2 23:57 0.5 9.7 0.00 0.4 14.5 21:28 NNW 12 56.2 71.4 14:09 43.5 07:08 9.7 0.9 0.00 0.8 10.7 00:16 NNW 13 54.6 73.8 13:46 40.1 06:57 11.6 1.2 0.00 0.4 10.7 12:42 SSE 14 54.9 68.5 13:47 42.4 05:51 10.3 0.2 0.00 0.5 11.4 11:39 SSE 15 57.0 63.7 13:09 52.5 20:12 8.0 0.0 0.33 1.3 13.0 12:23 SSE 16 63.1 73.0 22:23 53.8 00:00 3.2 1.4 0.08 2.1 15.2 23:15 SSE 17 60.0 74.7 03:46 51.1 06:28 6.5 1.5 0.96 1.4 23.5 03:25 SSW 18 57.8 75.9 14:47 45.0 06:21 8.9 1.7 0.00 1.0 13.6 16:24 SSW 19 55.3 72.7 14:09 42.8 05:32 10.6 0.9 0.00 0.8 13.6 08:40 NNE 20 61.1 75.6 14:25 48.6 00:07 6.2 2.3 0.00 1.1 13.6 13:36 SSE 21 49.7 59.2 04:36 34.7 23:55 15.3 0.0 0.01 3.6 28.9 09:16 N 22 42.6 61.7 14:39 27.7 06:27 22.4 0.0 0.00 0.4 9.2 12:11 S 23 49.4 68.7 14:07 32.2 06:15 15.8 0.2 0.00 0.6 12.1 12:37 SSE 24 57.5 68.4 13:23 43.0 05:53 7.6 0.1 0.00 1.6 14.5 15:56 SSE 25 66.0 75.9 14:18 60.6 05:24 1.6 2.5 0.00 2.2 18.3 17:25 SSE 26 67.7 79.2 20:57 57.6 19:58 0.0 2.7 2.57 2.1 13.6 07:24 SSE 27 45.1 68.4 00:00 34.5 15:04 20.3 0.4 3.76 3.0 16.8 05:12 NNW 28 38.2 45.0 00:44 33.4 01:08 26.8 0.0 0.60 2.4 15.2 00:02 NNW 29 40.6 45.9 17:08 37.0 15:40 24.4 0.0 0.92 1.2 9.8 03:22 NNW 30 44.4 50.0 14:35 42.1 00:00 20.6 0.0 0.02 0.3 7.6 15:49 NNW ---------------------------------------------------------------------------------- 57.4 81.0 5 27.7 22 275.2 48.8 9.79 1.2 28.9 21 SSE Max >= 80.0: 1 Max <= 32.0: 0 Min <= 32.0: 1 Min <= 0.0: 0 Max Rain: 3.76 on day 27 Days of Rain: 14 (>= 0.01 in) 8 (>= 0.10 in) 2 (>= 1.00 in) Heat Base: 65.0 Cool Base: 65.0 Method: Integration