NOAA-Style Climate Reports
Select a Year or Month report
2024: Jan Feb Mar Apr May Jun Jul Aug Sep Oct Nov Dec
2023: Jan Feb Mar Apr May Jun Jul Aug Sep Oct Nov Dec
2022: Jan Feb Mar Apr May Jun Jul Aug Sep Oct Nov Dec
2021: Jan Feb Mar Apr May Jun Jul Aug Sep Oct Nov Dec
2020: Jan Feb Mar Apr May Jun Jul Aug Sep Oct Nov Dec
2019: Jan Feb Mar Apr May Jun Jul Aug Sep Oct Nov Dec
2018: Jan Feb Mar Apr May Jun Jul Aug Sep Oct Nov Dec
2017: Jan Feb Mar Apr May Jun Jul Aug Sep Oct Nov Dec
2016: Jan Feb Mar Apr May Jun Jul Aug Sep Oct Nov Dec
2015: Jan Feb Mar Apr May Jun Jul Aug Sep Oct Nov Dec
2014: Jan Feb Mar Apr May Jun Jul Aug Sep Oct Nov Dec
2013: Jan Feb Mar Apr May Jun Jul Aug Sep Oct Nov Dec
2012: Jan Feb Mar Apr May Jun Jul Aug Sep Oct Nov Dec
2024: Jan Feb Mar Apr May Jun Jul Aug Sep Oct Nov Dec
2023: Jan Feb Mar Apr May Jun Jul Aug Sep Oct Nov Dec
2022: Jan Feb Mar Apr May Jun Jul Aug Sep Oct Nov Dec
2021: Jan Feb Mar Apr May Jun Jul Aug Sep Oct Nov Dec
2020: Jan Feb Mar Apr May Jun Jul Aug Sep Oct Nov Dec
2019: Jan Feb Mar Apr May Jun Jul Aug Sep Oct Nov Dec
2018: Jan Feb Mar Apr May Jun Jul Aug Sep Oct Nov Dec
2017: Jan Feb Mar Apr May Jun Jul Aug Sep Oct Nov Dec
2016: Jan Feb Mar Apr May Jun Jul Aug Sep Oct Nov Dec
2015: Jan Feb Mar Apr May Jun Jul Aug Sep Oct Nov Dec
2014: Jan Feb Mar Apr May Jun Jul Aug Sep Oct Nov Dec
2013: Jan Feb Mar Apr May Jun Jul Aug Sep Oct Nov Dec
2012: Jan Feb Mar Apr May Jun Jul Aug Sep Oct Nov Dec
Report for 2016 June
Monthly Climatological Summary for Jun 2016 Name: Timber Creek City: Flower Mound State: Texas Elevation: 609 ft Lat: N 33° 03' 28" Lon: E 097° 03' 10" Temperature (°F), Rain (in), Wind Speed (mph) Heat Cool Avg Mean Deg Deg Wind Dom Day Temp High Time Low Time Days Days Rain Speed High Time Dir ---------------------------------------------------------------------------------- 1 73.0 83.7 14:45 66.7 00:00 0.0 8.0 0.17 0.6 7.4 20:28 E 2 71.2 74.5 10:13 68.7 22:07 0.0 6.2 1.64 0.9 11.4 21:41 NNE 3 73.2 86.2 14:41 67.3 05:57 0.0 8.2 0.24 0.8 7.4 00:04 ESE 4 75.8 109.6 16:01 69.3 05:33 0.0 10.8 0.02 1.4 15.4 16:01 N 5 77.1 87.8 15:42 66.6 06:26 0.0 12.1 0.00 1.9 12.8 10:39 N 6 76.1 88.5 14:50 62.4 06:28 0.2 11.3 0.00 1.2 9.4 12:52 N 7 79.1 92.8 16:43 64.2 06:28 0.0 14.1 0.00 0.6 6.7 11:40 NNE 8 82.0 95.0 15:51 66.4 06:11 0.0 17.0 0.00 0.9 10.7 13:36 SSE 9 82.5 95.0 15:21 68.7 05:59 0.0 17.5 0.00 1.1 10.7 12:50 SSE 10 84.2 94.3 15:49 71.1 06:31 0.0 19.2 0.00 1.4 12.1 11:45 SSE 11 80.7 90.7 12:20 75.4 06:28 0.0 15.7 0.05 0.5 10.1 12:13 SSE 12 79.6 93.4 14:37 72.3 16:51 0.0 14.6 1.57 1.3 19.5 16:47 S 13 77.1 94.1 13:12 70.9 02:38 0.0 12.1 1.00 0.6 20.1 13:43 SSW 14 81.9 93.2 16:35 72.0 05:15 0.0 16.9 0.01 1.2 12.1 15:57 S 15 86.2 96.1 17:09 77.4 06:34 0.0 21.2 0.00 1.7 11.4 19:09 SSW 16 88.1 97.2 15:19 77.4 06:09 0.0 23.1 0.00 1.9 12.8 13:37 SW 17 86.8 98.8 16:43 74.3 06:04 0.0 21.8 0.00 1.3 10.7 01:29 S 18 87.7 99.1 13:45 76.1 05:49 0.0 22.7 0.00 0.6 7.4 14:37 E 19 85.9 96.6 16:37 76.1 06:47 0.0 20.9 0.00 0.8 8.7 08:06 SE 20 85.5 98.6 18:19 74.1 06:13 0.0 20.5 0.00 0.3 7.4 14:51 SSE 21 87.8 100.6 16:58 75.7 06:37 0.0 22.8 0.00 0.7 10.1 13:53 SSW 22 88.1 98.1 15:31 79.5 06:17 0.0 23.1 0.00 1.9 15.4 15:45 SSW 23 87.4 97.2 15:27 78.4 06:43 0.0 22.4 0.00 2.1 14.8 01:22 SSW 24 86.3 96.1 18:06 77.2 06:25 0.0 21.3 0.00 1.7 12.1 13:43 S 25 85.7 97.0 14:39 77.9 06:31 0.0 20.7 0.00 2.1 14.8 15:37 SSW 26 87.2 97.5 15:50 77.9 06:19 0.0 22.2 0.00 1.4 13.4 13:34 SSW 27 86.9 100.6 16:32 77.4 05:40 0.0 21.9 0.00 0.8 12.1 17:38 N 28 85.6 96.1 15:38 75.9 05:24 0.0 20.6 0.00 1.4 12.1 13:49 NNE 29 84.1 96.3 17:29 72.5 05:34 0.0 19.1 0.00 0.6 10.7 13:08 ENE 30 85.8 99.1 17:12 72.3 06:20 0.0 20.8 0.00 0.6 8.7 11:18 S ---------------------------------------------------------------------------------- 82.6 109.6 4 62.4 6 0.2 528.8 4.70 1.1 20.1 13 S Max >= 80.0: 29 Max <= 32.0: 0 Min <= 32.0: 0 Min <= 0.0: 0 Max Rain: 1.64 on day 2 Days of Rain: 8 (>= 0.01 in) 5 (>= 0.10 in) 3 (>= 1.00 in) Heat Base: 65.0 Cool Base: 65.0 Method: Integration