NOAA-Style Climate Reports
Select a Year or Month report
2024: Jan Feb Mar Apr May Jun Jul Aug Sep Oct Nov Dec
2023: Jan Feb Mar Apr May Jun Jul Aug Sep Oct Nov Dec
2022: Jan Feb Mar Apr May Jun Jul Aug Sep Oct Nov Dec
2021: Jan Feb Mar Apr May Jun Jul Aug Sep Oct Nov Dec
2020: Jan Feb Mar Apr May Jun Jul Aug Sep Oct Nov Dec
2019: Jan Feb Mar Apr May Jun Jul Aug Sep Oct Nov Dec
2018: Jan Feb Mar Apr May Jun Jul Aug Sep Oct Nov Dec
2017: Jan Feb Mar Apr May Jun Jul Aug Sep Oct Nov Dec
2016: Jan Feb Mar Apr May Jun Jul Aug Sep Oct Nov Dec
2015: Jan Feb Mar Apr May Jun Jul Aug Sep Oct Nov Dec
2014: Jan Feb Mar Apr May Jun Jul Aug Sep Oct Nov Dec
2013: Jan Feb Mar Apr May Jun Jul Aug Sep Oct Nov Dec
2012: Jan Feb Mar Apr May Jun Jul Aug Sep Oct Nov Dec
2024: Jan Feb Mar Apr May Jun Jul Aug Sep Oct Nov Dec
2023: Jan Feb Mar Apr May Jun Jul Aug Sep Oct Nov Dec
2022: Jan Feb Mar Apr May Jun Jul Aug Sep Oct Nov Dec
2021: Jan Feb Mar Apr May Jun Jul Aug Sep Oct Nov Dec
2020: Jan Feb Mar Apr May Jun Jul Aug Sep Oct Nov Dec
2019: Jan Feb Mar Apr May Jun Jul Aug Sep Oct Nov Dec
2018: Jan Feb Mar Apr May Jun Jul Aug Sep Oct Nov Dec
2017: Jan Feb Mar Apr May Jun Jul Aug Sep Oct Nov Dec
2016: Jan Feb Mar Apr May Jun Jul Aug Sep Oct Nov Dec
2015: Jan Feb Mar Apr May Jun Jul Aug Sep Oct Nov Dec
2014: Jan Feb Mar Apr May Jun Jul Aug Sep Oct Nov Dec
2013: Jan Feb Mar Apr May Jun Jul Aug Sep Oct Nov Dec
2012: Jan Feb Mar Apr May Jun Jul Aug Sep Oct Nov Dec
Report for 2016 November
Monthly Climatological Summary for Nov 2016 Name: Timber Creek City: Flower Mound State: Texas Elevation: 609 ft Lat: N 33° 03' 28" Lon: E 097° 03' 10" Temperature (°F), Rain (in), Wind Speed (mph) Heat Cool Avg Mean Deg Deg Wind Dom Day Temp High Time Low Time Days Days Rain Speed High Time Dir ---------------------------------------------------------------------------------- 1 76.4 88.3 15:40 69.3 04:23 0.0 11.4 0.00 1.9 15.4 13:20 SSW 2 76.5 85.6 15:20 73.2 07:33 0.0 11.5 0.00 1.4 15.4 01:32 S 3 68.1 74.5 00:42 65.7 06:33 0.0 3.0 1.10 1.3 15.4 01:16 N 4 68.9 74.7 14:17 63.7 03:37 0.1 4.0 0.00 1.3 8.7 19:40 NNE 5 64.6 69.8 00:00 60.8 08:06 1.2 0.8 0.02 0.3 6.7 13:24 SE 6 62.5 68.4 11:49 59.2 20:19 2.8 0.2 0.07 0.6 12.1 14:08 SE 7 63.5 65.8 12:20 60.4 00:07 1.5 0.1 1.72 0.5 8.1 15:33 SE 8 62.2 64.6 14:24 60.3 04:56 2.9 0.0 0.48 1.9 13.4 22:59 N 9 60.7 65.3 14:56 52.7 23:21 4.3 0.0 0.00 1.9 11.4 12:43 N 10 58.9 75.9 15:30 48.2 06:21 7.5 1.4 0.01 0.3 6.0 10:53 WSW 11 62.6 79.3 14:56 50.4 04:45 5.1 2.7 0.01 0.7 9.4 22:08 NW 12 58.4 68.7 15:39 52.2 23:43 6.9 0.3 0.00 1.4 11.4 02:41 N 13 60.3 74.7 14:47 50.4 01:26 6.2 1.5 0.00 0.7 10.7 11:27 SSW 14 64.3 81.5 15:19 53.2 04:08 4.5 3.8 0.00 0.8 10.7 12:11 WSW 15 63.7 87.6 15:14 47.3 06:55 6.2 4.9 0.00 0.5 10.1 12:56 SW 16 68.5 88.2 13:50 50.4 05:00 4.0 7.5 0.00 1.1 13.4 15:44 SSW 17 69.7 79.9 15:19 60.3 06:35 0.9 5.6 0.00 3.0 18.8 21:14 S 18 59.5 71.4 03:06 46.8 23:54 6.8 1.3 0.01 4.5 22.8 11:10 N 19 45.4 58.8 15:04 36.9 23:02 19.6 0.0 0.00 1.9 12.8 13:35 N 20 48.7 67.3 14:15 32.9 06:23 16.3 0.0 0.00 1.0 15.4 16:19 SSW 21 58.0 73.9 14:22 40.5 06:50 8.4 1.4 0.00 1.3 14.1 11:31 S 22 66.2 75.0 13:59 59.0 23:57 1.2 2.4 0.00 2.3 16.1 11:14 SSW 23 55.3 68.0 14:44 44.1 23:54 9.9 0.1 0.00 1.7 15.4 09:58 NNW 24 54.4 73.4 14:25 40.1 05:19 11.7 1.1 0.00 0.7 11.4 11:47 SSW 25 53.4 62.2 13:45 47.3 23:07 11.6 0.0 0.00 1.9 12.8 06:48 N 26 54.3 68.7 14:35 44.8 06:23 10.8 0.1 0.00 0.6 6.0 13:03 SE 27 60.0 67.6 23:59 53.8 00:36 5.4 0.4 0.00 2.4 14.8 18:42 S 28 64.2 73.0 13:53 52.3 19:25 3.2 2.3 0.33 2.4 22.8 10:30 WSW 29 61.7 74.8 13:19 53.2 21:46 4.9 1.7 0.00 1.8 12.1 14:56 WNW 30 49.6 62.1 15:19 37.0 23:44 15.4 0.0 0.00 2.2 16.1 02:15 N ---------------------------------------------------------------------------------- 61.4 88.3 1 32.9 20 179.3 69.5 3.75 1.5 22.8 18 WNW Max >= 80.0: 5 Max <= 32.0: 0 Min <= 32.0: 0 Min <= 0.0: 0 Max Rain: 1.72 on day 7 Days of Rain: 9 (>= 0.01 in) 4 (>= 0.10 in) 2 (>= 1.00 in) Heat Base: 65.0 Cool Base: 65.0 Method: Integration