NOAA-Style Climate Reports
Select a Year or Month report
2024: Jan Feb Mar Apr May Jun Jul Aug Sep Oct Nov Dec
2023: Jan Feb Mar Apr May Jun Jul Aug Sep Oct Nov Dec
2022: Jan Feb Mar Apr May Jun Jul Aug Sep Oct Nov Dec
2021: Jan Feb Mar Apr May Jun Jul Aug Sep Oct Nov Dec
2020: Jan Feb Mar Apr May Jun Jul Aug Sep Oct Nov Dec
2019: Jan Feb Mar Apr May Jun Jul Aug Sep Oct Nov Dec
2018: Jan Feb Mar Apr May Jun Jul Aug Sep Oct Nov Dec
2017: Jan Feb Mar Apr May Jun Jul Aug Sep Oct Nov Dec
2016: Jan Feb Mar Apr May Jun Jul Aug Sep Oct Nov Dec
2015: Jan Feb Mar Apr May Jun Jul Aug Sep Oct Nov Dec
2014: Jan Feb Mar Apr May Jun Jul Aug Sep Oct Nov Dec
2013: Jan Feb Mar Apr May Jun Jul Aug Sep Oct Nov Dec
2012: Jan Feb Mar Apr May Jun Jul Aug Sep Oct Nov Dec
2024: Jan Feb Mar Apr May Jun Jul Aug Sep Oct Nov Dec
2023: Jan Feb Mar Apr May Jun Jul Aug Sep Oct Nov Dec
2022: Jan Feb Mar Apr May Jun Jul Aug Sep Oct Nov Dec
2021: Jan Feb Mar Apr May Jun Jul Aug Sep Oct Nov Dec
2020: Jan Feb Mar Apr May Jun Jul Aug Sep Oct Nov Dec
2019: Jan Feb Mar Apr May Jun Jul Aug Sep Oct Nov Dec
2018: Jan Feb Mar Apr May Jun Jul Aug Sep Oct Nov Dec
2017: Jan Feb Mar Apr May Jun Jul Aug Sep Oct Nov Dec
2016: Jan Feb Mar Apr May Jun Jul Aug Sep Oct Nov Dec
2015: Jan Feb Mar Apr May Jun Jul Aug Sep Oct Nov Dec
2014: Jan Feb Mar Apr May Jun Jul Aug Sep Oct Nov Dec
2013: Jan Feb Mar Apr May Jun Jul Aug Sep Oct Nov Dec
2012: Jan Feb Mar Apr May Jun Jul Aug Sep Oct Nov Dec
Report for 2017 February
Monthly Climatological Summary for Feb 2017 Name: Timber Creek City: Flower Mound State: Texas Elevation: 609 ft Lat: N 33° 03' 28" Lon: E 097° 03' 10" Temperature (°F), Rain (in), Wind Speed (mph) Heat Cool Avg Mean Deg Deg Wind Dom Day Temp High Time Low Time Days Days Rain Speed High Time Dir ---------------------------------------------------------------------------------- 1 63.2 80.4 16:34 51.8 07:32 4.9 3.2 0.00 2.7 16.1 21:29 W 2 44.4 140.0 06:39 41.2 22:41 20.7 0.1 0.00 5.2 18.1 07:49 N 3 44.0 51.4 15:25 38.5 06:53 21.0 0.0 0.00 3.1 12.8 08:38 NNE 4 48.0 53.2 15:57 44.4 07:41 17.0 0.0 0.00 2.9 13.4 21:37 SSE 5 60.3 77.7 15:24 48.6 00:00 7.1 2.4 0.00 2.2 12.8 15:28 SSE 6 71.2 82.4 14:09 62.6 02:49 0.2 6.4 0.00 3.7 21.5 11:16 SSW 7 68.5 81.3 14:41 55.9 20:49 1.4 4.9 0.00 1.9 18.1 02:22 W 8 56.9 66.7 10:33 43.2 23:59 8.1 0.0 0.00 4.3 21.5 15:32 N 9 46.7 62.8 15:54 34.0 07:25 18.3 0.0 0.00 2.6 14.8 04:36 NNE 10 61.7 77.4 16:08 45.7 07:10 6.4 3.1 0.00 3.3 22.8 12:09 S 11 73.6 140.0 14:54 61.9 04:56 0.6 9.2 0.00 3.3 19.5 10:15 S 12 64.8 70.7 14:46 56.7 23:59 1.7 1.4 0.01 5.9 22.8 15:29 N 13 57.3 140.0 09:21 46.4 23:59 7.7 0.0 0.24 3.5 15.4 10:20 NE 14 44.2 140.0 01:38 40.6 20:56 21.3 0.1 1.46 4.5 22.1 19:11 N 15 47.7 59.0 15:27 40.3 06:56 17.3 0.0 0.00 3.0 14.8 00:00 N 16 52.1 70.2 14:37 33.6 05:48 13.3 0.4 0.00 1.4 10.7 13:21 SSW 17 58.9 71.1 14:21 47.5 07:20 6.8 0.7 0.00 2.9 14.8 14:42 SSE 18 66.1 81.5 15:27 57.4 07:28 2.4 3.5 0.00 2.2 12.1 02:27 SE 19 66.7 74.3 16:20 55.8 02:11 1.8 3.5 0.00 3.3 15.4 19:12 SSE 20 59.6 69.8 15:53 54.5 22:16 5.7 0.3 0.40 1.9 16.1 00:29 S 21 61.7 77.0 15:38 50.4 06:50 5.7 2.4 0.01 2.3 16.1 13:11 NNW 22 64.7 85.1 15:54 43.3 05:41 6.2 6.0 0.00 1.6 18.8 14:53 S 23 71.3 87.8 14:47 53.2 04:39 2.7 9.0 0.00 2.8 18.1 15:24 S 24 55.5 70.0 00:00 45.7 23:55 9.8 0.3 0.00 4.2 18.8 09:45 NNW 25 42.7 54.1 15:56 35.1 06:55 22.3 0.0 0.00 2.9 20.8 00:31 NNE 26 52.7 64.8 15:20 36.7 00:25 12.3 0.0 0.24 1.9 13.4 10:28 S 27 67.2 78.3 17:05 57.4 00:35 2.0 4.2 0.21 1.7 14.1 12:07 S 28 73.1 80.4 14:40 67.8 02:43 0.0 8.1 0.00 3.3 17.4 04:11 S ---------------------------------------------------------------------------------- 58.7 140.0 2 33.6 16 244.7 69.2 2.57 3.0 22.8 10 NE Max >= 80.0: 11 Max <= 32.0: 0 Min <= 32.0: 0 Min <= 0.0: 0 Max Rain: 1.46 on day 14 Days of Rain: 7 (>= 0.01 in) 5 (>= 0.10 in) 1 (>= 1.00 in) Heat Base: 65.0 Cool Base: 65.0 Method: Integration