NOAA-Style Climate Reports
Select a Year or Month report
2024: Jan Feb Mar Apr May Jun Jul Aug Sep Oct Nov Dec
2023: Jan Feb Mar Apr May Jun Jul Aug Sep Oct Nov Dec
2022: Jan Feb Mar Apr May Jun Jul Aug Sep Oct Nov Dec
2021: Jan Feb Mar Apr May Jun Jul Aug Sep Oct Nov Dec
2020: Jan Feb Mar Apr May Jun Jul Aug Sep Oct Nov Dec
2019: Jan Feb Mar Apr May Jun Jul Aug Sep Oct Nov Dec
2018: Jan Feb Mar Apr May Jun Jul Aug Sep Oct Nov Dec
2017: Jan Feb Mar Apr May Jun Jul Aug Sep Oct Nov Dec
2016: Jan Feb Mar Apr May Jun Jul Aug Sep Oct Nov Dec
2015: Jan Feb Mar Apr May Jun Jul Aug Sep Oct Nov Dec
2014: Jan Feb Mar Apr May Jun Jul Aug Sep Oct Nov Dec
2013: Jan Feb Mar Apr May Jun Jul Aug Sep Oct Nov Dec
2012: Jan Feb Mar Apr May Jun Jul Aug Sep Oct Nov Dec
2024: Jan Feb Mar Apr May Jun Jul Aug Sep Oct Nov Dec
2023: Jan Feb Mar Apr May Jun Jul Aug Sep Oct Nov Dec
2022: Jan Feb Mar Apr May Jun Jul Aug Sep Oct Nov Dec
2021: Jan Feb Mar Apr May Jun Jul Aug Sep Oct Nov Dec
2020: Jan Feb Mar Apr May Jun Jul Aug Sep Oct Nov Dec
2019: Jan Feb Mar Apr May Jun Jul Aug Sep Oct Nov Dec
2018: Jan Feb Mar Apr May Jun Jul Aug Sep Oct Nov Dec
2017: Jan Feb Mar Apr May Jun Jul Aug Sep Oct Nov Dec
2016: Jan Feb Mar Apr May Jun Jul Aug Sep Oct Nov Dec
2015: Jan Feb Mar Apr May Jun Jul Aug Sep Oct Nov Dec
2014: Jan Feb Mar Apr May Jun Jul Aug Sep Oct Nov Dec
2013: Jan Feb Mar Apr May Jun Jul Aug Sep Oct Nov Dec
2012: Jan Feb Mar Apr May Jun Jul Aug Sep Oct Nov Dec
Report for 2017 March
Monthly Climatological Summary for Mar 2017 Name: Timber Creek City: Flower Mound State: Texas Elevation: 609 ft Lat: N 33° 03' 28" Lon: E 097° 03' 10" Temperature (°F), Rain (in), Wind Speed (mph) Heat Cool Avg Mean Deg Deg Wind Dom Day Temp High Time Low Time Days Days Rain Speed High Time Dir ---------------------------------------------------------------------------------- 1 59.7 71.6 00:00 45.9 23:43 6.2 0.9 0.00 5.2 23.5 06:10 N 2 50.6 68.2 14:17 34.0 06:46 14.4 0.0 0.00 0.9 8.7 15:03 ENE 3 55.3 72.0 15:14 37.4 06:35 10.8 1.2 0.00 1.3 15.4 15:16 SSE 4 54.5 62.4 10:37 48.6 00:43 10.5 0.0 0.02 2.6 16.8 10:58 SSE 5 56.8 64.2 23:51 51.6 00:00 8.2 0.0 0.11 2.5 10.7 23:41 SSE 6 73.0 83.8 14:38 64.2 00:00 0.0 8.0 0.02 4.4 23.5 23:48 S 7 60.4 71.8 00:00 45.5 23:27 5.9 1.3 0.05 3.7 24.2 04:07 NNE 8 60.7 78.4 15:33 39.4 06:47 7.8 3.4 0.00 1.9 14.8 13:27 SSE 9 69.8 79.3 14:26 61.0 04:48 0.7 5.5 0.00 2.0 14.8 12:27 S 10 62.8 68.9 16:15 58.3 11:09 2.5 0.3 0.00 2.4 15.4 09:15 NNE 11 62.2 73.9 11:28 45.7 23:52 4.4 1.5 0.00 3.5 22.1 18:15 NE 12 47.1 140.0 04:49 41.7 07:23 17.2 0.1 0.00 2.5 16.1 03:17 ENE 13 52.6 63.1 15:35 45.3 23:57 12.4 0.0 0.00 3.7 20.8 18:49 N 14 50.5 66.9 16:35 35.1 07:33 14.5 0.0 0.00 1.5 10.7 00:21 E 15 53.7 66.4 16:56 44.1 07:51 11.3 0.0 0.00 3.0 13.4 00:32 E 16 62.5 73.8 17:46 52.5 03:53 4.3 1.9 0.00 2.7 16.1 17:35 SSE 17 71.4 79.0 15:54 65.3 03:22 0.0 6.4 0.00 3.1 18.8 04:34 S 18 72.9 84.9 16:55 63.5 06:19 0.1 8.0 0.00 1.7 11.4 16:05 SSE 19 72.8 140.0 12:56 62.2 06:06 0.4 8.3 0.00 2.0 14.8 18:01 S 20 76.6 91.0 15:41 65.1 07:25 0.0 11.6 0.00 3.1 18.1 10:13 SSW 21 74.8 86.9 16:13 61.7 07:11 0.2 10.1 0.00 2.3 24.8 04:12 SSW 22 73.3 86.0 15:14 62.1 07:17 0.1 8.5 0.00 1.8 12.8 17:49 SSE 23 73.9 85.5 16:45 64.2 06:00 0.0 8.9 0.09 3.9 20.8 16:36 S 24 68.9 79.2 16:49 57.2 10:03 0.9 4.8 0.39 3.2 24.8 02:30 S 25 61.2 74.1 16:35 51.4 07:45 5.2 1.4 0.00 1.8 13.4 00:59 NW 26 66.7 84.7 15:07 50.2 05:11 4.7 6.4 0.06 2.1 20.1 15:55 S 27 63.7 71.4 16:54 54.1 09:23 3.2 1.9 0.00 1.8 14.8 01:14 N 28 68.9 79.3 17:53 55.6 02:29 2.1 6.0 0.01 2.3 16.1 22:09 SE 29 67.9 81.9 14:55 55.0 23:57 2.4 5.3 0.40 3.1 24.2 02:37 SW 30 62.6 78.4 16:50 47.7 07:13 5.8 3.4 0.00 1.4 12.8 12:15 NW 31 69.2 134.8 23:59 51.6 07:17 3.5 7.8 0.00 1.5 14.8 18:52 SSE ---------------------------------------------------------------------------------- 63.8 140.0 12 34.0 2 159.7 122.9 1.15 2.5 24.8 21 SSE Max >= 80.0: 11 Max <= 32.0: 0 Min <= 32.0: 0 Min <= 0.0: 0 Max Rain: 0.40 on day 29 Days of Rain: 9 (>= 0.01 in) 3 (>= 0.10 in) 0 (>= 1.00 in) Heat Base: 65.0 Cool Base: 65.0 Method: Integration