NOAA-Style Climate Reports
Select a Year or Month report
2024: Jan Feb Mar Apr May Jun Jul Aug Sep Oct Nov Dec
2023: Jan Feb Mar Apr May Jun Jul Aug Sep Oct Nov Dec
2022: Jan Feb Mar Apr May Jun Jul Aug Sep Oct Nov Dec
2021: Jan Feb Mar Apr May Jun Jul Aug Sep Oct Nov Dec
2020: Jan Feb Mar Apr May Jun Jul Aug Sep Oct Nov Dec
2019: Jan Feb Mar Apr May Jun Jul Aug Sep Oct Nov Dec
2018: Jan Feb Mar Apr May Jun Jul Aug Sep Oct Nov Dec
2017: Jan Feb Mar Apr May Jun Jul Aug Sep Oct Nov Dec
2016: Jan Feb Mar Apr May Jun Jul Aug Sep Oct Nov Dec
2015: Jan Feb Mar Apr May Jun Jul Aug Sep Oct Nov Dec
2014: Jan Feb Mar Apr May Jun Jul Aug Sep Oct Nov Dec
2013: Jan Feb Mar Apr May Jun Jul Aug Sep Oct Nov Dec
2012: Jan Feb Mar Apr May Jun Jul Aug Sep Oct Nov Dec
2024: Jan Feb Mar Apr May Jun Jul Aug Sep Oct Nov Dec
2023: Jan Feb Mar Apr May Jun Jul Aug Sep Oct Nov Dec
2022: Jan Feb Mar Apr May Jun Jul Aug Sep Oct Nov Dec
2021: Jan Feb Mar Apr May Jun Jul Aug Sep Oct Nov Dec
2020: Jan Feb Mar Apr May Jun Jul Aug Sep Oct Nov Dec
2019: Jan Feb Mar Apr May Jun Jul Aug Sep Oct Nov Dec
2018: Jan Feb Mar Apr May Jun Jul Aug Sep Oct Nov Dec
2017: Jan Feb Mar Apr May Jun Jul Aug Sep Oct Nov Dec
2016: Jan Feb Mar Apr May Jun Jul Aug Sep Oct Nov Dec
2015: Jan Feb Mar Apr May Jun Jul Aug Sep Oct Nov Dec
2014: Jan Feb Mar Apr May Jun Jul Aug Sep Oct Nov Dec
2013: Jan Feb Mar Apr May Jun Jul Aug Sep Oct Nov Dec
2012: Jan Feb Mar Apr May Jun Jul Aug Sep Oct Nov Dec
Report for 2017 May
Monthly Climatological Summary for May 2017 Name: Timber Creek City: Flower Mound State: Texas Elevation: 609 ft Lat: N 33° 03' 28" Lon: E 097° 03' 10" Temperature (°F), Rain (in), Wind Speed (mph) Heat Cool Avg Mean Deg Deg Wind Dom Day Temp High Time Low Time Days Days Rain Speed High Time Dir ---------------------------------------------------------------------------------- 1 59.4 61.3 23:52 0.0 00:00 0.1 0.0 0.00 160.9 2.0 23:52 SW 2 69.7 78.8 09:22 59.5 23:52 0.8 5.6 0.00 1.8 10.1 05:52 S 3 63.4 68.2 11:52 58.8 05:22 2.0 0.4 0.00 2.8 10.1 07:22 NNE 4 57.9 72.5 06:53 42.6 23:53 8.5 1.4 0.00 4.2 16.1 13:53 NE 5 48.1 55.2 11:23 41.9 01:53 16.9 0.0 0.00 1.4 9.4 01:53 E 6 50.7 62.8 09:23 37.2 23:53 14.3 0.0 0.00 3.9 14.8 11:23 N 7 60.2 86.0 17:59 35.4 01:53 8.6 3.8 0.09 2.4 6.0 09:53 NE 8 79.9 79.9 00:00 79.9 00:00 0.0 14.9 0.00 2.7 4.7 00:00 N 9 79.1 81.5 17:24 73.9 23:40 0.0 14.1 0.00 2.2 9.8 16:05 N 10 75.2 79.9 18:20 71.2 06:38 0.0 10.1 0.00 2.3 15.2 05:54 S 11 77.5 88.3 16:22 68.2 07:25 0.0 12.5 0.00 2.2 14.5 06:08 WSW 12 69.5 77.2 17:28 59.9 03:59 1.0 5.5 0.00 3.1 19.7 11:08 N 13 66.7 76.3 20:06 65.5 00:17 0.0 1.7 0.00 0.1 3.8 23:42 SE ---------------------------------------------------------------------------------- 65.9 88.3 11 0.0 1 52.2 70.0 0.09 23.2 19.7 12 SW Max >= 80.0: 3 Max <= 32.0: 0 Min <= 32.0: 1 Min <= 0.0: 1 Max Rain: 0.09 on day 7 Days of Rain: 1 (>= 0.01 in) 0 (>= 0.10 in) 0 (>= 1.00 in) Heat Base: 65.0 Cool Base: 65.0 Method: Integration