NOAA-Style Climate Reports

Select a Year or Month report
2018: Jan Feb Mar Apr May Jun Jul Aug Sep Oct Nov Dec
2017: Jan Feb Mar Apr May Jun Jul Aug Sep Oct Nov Dec
2016: Jan Feb Mar Apr May Jun Jul Aug Sep Oct Nov Dec
2015: Jan Feb Mar Apr May Jun Jul Aug Sep Oct Nov Dec
2014: Jan Feb Mar Apr May Jun Jul Aug Sep Oct Nov Dec
2013: Jan Feb Mar Apr May Jun Jul Aug Sep Oct Nov Dec
2012: Jan Feb Mar Apr May Jun Jul Aug Sep Oct Nov Dec

Report for 2018 May
                   Monthly Climatological Summary for May 2018

Name: Timber Creek   City: Flower Mound   State: Texas
Elevation: 609 ft  Lat: N 33 03 26   Lon: E 097 03 10

                  Temperature (°F), Rain (in), Wind Speed (mph)

                                      Heat  Cool        Avg
    Mean                              Deg   Deg         Wind                 Dom
Day Temp  High   Time   Low    Time   Days  Days  Rain  Speed High   Time    Dir
----------------------------------------------------------------------------------
01  73.1  79.0   14:34  68.9   05:04   0.0   8.8  0.00   2.6  10.7   16:34     S
02  79.6  86.2   16:04  72.1   07:04   0.0  13.0  0.01   3.1  11.4   18:34    SE
03  74.0  79.3   00:04  65.5   12:04   0.0   9.0  0.61   2.2  11.4   12:34   ESE
04  68.4  72.7   04:04  63.9   12:34   0.1   4.3  0.56   1.3   6.0   12:34   NNE
05  78.3  81.7   15:34  60.1   04:04   1.5   8.4  0.01   1.6   7.4   13:04   NNE
06  81.1  89.6   17:04  61.2   08:04   0.2  14.4  0.00   0.8   5.4   18:04   NNW
07  80.4  95.5   15:34  59.9   07:04   0.8  13.6  0.00   0.8   4.7   10:34   SSW
08  79.2  89.6   14:04  64.0   06:34   0.0  14.2  0.00   1.8  11.4   13:04     S
09  78.4  88.9   17:04  65.7   07:34   0.0  13.4  0.00   2.2  12.1   01:34   SSW
10  77.3  87.3   16:04  66.0   06:34   0.0  12.3  0.00   2.5   8.7   08:04   SSW
11  79.0  87.8   16:04  69.6   06:34   0.0  14.0  0.00   3.2  18.1   19:34     S
12  81.0  90.0   15:34  72.9   05:34   0.0  16.0  0.00   3.1  17.4   00:34   SSE
13  81.2  90.5   15:34  71.6   07:04   0.0  16.2  0.00   2.2  10.1   04:34    SW
14  82.0  90.3   14:34  73.8   07:04   0.0  17.0  0.00   2.3  10.7   14:04   SSW
15  79.1  88.5   15:34  73.0   23:34   0.0  14.0  0.00   1.3   8.1   13:04    SE
16  78.2  89.2   16:04  68.5   06:34   0.0  13.2  0.00   1.2   7.4   16:04     N
17  80.3  93.2   16:34  65.3   06:04   0.0  15.3  0.00   0.7   4.7   13:04    NE
18  85.1  97.0   15:04  70.7   02:34   0.0  18.3  0.02   1.6  10.1   15:34   SSE
19  82.4  91.0   14:34  73.4   07:04   0.0  17.3  0.00   2.6  13.4   11:34     S
20  76.0  84.0   15:35  66.4   09:35   0.0   9.2  0.43   0.9   6.7   02:04     W
21  76.5  89.6   16:35  65.7   06:35   0.0  11.6  0.00   0.6   4.0   10:05    NE
22  81.4  90.3   17:35  68.5   05:35   0.0  14.9  0.00   1.1   7.4   14:35   SSE
23  81.8  92.8   14:35  70.0   06:35   0.0  16.5  0.00   1.0   6.7   10:05     S
24  79.6  90.0   15:35  69.6   06:35   0.0  16.5  0.00   0.8   6.7   15:35   SSW
25  81.2  92.5   12:05  73.0   13:35   0.0  16.2  0.00   1.2  11.4   11:05   ESE
----------------------------------------------------------------------------------
    79.0  97.0    18    59.9     7     2.6 337.6  1.64   1.7  18.1    11       S

Max >=  80.0 22
Max <=  32.0  0
Min <=  32.0  0
Min <=   0.0  0
Max Rain: 0.61 on day 3
Days of Rain: 6 (>= 0.01 in)  3 (>= 0.10 in)  0 (>= 1.00 in)
Heat Base: 65.0  Cool Base: 65.0  Method: Integration