NOAA-Style Climate Reports
Select a Year or Month report
2024: Jan Feb Mar Apr May Jun Jul Aug Sep Oct Nov Dec
2023: Jan Feb Mar Apr May Jun Jul Aug Sep Oct Nov Dec
2022: Jan Feb Mar Apr May Jun Jul Aug Sep Oct Nov Dec
2021: Jan Feb Mar Apr May Jun Jul Aug Sep Oct Nov Dec
2020: Jan Feb Mar Apr May Jun Jul Aug Sep Oct Nov Dec
2019: Jan Feb Mar Apr May Jun Jul Aug Sep Oct Nov Dec
2018: Jan Feb Mar Apr May Jun Jul Aug Sep Oct Nov Dec
2017: Jan Feb Mar Apr May Jun Jul Aug Sep Oct Nov Dec
2016: Jan Feb Mar Apr May Jun Jul Aug Sep Oct Nov Dec
2015: Jan Feb Mar Apr May Jun Jul Aug Sep Oct Nov Dec
2014: Jan Feb Mar Apr May Jun Jul Aug Sep Oct Nov Dec
2013: Jan Feb Mar Apr May Jun Jul Aug Sep Oct Nov Dec
2012: Jan Feb Mar Apr May Jun Jul Aug Sep Oct Nov Dec
2024: Jan Feb Mar Apr May Jun Jul Aug Sep Oct Nov Dec
2023: Jan Feb Mar Apr May Jun Jul Aug Sep Oct Nov Dec
2022: Jan Feb Mar Apr May Jun Jul Aug Sep Oct Nov Dec
2021: Jan Feb Mar Apr May Jun Jul Aug Sep Oct Nov Dec
2020: Jan Feb Mar Apr May Jun Jul Aug Sep Oct Nov Dec
2019: Jan Feb Mar Apr May Jun Jul Aug Sep Oct Nov Dec
2018: Jan Feb Mar Apr May Jun Jul Aug Sep Oct Nov Dec
2017: Jan Feb Mar Apr May Jun Jul Aug Sep Oct Nov Dec
2016: Jan Feb Mar Apr May Jun Jul Aug Sep Oct Nov Dec
2015: Jan Feb Mar Apr May Jun Jul Aug Sep Oct Nov Dec
2014: Jan Feb Mar Apr May Jun Jul Aug Sep Oct Nov Dec
2013: Jan Feb Mar Apr May Jun Jul Aug Sep Oct Nov Dec
2012: Jan Feb Mar Apr May Jun Jul Aug Sep Oct Nov Dec
Report for 2012 November
Monthly Climatological Summary for Nov 2012 Name: Timber Creek City: Flower Mound State: Texas Elevation: 609 ft Lat: N 33° 03' 28" Lon: E 097° 03' 10" Temperature (°F), Rain (in), Wind Speed (mph) Heat Cool Avg Mean Deg Deg Wind Dom Day Temp High Time Low Time Days Days Rain Speed High Time Dir ---------------------------------------------------------------------------------- 1 68.1 92.7 15:19 47.8 07:39 5.3 8.4 0.00 0.4 9.2 13:28 WSW 2 73.7 91.8 14:43 52.5 07:47 1.7 10.3 0.00 1.2 13.6 12:44 SSW 3 72.5 88.3 14:20 59.4 07:29 0.7 8.2 0.00 1.3 11.4 19:09 N 4 63.3 80.1 15:34 53.1 22:55 5.1 3.3 0.00 1.2 9.2 12:56 NNE 5 61.5 78.6 14:24 47.5 06:46 7.0 3.5 0.00 2.1 17.4 16:34 N 6 58.3 80.6 15:40 41.7 06:18 9.3 2.6 0.00 0.4 8.3 13:38 SSW 7 61.6 82.4 14:21 43.2 06:53 7.2 3.8 0.00 0.5 7.6 23:07 ESE 8 68.7 84.0 14:25 53.6 00:26 3.1 6.8 0.00 2.7 19.7 16:17 S 9 73.9 85.1 14:48 64.8 06:19 0.0 8.9 0.01 3.6 22.1 14:25 S 10 73.0 82.2 14:45 64.6 06:48 0.0 8.0 0.01 4.1 22.8 13:47 S 11 62.9 74.1 10:14 42.3 23:51 5.4 3.2 0.05 3.4 23.5 01:35 W 12 45.2 61.7 14:38 35.6 23:59 19.8 0.0 0.00 1.9 14.5 00:40 NNE 13 47.2 62.2 11:43 29.7 06:58 17.8 0.0 0.00 0.6 9.2 10:41 SE 14 50.8 69.8 14:14 34.3 06:53 14.6 0.4 0.00 0.4 7.6 11:19 S 15 50.3 69.1 15:39 36.1 05:55 14.9 0.2 0.00 0.7 9.2 09:34 SE 16 50.5 70.7 12:50 36.0 05:39 15.2 0.7 0.00 0.5 7.6 14:36 ENE 17 49.7 70.2 14:36 33.6 06:38 15.7 0.5 0.00 0.7 9.2 15:11 SSE 18 56.0 70.9 15:32 41.4 01:43 9.5 0.4 0.00 1.1 11.4 11:55 SSE 19 63.3 76.6 13:47 55.4 04:57 4.0 2.3 0.00 1.1 13.0 11:51 S 20 64.1 87.3 14:31 49.1 06:57 5.9 5.0 0.00 0.3 7.6 12:20 NE 21 63.7 83.1 15:14 46.2 06:38 6.1 4.8 0.00 0.8 10.7 12:04 SSE 22 65.1 79.2 14:31 53.2 04:35 3.5 3.6 0.00 1.3 16.8 14:11 S 23 58.4 67.6 13:36 44.4 23:57 6.8 0.2 0.00 4.0 23.5 09:29 NNE 24 49.3 66.2 15:09 32.7 06:26 15.8 0.0 0.00 0.9 9.2 15:22 S 25 60.9 78.4 15:30 43.0 01:30 7.4 3.3 0.00 2.0 15.9 11:32 S 26 62.2 78.6 13:29 47.5 23:53 5.4 2.6 0.01 3.5 19.7 17:23 NNW 27 45.2 61.5 15:21 36.0 23:33 19.8 0.0 0.00 2.2 15.9 09:21 N 28 50.5 69.3 15:23 33.1 05:39 14.9 0.4 0.00 1.3 13.0 11:50 SSE 29 56.5 71.6 15:20 39.2 07:24 9.5 1.0 0.00 1.7 13.0 14:21 SSE 30 64.4 78.4 14:37 51.6 04:32 3.5 2.9 0.00 2.1 13.6 13:47 SSE ---------------------------------------------------------------------------------- 59.7 92.7 1 29.7 13 254.9 95.3 0.08 1.6 23.5 11 S Max >= 80.0: 11 Max <= 32.0: 0 Min <= 32.0: 1 Min <= 0.0: 0 Max Rain: 0.05 on day 11 Days of Rain: 4 (>= 0.01 in) 0 (>= 0.10 in) 0 (>= 1.00 in) Heat Base: 65.0 Cool Base: 65.0 Method: Integration