NOAA-Style Climate Reports
Select a Year or Month report
2024: Jan Feb Mar Apr May Jun Jul Aug Sep Oct Nov Dec
2023: Jan Feb Mar Apr May Jun Jul Aug Sep Oct Nov Dec
2022: Jan Feb Mar Apr May Jun Jul Aug Sep Oct Nov Dec
2021: Jan Feb Mar Apr May Jun Jul Aug Sep Oct Nov Dec
2020: Jan Feb Mar Apr May Jun Jul Aug Sep Oct Nov Dec
2019: Jan Feb Mar Apr May Jun Jul Aug Sep Oct Nov Dec
2018: Jan Feb Mar Apr May Jun Jul Aug Sep Oct Nov Dec
2017: Jan Feb Mar Apr May Jun Jul Aug Sep Oct Nov Dec
2016: Jan Feb Mar Apr May Jun Jul Aug Sep Oct Nov Dec
2015: Jan Feb Mar Apr May Jun Jul Aug Sep Oct Nov Dec
2014: Jan Feb Mar Apr May Jun Jul Aug Sep Oct Nov Dec
2013: Jan Feb Mar Apr May Jun Jul Aug Sep Oct Nov Dec
2012: Jan Feb Mar Apr May Jun Jul Aug Sep Oct Nov Dec
2024: Jan Feb Mar Apr May Jun Jul Aug Sep Oct Nov Dec
2023: Jan Feb Mar Apr May Jun Jul Aug Sep Oct Nov Dec
2022: Jan Feb Mar Apr May Jun Jul Aug Sep Oct Nov Dec
2021: Jan Feb Mar Apr May Jun Jul Aug Sep Oct Nov Dec
2020: Jan Feb Mar Apr May Jun Jul Aug Sep Oct Nov Dec
2019: Jan Feb Mar Apr May Jun Jul Aug Sep Oct Nov Dec
2018: Jan Feb Mar Apr May Jun Jul Aug Sep Oct Nov Dec
2017: Jan Feb Mar Apr May Jun Jul Aug Sep Oct Nov Dec
2016: Jan Feb Mar Apr May Jun Jul Aug Sep Oct Nov Dec
2015: Jan Feb Mar Apr May Jun Jul Aug Sep Oct Nov Dec
2014: Jan Feb Mar Apr May Jun Jul Aug Sep Oct Nov Dec
2013: Jan Feb Mar Apr May Jun Jul Aug Sep Oct Nov Dec
2012: Jan Feb Mar Apr May Jun Jul Aug Sep Oct Nov Dec
Report for 2013 June
Monthly Climatological Summary for Jun 2013 Name: Timber Creek City: Flower Mound State: Texas Elevation: 609 ft Lat: N 33° 03' 28" Lon: E 097° 03' 10" Temperature (°F), Rain (in), Wind Speed (mph) Heat Cool Avg Mean Deg Deg Wind Dom Day Temp High Time Low Time Days Days Rain Speed High Time Dir ---------------------------------------------------------------------------------- 1 80.1 90.9 12:36 73.2 23:59 0.0 15.1 0.00 3.2 21.3 02:23 S 2 76.0 86.5 15:34 64.4 07:13 0.0 11.0 0.00 2.2 13.6 12:34 N 3 79.1 95.9 17:49 61.2 05:56 0.4 14.6 0.00 1.1 10.7 10:36 SSE 4 83.1 95.7 17:48 72.3 06:07 0.0 18.1 0.00 2.5 15.2 13:21 SSE 5 84.7 96.4 18:16 74.5 06:09 0.0 19.7 0.00 1.4 14.5 14:21 SSE 6 74.9 82.9 18:10 66.7 06:24 0.0 9.9 0.17 2.0 13.6 05:09 NNE 7 75.8 88.7 16:31 62.1 05:40 0.4 11.2 0.00 1.3 13.6 13:35 N 8 79.1 94.3 15:23 60.8 05:56 0.6 14.7 0.00 1.4 13.0 10:51 SSE 9 79.5 95.9 17:37 67.1 08:28 0.0 14.5 1.25 1.3 16.8 05:17 NNW 10 86.5 103.8 16:11 67.6 05:57 0.0 21.5 0.00 0.9 13.6 09:25 SW 11 87.4 98.2 14:59 74.1 06:23 0.0 22.4 0.00 1.5 13.6 13:29 S 12 88.0 100.4 15:37 76.3 06:36 0.0 23.0 0.00 1.6 15.2 10:17 S 13 90.6 106.9 17:36 74.7 06:14 0.0 25.6 0.00 0.8 10.7 09:45 SSW 14 90.1 104.7 16:47 73.6 06:15 0.0 25.1 0.00 0.3 6.9 12:14 SW 15 84.8 98.6 16:53 73.6 05:31 0.0 19.8 0.01 0.8 22.8 04:39 SSE 16 88.7 101.8 14:40 73.0 05:40 0.0 23.7 0.00 1.0 11.4 14:47 S 17 82.9 97.3 15:40 68.4 07:56 0.0 17.9 0.67 1.3 19.7 07:23 NW 18 78.9 91.8 17:58 66.9 05:53 0.0 13.9 1.13 1.4 13.6 07:01 NNE 19 83.8 98.2 14:45 69.6 04:45 0.0 18.8 0.00 0.9 12.1 20:24 SSE 20 87.8 98.8 17:07 76.6 05:59 0.0 22.8 0.00 1.6 15.2 15:36 S 21 88.6 98.8 15:53 77.2 06:29 0.0 23.6 0.00 1.9 15.2 14:54 S 22 88.4 99.1 17:33 75.2 06:36 0.0 23.4 0.00 2.0 15.2 15:30 S 23 88.9 99.7 17:33 77.7 06:31 0.0 23.9 0.00 2.1 15.9 18:19 S 24 88.6 99.7 16:48 77.2 06:15 0.0 23.6 0.00 2.3 17.4 16:32 S 25 89.5 100.6 17:39 78.3 05:57 0.0 24.5 0.00 2.7 17.4 11:45 S 26 89.9 102.7 17:19 77.7 06:40 0.0 24.9 0.00 2.2 30.4 17:40 SSW 27 92.6 107.6 17:34 79.3 06:22 0.0 27.6 0.00 1.1 10.7 10:52 S 28 91.4 105.8 13:25 77.5 05:31 0.0 26.4 0.00 1.2 13.6 15:53 N 29 87.7 100.2 16:43 74.1 04:26 0.0 22.7 0.00 1.6 13.6 17:13 N 30 84.0 94.1 16:30 73.8 03:18 0.0 19.0 0.00 2.3 15.2 14:31 N ---------------------------------------------------------------------------------- 85.0 107.6 27 60.8 8 1.4 602.9 3.23 1.6 30.4 26 S Max >= 80.0: 30 Max <= 32.0: 0 Min <= 32.0: 0 Min <= 0.0: 0 Max Rain: 1.25 on day 9 Days of Rain: 5 (>= 0.01 in) 4 (>= 0.10 in) 2 (>= 1.00 in) Heat Base: 65.0 Cool Base: 65.0 Method: Integration