NOAA-Style Climate Reports
Select a Year or Month report
2024: Jan Feb Mar Apr May Jun Jul Aug Sep Oct Nov Dec
2023: Jan Feb Mar Apr May Jun Jul Aug Sep Oct Nov Dec
2022: Jan Feb Mar Apr May Jun Jul Aug Sep Oct Nov Dec
2021: Jan Feb Mar Apr May Jun Jul Aug Sep Oct Nov Dec
2020: Jan Feb Mar Apr May Jun Jul Aug Sep Oct Nov Dec
2019: Jan Feb Mar Apr May Jun Jul Aug Sep Oct Nov Dec
2018: Jan Feb Mar Apr May Jun Jul Aug Sep Oct Nov Dec
2017: Jan Feb Mar Apr May Jun Jul Aug Sep Oct Nov Dec
2016: Jan Feb Mar Apr May Jun Jul Aug Sep Oct Nov Dec
2015: Jan Feb Mar Apr May Jun Jul Aug Sep Oct Nov Dec
2014: Jan Feb Mar Apr May Jun Jul Aug Sep Oct Nov Dec
2013: Jan Feb Mar Apr May Jun Jul Aug Sep Oct Nov Dec
2012: Jan Feb Mar Apr May Jun Jul Aug Sep Oct Nov Dec
2024: Jan Feb Mar Apr May Jun Jul Aug Sep Oct Nov Dec
2023: Jan Feb Mar Apr May Jun Jul Aug Sep Oct Nov Dec
2022: Jan Feb Mar Apr May Jun Jul Aug Sep Oct Nov Dec
2021: Jan Feb Mar Apr May Jun Jul Aug Sep Oct Nov Dec
2020: Jan Feb Mar Apr May Jun Jul Aug Sep Oct Nov Dec
2019: Jan Feb Mar Apr May Jun Jul Aug Sep Oct Nov Dec
2018: Jan Feb Mar Apr May Jun Jul Aug Sep Oct Nov Dec
2017: Jan Feb Mar Apr May Jun Jul Aug Sep Oct Nov Dec
2016: Jan Feb Mar Apr May Jun Jul Aug Sep Oct Nov Dec
2015: Jan Feb Mar Apr May Jun Jul Aug Sep Oct Nov Dec
2014: Jan Feb Mar Apr May Jun Jul Aug Sep Oct Nov Dec
2013: Jan Feb Mar Apr May Jun Jul Aug Sep Oct Nov Dec
2012: Jan Feb Mar Apr May Jun Jul Aug Sep Oct Nov Dec
Report for 2014 February
Monthly Climatological Summary for Feb 2014 Name: Timber Creek City: Flower Mound State: Texas Elevation: 609 ft Lat: N 33° 03' 28" Lon: E 097° 03' 10" Temperature (°F), Rain (in), Wind Speed (mph) Heat Cool Avg Mean Deg Deg Wind Dom Day Temp High Time Low Time Days Days Rain Speed High Time Dir ---------------------------------------------------------------------------------- 1 48.1 65.5 01:46 38.3 23:55 16.9 0.0 0.00 4.1 19.7 22:14 N 2 31.9 38.3 00:00 27.7 17:29 33.1 0.0 0.27 2.6 20.6 00:37 NNE 3 33.6 41.2 15:09 28.0 06:30 31.5 0.0 0.01 1.0 9.8 15:26 ENE 4 40.8 47.7 16:16 35.4 05:07 24.2 0.0 0.17 1.7 15.9 22:13 WNW 5 27.5 36.3 00:00 19.8 23:59 37.5 0.0 0.00 6.6 24.4 01:44 N 6 19.9 25.0 14:44 14.7 07:18 45.0 0.0 0.00 4.5 19.7 05:45 NNE 7 27.7 33.4 12:49 21.9 00:00 37.3 0.0 0.00 1.6 8.3 00:18 SE 8 40.0 57.4 16:24 30.9 00:21 25.0 0.0 0.00 1.8 13.0 15:30 S 9 39.9 46.2 14:14 34.0 01:23 25.1 0.0 0.00 2.2 15.2 18:26 NNE 10 30.9 37.6 06:54 28.2 23:47 34.1 0.0 0.04 4.9 17.4 06:17 NNE 11 30.5 37.9 14:15 26.2 08:07 34.4 0.0 0.00 3.9 15.9 10:36 NNE 12 39.7 55.0 14:49 28.2 03:53 25.3 0.0 0.00 1.8 13.6 15:36 NNW 13 49.1 71.8 15:58 28.2 04:28 16.7 0.8 0.00 1.3 10.7 13:57 S 14 55.6 71.2 14:31 43.0 23:50 10.4 1.0 0.00 3.8 27.3 13:14 N 15 53.3 72.1 15:30 32.4 07:12 12.7 1.0 0.00 1.6 17.4 15:22 S 16 60.8 77.4 16:07 43.0 05:22 6.6 2.5 0.00 2.3 19.0 16:53 S 17 63.1 75.9 15:24 47.1 23:59 4.5 2.6 0.00 2.9 22.1 09:50 N 18 62.3 86.4 15:59 37.0 06:11 8.7 6.1 0.00 1.5 15.2 14:54 SSW 19 64.8 69.1 17:20 59.9 01:14 1.4 1.2 0.00 2.5 19.0 13:12 S 21 65.7 75.4 10:34 36.0 11:08 2.2 3.0 12.20 2.6 22.1 11:13 WSW 22 63.4 79.2 15:41 49.5 06:11 4.8 3.2 0.00 2.5 16.8 14:47 S 23 59.8 72.1 11:16 48.2 23:52 6.2 1.0 0.00 3.5 18.3 16:24 NNE 24 48.3 54.3 15:11 40.1 07:10 16.7 0.0 0.00 2.2 10.7 00:30 NE 25 48.1 52.0 00:00 41.7 22:36 16.9 0.0 0.01 3.9 19.0 21:25 NNE 26 36.7 43.5 15:09 30.2 07:57 28.3 0.0 0.00 5.4 25.9 01:52 N 27 42.9 59.9 15:25 22.5 06:48 22.0 0.0 0.00 1.5 15.2 14:36 S 28 60.9 87.6 16:07 43.2 06:53 8.6 4.5 0.00 2.8 18.3 04:58 S ---------------------------------------------------------------------------------- 46.1 87.6 28 14.7 6 536.1 26.9 12.70 2.9 27.3 14 NNE Max >= 80.0: 2 Max <= 32.0: 1 Min <= 32.0: 12 Min <= 0.0: 0 Max Rain: 12.20 on day 21 Days of Rain: 6 (>= 0.01 in) 3 (>= 0.10 in) 1 (>= 1.00 in) Heat Base: 65.0 Cool Base: 65.0 Method: Integration