NOAA-Style Climate Reports
Select a Year or Month report
2024: Jan Feb Mar Apr May Jun Jul Aug Sep Oct Nov Dec
2023: Jan Feb Mar Apr May Jun Jul Aug Sep Oct Nov Dec
2022: Jan Feb Mar Apr May Jun Jul Aug Sep Oct Nov Dec
2021: Jan Feb Mar Apr May Jun Jul Aug Sep Oct Nov Dec
2020: Jan Feb Mar Apr May Jun Jul Aug Sep Oct Nov Dec
2019: Jan Feb Mar Apr May Jun Jul Aug Sep Oct Nov Dec
2018: Jan Feb Mar Apr May Jun Jul Aug Sep Oct Nov Dec
2017: Jan Feb Mar Apr May Jun Jul Aug Sep Oct Nov Dec
2016: Jan Feb Mar Apr May Jun Jul Aug Sep Oct Nov Dec
2015: Jan Feb Mar Apr May Jun Jul Aug Sep Oct Nov Dec
2014: Jan Feb Mar Apr May Jun Jul Aug Sep Oct Nov Dec
2013: Jan Feb Mar Apr May Jun Jul Aug Sep Oct Nov Dec
2012: Jan Feb Mar Apr May Jun Jul Aug Sep Oct Nov Dec
2024: Jan Feb Mar Apr May Jun Jul Aug Sep Oct Nov Dec
2023: Jan Feb Mar Apr May Jun Jul Aug Sep Oct Nov Dec
2022: Jan Feb Mar Apr May Jun Jul Aug Sep Oct Nov Dec
2021: Jan Feb Mar Apr May Jun Jul Aug Sep Oct Nov Dec
2020: Jan Feb Mar Apr May Jun Jul Aug Sep Oct Nov Dec
2019: Jan Feb Mar Apr May Jun Jul Aug Sep Oct Nov Dec
2018: Jan Feb Mar Apr May Jun Jul Aug Sep Oct Nov Dec
2017: Jan Feb Mar Apr May Jun Jul Aug Sep Oct Nov Dec
2016: Jan Feb Mar Apr May Jun Jul Aug Sep Oct Nov Dec
2015: Jan Feb Mar Apr May Jun Jul Aug Sep Oct Nov Dec
2014: Jan Feb Mar Apr May Jun Jul Aug Sep Oct Nov Dec
2013: Jan Feb Mar Apr May Jun Jul Aug Sep Oct Nov Dec
2012: Jan Feb Mar Apr May Jun Jul Aug Sep Oct Nov Dec
Report for 2014 July
Monthly Climatological Summary for Jul 2014 Name: Timber Creek City: Flower Mound State: Texas Elevation: 609 ft Lat: N 33° 03' 28" Lon: E 097° 03' 10" Temperature (°F), Rain (in), Wind Speed (mph) Heat Cool Avg Mean Deg Deg Wind Dom Day Temp High Time Low Time Days Days Rain Speed High Time Dir ---------------------------------------------------------------------------------- 1 87.1 100.9 11:43 74.5 06:27 0.0 22.1 0.00 1.9 19.7 01:09 SSW 2 84.9 97.7 14:50 75.9 06:24 0.0 19.9 0.00 1.2 13.6 10:54 NNE 3 79.7 90.1 17:57 70.0 05:24 0.0 14.7 0.01 1.6 17.4 03:25 NNE 4 84.5 102.4 15:40 71.4 02:47 4.1 18.4 0.00 1.1 13.0 17:40 SE 5 86.3 98.6 18:44 74.5 05:10 0.0 21.3 0.00 1.3 11.4 19:26 S 6 87.5 102.0 15:43 74.7 06:07 0.0 22.5 0.00 1.3 11.4 12:08 SSW 7 87.9 104.7 14:57 76.5 06:28 0.0 22.9 0.00 1.2 14.5 16:29 SSW 8 90.4 105.6 16:47 78.1 07:14 0.0 25.4 0.00 1.3 13.0 16:50 SSW 9 89.8 103.3 16:57 77.2 06:42 0.0 24.8 0.00 1.0 9.2 02:34 S 10 90.8 102.7 17:07 78.8 06:32 0.0 25.8 0.00 1.7 13.0 14:31 SSW 11 89.0 100.9 16:15 75.7 06:32 0.0 23.8 0.00 1.6 13.6 12:22 S 12 89.3 103.5 16:28 72.5 05:56 0.0 24.4 0.00 1.0 14.5 13:57 S 13 91.6 107.4 16:46 74.3 05:11 0.0 26.6 0.00 0.8 11.4 10:15 SSW 14 88.5 107.8 13:58 77.2 23:57 0.0 23.5 0.11 0.9 13.6 18:31 SSW 15 83.5 94.6 13:53 74.3 03:47 0.0 18.5 0.00 2.3 15.9 07:56 NNE 16 81.6 95.7 15:33 68.9 05:30 0.0 16.6 0.00 1.5 13.0 20:50 SE 17 72.3 80.1 00:11 62.6 11:08 0.0 7.3 0.91 1.6 10.7 06:34 ESE 18 70.0 80.1 15:19 63.0 06:15 0.1 5.1 0.01 1.8 12.1 14:07 NNE 19 73.5 83.8 17:45 66.7 23:50 0.0 8.5 0.00 0.7 6.9 17:38 SE 20 80.5 98.1 16:51 64.8 02:08 0.0 15.5 0.00 1.0 9.8 10:56 S 21 87.3 102.4 16:40 72.3 04:34 0.0 22.3 0.00 1.3 9.8 08:54 SSE 22 88.8 100.6 15:37 77.0 06:25 0.0 23.8 0.00 1.2 8.3 08:36 SE 25 76.2 91.2 21:38 36.0 21:36 11.6 12.2 12.00 2.1 9.8 22:27 N 26 92.4 105.4 16:14 78.3 06:37 0.0 27.4 0.00 1.7 12.1 10:48 SSW 27 93.6 110.1 15:32 80.1 06:42 0.0 28.6 0.00 1.3 12.1 02:15 SSW 28 87.0 96.6 13:30 77.7 23:59 0.0 22.0 0.00 2.2 20.6 15:34 NNE 29 78.0 87.6 12:42 70.5 05:20 0.0 13.0 0.00 0.3 7.6 13:38 NNW 30 80.1 91.9 18:45 70.9 01:13 0.0 15.1 0.13 1.5 17.4 23:50 SSE 31 74.0 82.0 00:00 70.3 21:29 0.0 9.0 0.00 2.4 15.9 14:18 N ---------------------------------------------------------------------------------- 84.3 110.1 27 36.0 25 15.8 561.0 13.17 1.4 20.6 28 SSE Max >= 80.0: 29 Max <= 32.0: 0 Min <= 32.0: 0 Min <= 0.0: 0 Max Rain: 12.00 on day 25 Days of Rain: 6 (>= 0.01 in) 4 (>= 0.10 in) 1 (>= 1.00 in) Heat Base: 65.0 Cool Base: 65.0 Method: Integration