NOAA-Style Climate Reports
Select a Year or Month report
2024: Jan Feb Mar Apr May Jun Jul Aug Sep Oct Nov Dec
2023: Jan Feb Mar Apr May Jun Jul Aug Sep Oct Nov Dec
2022: Jan Feb Mar Apr May Jun Jul Aug Sep Oct Nov Dec
2021: Jan Feb Mar Apr May Jun Jul Aug Sep Oct Nov Dec
2020: Jan Feb Mar Apr May Jun Jul Aug Sep Oct Nov Dec
2019: Jan Feb Mar Apr May Jun Jul Aug Sep Oct Nov Dec
2018: Jan Feb Mar Apr May Jun Jul Aug Sep Oct Nov Dec
2017: Jan Feb Mar Apr May Jun Jul Aug Sep Oct Nov Dec
2016: Jan Feb Mar Apr May Jun Jul Aug Sep Oct Nov Dec
2015: Jan Feb Mar Apr May Jun Jul Aug Sep Oct Nov Dec
2014: Jan Feb Mar Apr May Jun Jul Aug Sep Oct Nov Dec
2013: Jan Feb Mar Apr May Jun Jul Aug Sep Oct Nov Dec
2012: Jan Feb Mar Apr May Jun Jul Aug Sep Oct Nov Dec
2024: Jan Feb Mar Apr May Jun Jul Aug Sep Oct Nov Dec
2023: Jan Feb Mar Apr May Jun Jul Aug Sep Oct Nov Dec
2022: Jan Feb Mar Apr May Jun Jul Aug Sep Oct Nov Dec
2021: Jan Feb Mar Apr May Jun Jul Aug Sep Oct Nov Dec
2020: Jan Feb Mar Apr May Jun Jul Aug Sep Oct Nov Dec
2019: Jan Feb Mar Apr May Jun Jul Aug Sep Oct Nov Dec
2018: Jan Feb Mar Apr May Jun Jul Aug Sep Oct Nov Dec
2017: Jan Feb Mar Apr May Jun Jul Aug Sep Oct Nov Dec
2016: Jan Feb Mar Apr May Jun Jul Aug Sep Oct Nov Dec
2015: Jan Feb Mar Apr May Jun Jul Aug Sep Oct Nov Dec
2014: Jan Feb Mar Apr May Jun Jul Aug Sep Oct Nov Dec
2013: Jan Feb Mar Apr May Jun Jul Aug Sep Oct Nov Dec
2012: Jan Feb Mar Apr May Jun Jul Aug Sep Oct Nov Dec
Report for 2014 November
Monthly Climatological Summary for Nov 2014 Name: Timber Creek City: Flower Mound State: Texas Elevation: 609 ft Lat: N 33° 03' 28" Lon: E 097° 03' 10" Temperature (°F), Rain (in), Wind Speed (mph) Heat Cool Avg Mean Deg Deg Wind Dom Day Temp High Time Low Time Days Days Rain Speed High Time Dir ---------------------------------------------------------------------------------- 1 51.3 64.2 16:15 39.0 07:26 13.7 0.0 0.00 1.6 14.5 10:44 SE 2 56.5 69.3 14:07 45.5 06:31 9.3 0.4 0.00 2.5 14.5 11:58 SSE 3 65.8 79.2 14:10 54.3 03:14 3.6 4.5 0.00 2.7 17.4 12:55 S 4 59.6 70.3 01:57 46.0 22:28 6.1 0.7 1.05 2.1 21.3 08:08 NNE 5 53.5 58.5 16:20 45.0 08:50 11.5 0.0 0.22 1.0 9.2 00:56 N 6 44.0 50.4 00:00 43.3 04:51 21.0 0.0 0.00 0.0 5.4 02:35 NNW 7 43.3 43.3 00:00 43.3 00:00 21.7 0.0 0.00 0.0 0.0 00:00 --- 8 45.3 59.7 18:45 36.0 18:45 31.2 0.0 9.86 0.1 8.5 18:43 N 9 57.9 78.3 15:12 39.4 06:44 9.5 2.4 0.00 1.3 13.6 14:48 S 10 67.5 82.9 14:18 54.0 02:33 3.4 5.8 0.00 3.2 23.5 14:44 S 11 44.6 67.6 00:00 37.4 23:58 20.6 0.1 0.00 4.9 23.5 01:55 N 12 35.0 42.1 13:33 30.6 07:09 30.0 0.0 0.00 5.4 20.6 14:39 N 13 32.6 41.2 15:20 27.7 23:49 32.4 0.0 0.00 3.4 19.0 07:12 N 14 35.4 45.3 15:14 25.9 03:37 29.6 0.0 0.00 0.9 6.9 14:09 SE 15 42.0 49.3 09:41 37.2 03:38 23.0 0.0 0.01 2.5 14.5 13:41 SSE 16 36.3 43.2 03:20 27.1 23:24 28.8 0.0 0.06 3.1 21.3 14:34 N 17 32.7 46.6 14:54 23.0 06:31 32.3 0.0 0.00 2.1 15.9 14:12 N 18 41.6 62.2 14:44 23.0 04:22 23.4 0.0 0.00 1.2 13.0 11:44 SW 19 49.8 70.0 14:24 35.1 07:21 15.6 0.4 0.00 1.2 13.0 10:35 SSW 20 57.0 76.6 14:56 38.3 01:57 9.9 2.0 0.00 1.0 15.2 13:37 S 21 63.4 68.9 14:40 59.5 08:27 2.1 0.5 0.02 2.0 13.6 23:29 SSE 22 59.6 63.9 01:56 55.6 22:54 5.4 0.0 0.63 1.8 17.4 02:06 SSE 23 54.1 55.9 00:00 53.4 05:57 10.9 0.0 0.00 0.0 5.4 00:09 SSE 24 54.0 54.0 00:00 54.0 00:00 11.0 0.0 0.00 0.0 2.2 00:00 --- 25 54.0 54.0 00:00 54.0 00:00 11.0 0.0 0.00 0.0 2.2 00:00 --- 26 54.0 54.0 00:00 54.0 00:00 11.0 0.0 0.00 0.0 2.2 00:00 --- 27 54.0 54.0 00:00 54.0 00:00 11.0 0.0 0.00 0.0 2.2 00:00 --- 28 54.0 54.0 00:00 54.0 00:00 11.0 0.0 0.00 0.0 2.2 00:00 --- 29 54.0 54.0 00:00 54.0 00:00 5.3 0.0 0.00 0.0 2.2 00:00 --- 30 70.8 82.9 14:35 0.0 00:24 12.2 6.3 0.00 2.9 22.1 09:59 N ---------------------------------------------------------------------------------- 50.8 82.9 10 0.0 30 467.5 23.1 11.85 1.6 23.5 10 NE Max >= 80.0: 2 Max <= 32.0: 0 Min <= 32.0: 7 Min <= 0.0: 1 Max Rain: 9.86 on day 8 Days of Rain: 7 (>= 0.01 in) 4 (>= 0.10 in) 2 (>= 1.00 in) Heat Base: 65.0 Cool Base: 65.0 Method: Integration