NOAA-Style Climate Reports
Select a Year or Month report
2024: Jan Feb Mar Apr May Jun Jul Aug Sep Oct Nov Dec
2023: Jan Feb Mar Apr May Jun Jul Aug Sep Oct Nov Dec
2022: Jan Feb Mar Apr May Jun Jul Aug Sep Oct Nov Dec
2021: Jan Feb Mar Apr May Jun Jul Aug Sep Oct Nov Dec
2020: Jan Feb Mar Apr May Jun Jul Aug Sep Oct Nov Dec
2019: Jan Feb Mar Apr May Jun Jul Aug Sep Oct Nov Dec
2018: Jan Feb Mar Apr May Jun Jul Aug Sep Oct Nov Dec
2017: Jan Feb Mar Apr May Jun Jul Aug Sep Oct Nov Dec
2016: Jan Feb Mar Apr May Jun Jul Aug Sep Oct Nov Dec
2015: Jan Feb Mar Apr May Jun Jul Aug Sep Oct Nov Dec
2014: Jan Feb Mar Apr May Jun Jul Aug Sep Oct Nov Dec
2013: Jan Feb Mar Apr May Jun Jul Aug Sep Oct Nov Dec
2012: Jan Feb Mar Apr May Jun Jul Aug Sep Oct Nov Dec
2024: Jan Feb Mar Apr May Jun Jul Aug Sep Oct Nov Dec
2023: Jan Feb Mar Apr May Jun Jul Aug Sep Oct Nov Dec
2022: Jan Feb Mar Apr May Jun Jul Aug Sep Oct Nov Dec
2021: Jan Feb Mar Apr May Jun Jul Aug Sep Oct Nov Dec
2020: Jan Feb Mar Apr May Jun Jul Aug Sep Oct Nov Dec
2019: Jan Feb Mar Apr May Jun Jul Aug Sep Oct Nov Dec
2018: Jan Feb Mar Apr May Jun Jul Aug Sep Oct Nov Dec
2017: Jan Feb Mar Apr May Jun Jul Aug Sep Oct Nov Dec
2016: Jan Feb Mar Apr May Jun Jul Aug Sep Oct Nov Dec
2015: Jan Feb Mar Apr May Jun Jul Aug Sep Oct Nov Dec
2014: Jan Feb Mar Apr May Jun Jul Aug Sep Oct Nov Dec
2013: Jan Feb Mar Apr May Jun Jul Aug Sep Oct Nov Dec
2012: Jan Feb Mar Apr May Jun Jul Aug Sep Oct Nov Dec
Report for 2016 February
Monthly Climatological Summary for Feb 2016 Name: Timber Creek City: Flower Mound State: Texas Elevation: 609 ft Lat: N 33° 03' 28" Lon: E 097° 03' 10" Temperature (°F), Rain (in), Wind Speed (mph) Heat Cool Avg Mean Deg Deg Wind Dom Day Temp High Time Low Time Days Days Rain Speed High Time Dir ---------------------------------------------------------------------------------- 1 57.2 70.7 16:49 39.6 07:20 8.9 1.1 0.00 2.1 17.4 14:34 SE 2 57.7 70.3 15:09 43.3 23:58 8.2 0.9 0.00 2.1 17.4 22:24 WNW 3 42.9 53.4 15:09 32.9 07:33 22.1 0.0 0.00 3.3 20.6 09:59 NNW 4 42.0 59.9 14:10 27.3 06:16 23.0 0.0 0.00 0.5 14.5 14:16 WNW 5 46.6 61.9 15:07 30.4 05:29 18.3 0.0 0.00 2.1 16.8 13:37 SSE 6 43.8 54.3 16:40 34.9 06:15 21.6 0.0 0.01 1.3 15.9 09:31 N 7 50.2 70.3 15:08 33.3 06:50 15.3 0.6 0.00 0.9 14.5 23:37 SSW 8 48.3 57.7 15:14 39.6 07:07 16.7 0.0 0.01 3.8 25.1 13:27 NW 9 49.2 64.9 15:10 34.5 04:35 15.8 0.0 0.00 2.3 17.4 14:44 NNW 10 54.4 77.9 15:43 30.9 06:34 12.7 2.1 0.00 1.1 13.6 11:42 SSW 11 62.2 77.0 15:50 42.1 07:24 6.1 3.3 0.00 1.0 15.2 00:19 NNW 12 56.4 73.0 14:56 42.1 06:59 9.8 1.2 0.00 1.8 13.0 15:43 N 13 54.3 68.2 15:25 38.5 07:18 10.9 0.2 0.00 3.0 14.5 22:49 ESE 14 61.3 67.5 16:07 55.8 23:59 4.0 0.3 0.00 1.9 17.4 03:38 SSE 15 59.8 73.6 13:57 47.5 23:18 6.8 1.6 0.00 2.7 19.0 14:10 NNW 16 59.7 74.1 14:07 46.6 01:43 7.4 2.1 0.00 2.1 17.4 10:37 NNW 17 56.6 73.4 15:32 37.6 06:07 9.9 1.5 0.00 1.5 12.1 09:51 SSE 18 65.1 77.5 15:19 51.6 07:15 3.6 3.7 0.00 3.8 21.3 15:41 SSE 19 70.1 82.2 16:08 60.8 06:12 0.9 6.0 0.00 2.5 16.8 00:17 S 20 70.4 81.5 14:47 65.1 04:15 0.0 5.4 0.00 2.4 15.2 12:20 S 21 64.3 71.6 10:55 52.9 23:58 1.9 1.2 0.26 1.6 15.2 19:45 N 22 55.5 63.0 14:09 48.4 01:41 9.5 0.0 0.17 2.6 13.0 06:11 NNE 23 48.2 72.5 11:37 40.5 18:11 17.3 0.2 0.86 4.9 25.9 17:56 NNE 24 50.1 63.0 15:18 37.9 07:12 18.4 0.0 0.00 3.1 19.7 13:40 NW 25 49.5 61.0 14:20 0.0 00:00 15.3 0.0 0.00 2.9 16.8 13:58 NNW 26 49.3 66.7 15:13 29.7 06:23 15.7 0.0 0.00 0.5 9.2 12:29 S 27 59.1 76.6 15:12 43.2 01:59 8.8 2.9 0.00 1.4 14.5 17:09 S 28 63.6 82.4 15:14 54.1 04:46 4.7 3.3 0.02 1.8 15.9 01:41 S 29 64.0 78.3 14:51 45.3 06:30 4.7 3.8 0.00 1.7 15.9 17:27 SE ---------------------------------------------------------------------------------- 55.6 82.4 28 0.0 25 318.3 41.4 1.33 2.2 25.9 23 NNW Max >= 80.0: 3 Max <= 32.0: 0 Min <= 32.0: 5 Min <= 0.0: 1 Max Rain: 0.86 on day 23 Days of Rain: 6 (>= 0.01 in) 3 (>= 0.10 in) 0 (>= 1.00 in) Heat Base: 65.0 Cool Base: 65.0 Method: Integration