NOAA-Style Climate Reports
Select a Year or Month report
2024: Jan Feb Mar Apr May Jun Jul Aug Sep Oct Nov Dec
2023: Jan Feb Mar Apr May Jun Jul Aug Sep Oct Nov Dec
2022: Jan Feb Mar Apr May Jun Jul Aug Sep Oct Nov Dec
2021: Jan Feb Mar Apr May Jun Jul Aug Sep Oct Nov Dec
2020: Jan Feb Mar Apr May Jun Jul Aug Sep Oct Nov Dec
2019: Jan Feb Mar Apr May Jun Jul Aug Sep Oct Nov Dec
2018: Jan Feb Mar Apr May Jun Jul Aug Sep Oct Nov Dec
2017: Jan Feb Mar Apr May Jun Jul Aug Sep Oct Nov Dec
2016: Jan Feb Mar Apr May Jun Jul Aug Sep Oct Nov Dec
2015: Jan Feb Mar Apr May Jun Jul Aug Sep Oct Nov Dec
2014: Jan Feb Mar Apr May Jun Jul Aug Sep Oct Nov Dec
2013: Jan Feb Mar Apr May Jun Jul Aug Sep Oct Nov Dec
2012: Jan Feb Mar Apr May Jun Jul Aug Sep Oct Nov Dec
2024: Jan Feb Mar Apr May Jun Jul Aug Sep Oct Nov Dec
2023: Jan Feb Mar Apr May Jun Jul Aug Sep Oct Nov Dec
2022: Jan Feb Mar Apr May Jun Jul Aug Sep Oct Nov Dec
2021: Jan Feb Mar Apr May Jun Jul Aug Sep Oct Nov Dec
2020: Jan Feb Mar Apr May Jun Jul Aug Sep Oct Nov Dec
2019: Jan Feb Mar Apr May Jun Jul Aug Sep Oct Nov Dec
2018: Jan Feb Mar Apr May Jun Jul Aug Sep Oct Nov Dec
2017: Jan Feb Mar Apr May Jun Jul Aug Sep Oct Nov Dec
2016: Jan Feb Mar Apr May Jun Jul Aug Sep Oct Nov Dec
2015: Jan Feb Mar Apr May Jun Jul Aug Sep Oct Nov Dec
2014: Jan Feb Mar Apr May Jun Jul Aug Sep Oct Nov Dec
2013: Jan Feb Mar Apr May Jun Jul Aug Sep Oct Nov Dec
2012: Jan Feb Mar Apr May Jun Jul Aug Sep Oct Nov Dec
Report for 2016 March
Monthly Climatological Summary for Mar 2016 Name: Timber Creek City: Flower Mound State: Texas Elevation: 609 ft Lat: N 33° 03' 28" Lon: E 097° 03' 10" Temperature (°F), Rain (in), Wind Speed (mph) Heat Cool Avg Mean Deg Deg Wind Dom Day Temp High Time Low Time Days Days Rain Speed High Time Dir ---------------------------------------------------------------------------------- 1 63.8 72.0 08:12 48.2 22:58 2.9 1.7 0.00 3.5 24.4 10:39 NNW 2 58.9 73.2 15:22 40.1 05:17 7.7 1.7 0.00 2.6 18.3 13:52 SSE 3 63.0 74.5 13:59 46.8 23:58 4.1 2.1 0.01 3.5 25.1 11:41 NNW 4 57.7 74.5 12:56 38.3 06:26 9.4 2.1 0.00 1.0 11.4 12:11 SE 5 63.2 81.9 15:13 43.5 06:44 6.5 4.8 0.00 0.8 10.7 15:48 ESE 6 65.4 75.6 13:36 53.1 00:59 3.1 3.5 0.02 2.7 19.0 14:34 SSE 7 65.4 74.1 15:13 57.6 22:49 1.4 1.8 0.12 4.1 19.7 00:34 SE 8 63.1 72.3 17:18 44.4 08:55 2.8 0.9 1.24 1.8 29.8 08:44 SE 9 59.6 62.8 13:12 56.8 08:54 5.4 0.0 0.37 1.9 13.0 13:58 NNE 10 59.7 65.8 09:02 53.4 01:35 5.3 0.0 0.24 3.6 15.9 14:31 N 11 58.2 60.4 23:29 50.7 09:58 6.8 0.0 0.09 3.0 15.2 12:42 N 12 64.0 76.1 13:29 58.1 23:24 3.0 2.0 0.08 1.1 11.4 16:07 SE 13 65.5 84.0 15:37 55.2 05:18 3.7 4.2 38.34 1.5 20.6 12:46 SW 14 73.8 91.9 14:39 21.4 03:26 4.4 13.2 0.00 2.2 13.0 14:29 S 15 90.9 90.9 00:00 90.9 00:00 0.0 25.9 0.00 3.8 9.8 00:00 SW 16 85.7 90.9 00:04 78.1 13:34 0.0 20.7 0.00 3.1 11.4 13:34 SSW 17 64.4 79.9 00:04 51.1 09:40 3.4 2.7 0.00 2.2 16.8 11:41 NE 18 57.9 67.3 10:52 50.4 23:59 7.1 0.0 0.00 3.0 21.5 23:13 N 19 49.9 140.0 17:43 41.2 07:50 15.3 0.2 0.00 5.3 18.1 01:35 N 20 46.9 55.9 17:10 37.9 06:48 18.3 0.0 0.00 3.3 18.8 12:45 N 21 51.4 68.0 16:02 34.5 04:19 13.7 0.2 0.00 2.2 16.1 18:50 N 22 62.3 77.0 16:04 48.9 07:18 5.7 3.0 0.00 4.6 28.9 16:10 S 23 71.1 82.9 15:30 59.9 23:57 0.3 6.5 0.84 5.1 27.5 10:56 S 24 53.5 63.1 16:26 43.2 07:21 11.5 0.0 0.01 3.7 23.5 03:38 NW 25 55.5 71.4 15:43 36.5 07:18 10.3 0.8 0.00 1.5 14.1 17:00 SSE 26 63.7 78.4 16:29 50.2 07:36 4.5 3.3 0.00 1.9 14.1 14:09 SSE 27 56.4 63.5 14:52 46.4 23:49 8.6 0.0 0.00 3.2 22.8 07:39 NNW 28 55.3 70.9 16:26 38.1 07:08 10.6 0.9 0.00 1.1 10.1 16:53 SE 29 64.4 75.7 14:16 53.4 03:14 3.5 2.9 0.00 3.0 15.4 19:57 SSE 30 70.1 79.3 14:30 65.8 18:53 0.0 5.1 0.13 2.8 23.5 18:25 S 31 67.2 76.5 15:57 59.5 07:49 0.9 3.1 0.00 2.5 16.1 10:19 NNW ---------------------------------------------------------------------------------- 62.8 140.0 19 21.4 14 180.2 113.3 41.49 2.7 29.8 8 SW Max >= 80.0: 7 Max <= 32.0: 0 Min <= 32.0: 1 Min <= 0.0: 0 Max Rain: 38.34 on day 13 Days of Rain: 12 (>= 0.01 in) 7 (>= 0.10 in) 2 (>= 1.00 in) Heat Base: 65.0 Cool Base: 65.0 Method: Integration