NOAA-Style Climate Reports
Select a Year or Month report
2024: Jan Feb Mar Apr May Jun Jul Aug Sep Oct Nov Dec
2023: Jan Feb Mar Apr May Jun Jul Aug Sep Oct Nov Dec
2022: Jan Feb Mar Apr May Jun Jul Aug Sep Oct Nov Dec
2021: Jan Feb Mar Apr May Jun Jul Aug Sep Oct Nov Dec
2020: Jan Feb Mar Apr May Jun Jul Aug Sep Oct Nov Dec
2019: Jan Feb Mar Apr May Jun Jul Aug Sep Oct Nov Dec
2018: Jan Feb Mar Apr May Jun Jul Aug Sep Oct Nov Dec
2017: Jan Feb Mar Apr May Jun Jul Aug Sep Oct Nov Dec
2016: Jan Feb Mar Apr May Jun Jul Aug Sep Oct Nov Dec
2015: Jan Feb Mar Apr May Jun Jul Aug Sep Oct Nov Dec
2014: Jan Feb Mar Apr May Jun Jul Aug Sep Oct Nov Dec
2013: Jan Feb Mar Apr May Jun Jul Aug Sep Oct Nov Dec
2012: Jan Feb Mar Apr May Jun Jul Aug Sep Oct Nov Dec
2024: Jan Feb Mar Apr May Jun Jul Aug Sep Oct Nov Dec
2023: Jan Feb Mar Apr May Jun Jul Aug Sep Oct Nov Dec
2022: Jan Feb Mar Apr May Jun Jul Aug Sep Oct Nov Dec
2021: Jan Feb Mar Apr May Jun Jul Aug Sep Oct Nov Dec
2020: Jan Feb Mar Apr May Jun Jul Aug Sep Oct Nov Dec
2019: Jan Feb Mar Apr May Jun Jul Aug Sep Oct Nov Dec
2018: Jan Feb Mar Apr May Jun Jul Aug Sep Oct Nov Dec
2017: Jan Feb Mar Apr May Jun Jul Aug Sep Oct Nov Dec
2016: Jan Feb Mar Apr May Jun Jul Aug Sep Oct Nov Dec
2015: Jan Feb Mar Apr May Jun Jul Aug Sep Oct Nov Dec
2014: Jan Feb Mar Apr May Jun Jul Aug Sep Oct Nov Dec
2013: Jan Feb Mar Apr May Jun Jul Aug Sep Oct Nov Dec
2012: Jan Feb Mar Apr May Jun Jul Aug Sep Oct Nov Dec
Report for 2016 April
Monthly Climatological Summary for Apr 2016 Name: Timber Creek City: Flower Mound State: Texas Elevation: 609 ft Lat: N 33° 03' 28" Lon: E 097° 03' 10" Temperature (°F), Rain (in), Wind Speed (mph) Heat Cool Avg Mean Deg Deg Wind Dom Day Temp High Time Low Time Days Days Rain Speed High Time Dir ---------------------------------------------------------------------------------- 1 56.8 64.8 16:43 50.7 23:54 8.2 0.0 0.00 2.8 18.1 10:41 N 2 56.0 70.9 16:19 42.8 07:17 9.7 0.7 0.00 1.4 14.8 17:20 NNW 3 62.7 79.7 16:26 43.7 07:16 6.5 4.2 0.00 1.3 16.1 14:06 SSW 4 69.1 88.5 15:46 49.1 07:25 3.3 7.4 0.00 0.7 10.7 16:45 SSW 5 70.9 88.2 15:25 52.0 06:14 2.9 8.8 0.00 2.0 20.8 22:46 S 6 67.5 77.9 16:03 55.6 23:36 1.6 4.1 0.00 3.5 21.5 10:18 NNW 7 68.7 86.5 12:55 50.5 04:49 3.9 7.6 0.00 1.1 11.4 15:16 NNW 8 63.8 74.3 12:55 51.3 06:46 3.4 2.2 0.00 0.9 12.8 12:50 NNE 9 60.1 70.9 12:19 51.1 05:46 5.4 0.5 0.01 0.8 13.4 14:39 S 10 68.6 77.9 15:32 59.5 00:01 1.0 4.6 0.01 3.1 19.5 14:58 S 11 70.7 88.5 15:30 61.7 23:40 0.4 6.1 0.61 2.3 20.1 00:21 NNE 12 61.9 69.4 15:11 55.8 05:50 3.7 0.6 0.00 1.9 10.7 00:10 NNE 13 56.5 62.4 00:00 52.7 05:21 8.5 0.0 0.15 1.1 9.4 11:49 NNE 14 62.7 73.0 14:48 56.1 07:15 4.1 1.8 0.00 1.0 8.7 12:19 NNE 15 64.7 75.9 16:02 52.7 06:59 3.6 3.3 0.00 1.1 11.4 18:18 SE 16 71.1 140.0 11:29 64.4 03:55 0.0 6.1 0.00 3.2 17.4 11:37 SE 17 65.7 69.4 00:01 60.8 06:47 1.2 1.9 1.64 2.6 20.1 00:43 ENE 18 67.0 140.0 03:13 61.5 06:00 0.6 2.6 0.64 0.7 8.1 04:06 NNE 19 68.8 79.3 16:47 62.2 04:30 0.4 4.2 0.00 0.4 5.4 13:10 NNE 20 64.9 140.0 11:30 58.8 23:32 2.2 2.0 0.77 0.8 12.1 01:30 N 21 67.1 79.7 15:13 58.6 00:12 2.2 4.3 0.20 1.4 10.7 03:13 N 22 67.6 81.1 14:13 52.7 06:26 3.2 5.8 0.00 1.0 16.1 13:22 N 23 70.1 84.6 15:42 53.8 06:45 2.3 7.4 0.00 0.8 10.7 15:12 S 24 70.5 79.3 12:23 40.3 07:01 0.5 6.0 0.00 2.3 16.8 13:48 S 25 76.8 140.0 09:44 67.6 00:59 0.0 11.8 0.00 2.7 19.5 23:47 SSW 26 77.2 140.0 13:58 61.7 22:05 0.2 12.4 0.66 3.4 90.6 15:29 SSW 27 70.6 82.6 13:58 61.2 07:06 0.8 6.4 0.00 1.1 12.8 11:07 WSW 28 72.3 86.7 16:21 55.0 06:51 2.1 9.3 0.00 1.3 14.1 17:41 ESE 29 76.0 86.5 14:08 69.6 23:42 0.0 11.0 0.08 1.1 14.1 17:01 SSE 30 66.3 77.0 15:28 59.7 08:46 1.5 2.8 0.00 1.5 12.1 10:02 NNW ---------------------------------------------------------------------------------- 67.1 140.0 16 40.3 24 83.4 145.9 4.77 1.6 90.6 26 ENE Max >= 80.0: 14 Max <= 32.0: 0 Min <= 32.0: 0 Min <= 0.0: 0 Max Rain: 1.64 on day 17 Days of Rain: 10 (>= 0.01 in) 7 (>= 0.10 in) 1 (>= 1.00 in) Heat Base: 65.0 Cool Base: 65.0 Method: Integration