NOAA-Style Climate Reports
Select a Year or Month report
2024: Jan Feb Mar Apr May Jun Jul Aug Sep Oct Nov Dec
2023: Jan Feb Mar Apr May Jun Jul Aug Sep Oct Nov Dec
2022: Jan Feb Mar Apr May Jun Jul Aug Sep Oct Nov Dec
2021: Jan Feb Mar Apr May Jun Jul Aug Sep Oct Nov Dec
2020: Jan Feb Mar Apr May Jun Jul Aug Sep Oct Nov Dec
2019: Jan Feb Mar Apr May Jun Jul Aug Sep Oct Nov Dec
2018: Jan Feb Mar Apr May Jun Jul Aug Sep Oct Nov Dec
2017: Jan Feb Mar Apr May Jun Jul Aug Sep Oct Nov Dec
2016: Jan Feb Mar Apr May Jun Jul Aug Sep Oct Nov Dec
2015: Jan Feb Mar Apr May Jun Jul Aug Sep Oct Nov Dec
2014: Jan Feb Mar Apr May Jun Jul Aug Sep Oct Nov Dec
2013: Jan Feb Mar Apr May Jun Jul Aug Sep Oct Nov Dec
2012: Jan Feb Mar Apr May Jun Jul Aug Sep Oct Nov Dec
2024: Jan Feb Mar Apr May Jun Jul Aug Sep Oct Nov Dec
2023: Jan Feb Mar Apr May Jun Jul Aug Sep Oct Nov Dec
2022: Jan Feb Mar Apr May Jun Jul Aug Sep Oct Nov Dec
2021: Jan Feb Mar Apr May Jun Jul Aug Sep Oct Nov Dec
2020: Jan Feb Mar Apr May Jun Jul Aug Sep Oct Nov Dec
2019: Jan Feb Mar Apr May Jun Jul Aug Sep Oct Nov Dec
2018: Jan Feb Mar Apr May Jun Jul Aug Sep Oct Nov Dec
2017: Jan Feb Mar Apr May Jun Jul Aug Sep Oct Nov Dec
2016: Jan Feb Mar Apr May Jun Jul Aug Sep Oct Nov Dec
2015: Jan Feb Mar Apr May Jun Jul Aug Sep Oct Nov Dec
2014: Jan Feb Mar Apr May Jun Jul Aug Sep Oct Nov Dec
2013: Jan Feb Mar Apr May Jun Jul Aug Sep Oct Nov Dec
2012: Jan Feb Mar Apr May Jun Jul Aug Sep Oct Nov Dec
Report for 2016 August
Monthly Climatological Summary for Aug 2016 Name: Timber Creek City: Flower Mound State: Texas Elevation: 609 ft Lat: N 33° 03' 28" Lon: E 097° 03' 10" Temperature (°F), Rain (in), Wind Speed (mph) Heat Cool Avg Mean Deg Deg Wind Dom Day Temp High Time Low Time Days Days Rain Speed High Time Dir ---------------------------------------------------------------------------------- 1 89.8 102.6 16:11 79.0 06:34 0.0 24.8 0.00 1.8 13.4 13:36 SW 2 90.1 101.7 14:58 77.9 07:22 0.0 25.1 0.00 1.2 10.7 04:22 S 3 91.9 103.1 15:30 80.1 06:46 0.0 27.4 0.00 1.2 14.1 11:08 SSW 4 91.5 140.0 08:42 80.8 06:39 0.0 26.5 0.00 1.3 14.1 12:09 SSW 5 91.3 102.7 14:46 80.2 07:10 0.0 26.3 0.00 0.9 8.1 13:19 SSW 6 92.0 103.3 15:07 81.5 06:17 0.0 27.0 0.00 0.5 7.4 03:31 SSW 7 80.9 91.0 00:00 79.2 06:54 0.0 15.9 0.00 0.1 4.7 04:46 WSW 8 89.9 103.8 14:40 79.2 00:00 0.0 24.9 0.00 1.1 16.1 20:40 NNE 9 92.4 102.6 12:59 82.9 05:34 0.0 27.4 0.00 1.3 8.7 09:21 NNE 10 87.8 97.5 19:50 82.8 07:29 0.0 22.8 0.00 0.2 2.0 00:00 E 11 93.4 105.3 15:50 84.4 04:08 0.0 28.4 0.00 0.7 6.0 13:58 S 12 89.4 109.4 13:44 78.8 23:57 0.0 24.3 0.04 1.2 57.0 14:49 SW 13 84.2 93.7 16:22 76.3 06:23 0.0 19.2 0.00 2.8 14.8 16:45 N 14 86.1 87.1 00:00 81.0 22:50 0.0 21.1 0.00 3.6 8.7 13:15 NNW 15 77.6 81.0 00:00 69.4 22:44 0.0 12.6 0.05 0.7 6.0 14:27 ENE 16 76.2 89.1 15:56 67.3 01:33 0.0 11.3 0.00 1.0 8.7 17:09 ENE 17 78.0 85.8 16:11 74.5 22:25 0.0 13.0 0.00 1.4 14.1 20:31 SE 18 78.4 93.0 13:29 73.8 00:28 0.0 13.4 0.05 1.0 14.1 13:13 SSW 19 73.9 79.5 10:25 69.1 16:35 0.0 8.9 1.52 0.7 14.1 16:17 NW 20 75.6 84.7 16:56 71.1 07:37 0.0 10.6 1.25 0.6 15.4 06:28 WSW 21 78.5 89.1 16:06 70.2 04:50 0.0 13.5 0.00 1.2 10.1 13:17 NNE 22 78.7 92.1 15:45 71.8 02:16 0.0 13.7 0.02 0.8 11.4 14:29 SSW 23 84.5 95.7 15:08 77.2 01:22 0.0 19.5 0.00 2.5 16.8 11:11 SSW 24 84.6 95.4 16:25 74.3 07:08 0.0 19.6 0.00 2.0 13.4 14:05 SSW 25 85.9 98.1 15:43 74.5 07:07 0.0 20.9 0.00 1.1 10.7 13:37 SSW 26 81.9 92.1 17:12 75.0 06:56 0.0 16.9 0.04 1.0 10.1 18:23 SE 27 82.4 94.6 13:58 71.1 07:10 0.0 17.4 0.00 0.8 7.4 18:50 SE 28 82.7 92.8 15:56 72.0 07:07 0.0 17.7 0.00 0.9 9.4 14:00 E 29 79.6 92.3 13:55 72.1 06:38 0.0 14.6 0.18 0.6 14.8 14:38 NNE 30 82.6 95.2 14:27 72.0 04:44 0.0 17.6 0.01 1.0 11.4 15:46 NNE 31 84.7 95.0 15:07 75.2 06:43 0.0 19.7 0.00 1.1 8.7 13:27 NNE ---------------------------------------------------------------------------------- 84.4 140.0 4 67.3 16 0.0 602.0 3.16 1.2 57.0 12 SSW Max >= 80.0: 30 Max <= 32.0: 0 Min <= 32.0: 0 Min <= 0.0: 0 Max Rain: 1.52 on day 19 Days of Rain: 9 (>= 0.01 in) 3 (>= 0.10 in) 2 (>= 1.00 in) Heat Base: 65.0 Cool Base: 65.0 Method: Integration