NOAA-Style Climate Reports
Select a Year or Month report
2024: Jan Feb Mar Apr May Jun Jul Aug Sep Oct Nov Dec
2023: Jan Feb Mar Apr May Jun Jul Aug Sep Oct Nov Dec
2022: Jan Feb Mar Apr May Jun Jul Aug Sep Oct Nov Dec
2021: Jan Feb Mar Apr May Jun Jul Aug Sep Oct Nov Dec
2020: Jan Feb Mar Apr May Jun Jul Aug Sep Oct Nov Dec
2019: Jan Feb Mar Apr May Jun Jul Aug Sep Oct Nov Dec
2018: Jan Feb Mar Apr May Jun Jul Aug Sep Oct Nov Dec
2017: Jan Feb Mar Apr May Jun Jul Aug Sep Oct Nov Dec
2016: Jan Feb Mar Apr May Jun Jul Aug Sep Oct Nov Dec
2015: Jan Feb Mar Apr May Jun Jul Aug Sep Oct Nov Dec
2014: Jan Feb Mar Apr May Jun Jul Aug Sep Oct Nov Dec
2013: Jan Feb Mar Apr May Jun Jul Aug Sep Oct Nov Dec
2012: Jan Feb Mar Apr May Jun Jul Aug Sep Oct Nov Dec
2024: Jan Feb Mar Apr May Jun Jul Aug Sep Oct Nov Dec
2023: Jan Feb Mar Apr May Jun Jul Aug Sep Oct Nov Dec
2022: Jan Feb Mar Apr May Jun Jul Aug Sep Oct Nov Dec
2021: Jan Feb Mar Apr May Jun Jul Aug Sep Oct Nov Dec
2020: Jan Feb Mar Apr May Jun Jul Aug Sep Oct Nov Dec
2019: Jan Feb Mar Apr May Jun Jul Aug Sep Oct Nov Dec
2018: Jan Feb Mar Apr May Jun Jul Aug Sep Oct Nov Dec
2017: Jan Feb Mar Apr May Jun Jul Aug Sep Oct Nov Dec
2016: Jan Feb Mar Apr May Jun Jul Aug Sep Oct Nov Dec
2015: Jan Feb Mar Apr May Jun Jul Aug Sep Oct Nov Dec
2014: Jan Feb Mar Apr May Jun Jul Aug Sep Oct Nov Dec
2013: Jan Feb Mar Apr May Jun Jul Aug Sep Oct Nov Dec
2012: Jan Feb Mar Apr May Jun Jul Aug Sep Oct Nov Dec
Report for 2021 May
Monthly Climatological Summary for May 2021 Name: Timber Creek City: Flower Mound State: Texas Elevation: 609 ft Lat: N 33° 03' 21" Lon: E 097° 03' 10" Temperature (°F), Rain (in), Wind Speed (mph) Heat Cool Avg Mean Deg Deg Wind Dom Day Temp High Time Low Time Days Days Rain Speed High Time Dir ---------------------------------------------------------------------------------- 01 67.0 74.0 14:15 62.6 06:58 0.7 2.7 0.02 0.6 11.0 17:34 SE 02 72.4 82.7 15:40 64.8 05:26 0.0 7.4 0.03 1.4 12.0 18:37 S 03 77.8 92.4 15:53 68.9 23:39 0.0 12.9 0.01 3.1 18.0 12:34 S 04 66.8 75.2 15:51 59.0 23:56 1.0 2.8 0.01 2.2 18.0 11:41 N 05 63.7 78.8 16:50 48.7 06:17 5.2 3.9 0.00 0.5 9.0 11:25 ENE 06 68.6 84.5 16:28 54.8 03:44 3.2 6.8 0.01 0.5 10.0 14:38 NNE 07 72.8 88.3 16:15 55.8 06:53 2.1 9.9 0.00 2.5 20.0 20:39 S 08 77.0 88.2 16:28 64.5 06:19 0.0 12.0 0.00 5.1 27.0 22:14 S 09 75.5 81.9 16:03 64.1 23:57 0.0 10.5 0.00 3.1 24.0 03:42 SSW 10 58.4 64.1 00:00 56.6 07:20 6.6 0.0 0.00 1.0 12.0 18:46 NNE 11 57.8 60.0 17:10 56.5 05:43 7.2 0.0 0.66 1.2 16.0 18:26 NNE 12 58.8 62.4 15:44 55.6 05:27 6.2 0.0 0.00 0.9 12.0 03:58 N 13 66.3 76.9 16:17 59.1 23:59 2.2 3.5 0.00 0.5 9.0 14:50 ENE 14 68.8 81.9 16:24 55.1 02:29 2.3 6.1 0.00 1.8 15.0 19:32 SSE 15 73.9 84.4 13:57 62.9 06:53 0.2 9.1 0.00 2.9 18.0 09:13 S 16 71.0 76.8 16:27 67.9 07:44 0.0 6.0 0.96 2.4 17.0 18:29 SSE 17 72.7 83.6 17:04 65.0 09:31 0.0 7.7 0.49 2.1 30.0 02:09 S 18 67.0 73.6 17:56 62.5 04:29 0.6 2.7 0.46 1.1 15.0 01:51 NNE 19 74.1 86.5 16:23 64.0 07:24 0.0 9.1 0.00 1.3 13.0 02:16 S 20 72.8 81.1 16:46 67.2 06:59 0.0 7.8 0.00 0.6 10.0 00:43 SE 21 76.7 88.8 17:00 69.9 00:38 0.0 11.7 0.00 2.1 15.0 23:59 SSE 22 73.2 78.4 15:17 70.2 23:58 0.0 8.2 0.18 1.4 16.0 00:11 ESE 23 72.2 78.7 14:45 67.6 23:50 0.0 7.2 0.04 1.5 12.0 09:51 SSE 24 70.9 78.6 16:38 67.6 00:00 0.0 5.9 1.00 1.3 16.0 14:10 SSE 25 73.1 82.9 16:42 67.3 12:18 0.0 8.1 0.71 1.9 14.0 06:27 S 26 81.8 93.4 16:25 72.6 00:00 0.0 16.8 0.00 2.1 12.0 14:41 S 27 82.0 90.5 16:23 75.4 04:56 0.0 17.0 0.00 3.3 19.0 09:38 S 28 73.7 80.9 12:13 66.8 06:44 0.0 8.7 0.02 0.7 16.0 00:46 ENE 29 74.7 85.1 15:59 65.2 06:57 0.0 9.7 0.00 0.8 9.0 15:37 NE 30 70.6 79.6 16:13 64.4 09:12 0.0 5.6 0.00 1.1 10.0 07:31 ESE 31 68.0 72.9 14:52 65.0 08:18 0.0 3.0 1.40 1.5 13.0 09:43 SSE ---------------------------------------------------------------------------------- 71.0 93.4 26 48.7 5 37.5 222.8 6.00 1.7 30.0 17 SSE Max >= 80.0 17 Max <= 32.0 0 Min <= 32.0 0 Min <= 0.0 0 Max Rain: 1.40 on day 31 Days of Rain: 15 (>= 0.01 in) 8 (>= 0.10 in) 2 (>= 1.00 in) Heat Base: 65.0 Cool Base: 65.0 Method: Integration