NOAA-Style Climate Reports
Select a Year or Month report
2024: Jan Feb Mar Apr May Jun Jul Aug Sep Oct Nov Dec
2023: Jan Feb Mar Apr May Jun Jul Aug Sep Oct Nov Dec
2022: Jan Feb Mar Apr May Jun Jul Aug Sep Oct Nov Dec
2021: Jan Feb Mar Apr May Jun Jul Aug Sep Oct Nov Dec
2020: Jan Feb Mar Apr May Jun Jul Aug Sep Oct Nov Dec
2019: Jan Feb Mar Apr May Jun Jul Aug Sep Oct Nov Dec
2018: Jan Feb Mar Apr May Jun Jul Aug Sep Oct Nov Dec
2017: Jan Feb Mar Apr May Jun Jul Aug Sep Oct Nov Dec
2016: Jan Feb Mar Apr May Jun Jul Aug Sep Oct Nov Dec
2015: Jan Feb Mar Apr May Jun Jul Aug Sep Oct Nov Dec
2014: Jan Feb Mar Apr May Jun Jul Aug Sep Oct Nov Dec
2013: Jan Feb Mar Apr May Jun Jul Aug Sep Oct Nov Dec
2012: Jan Feb Mar Apr May Jun Jul Aug Sep Oct Nov Dec
2024: Jan Feb Mar Apr May Jun Jul Aug Sep Oct Nov Dec
2023: Jan Feb Mar Apr May Jun Jul Aug Sep Oct Nov Dec
2022: Jan Feb Mar Apr May Jun Jul Aug Sep Oct Nov Dec
2021: Jan Feb Mar Apr May Jun Jul Aug Sep Oct Nov Dec
2020: Jan Feb Mar Apr May Jun Jul Aug Sep Oct Nov Dec
2019: Jan Feb Mar Apr May Jun Jul Aug Sep Oct Nov Dec
2018: Jan Feb Mar Apr May Jun Jul Aug Sep Oct Nov Dec
2017: Jan Feb Mar Apr May Jun Jul Aug Sep Oct Nov Dec
2016: Jan Feb Mar Apr May Jun Jul Aug Sep Oct Nov Dec
2015: Jan Feb Mar Apr May Jun Jul Aug Sep Oct Nov Dec
2014: Jan Feb Mar Apr May Jun Jul Aug Sep Oct Nov Dec
2013: Jan Feb Mar Apr May Jun Jul Aug Sep Oct Nov Dec
2012: Jan Feb Mar Apr May Jun Jul Aug Sep Oct Nov Dec
Report for 2021 June
Monthly Climatological Summary for Jun 2021 Name: Timber Creek City: Flower Mound State: Texas Elevation: 609 ft Lat: N 33° 03' 21" Lon: E 097° 03' 10" Temperature (°F), Rain (in), Wind Speed (mph) Heat Cool Avg Mean Deg Deg Wind Dom Day Temp High Time Low Time Days Days Rain Speed High Time Dir ---------------------------------------------------------------------------------- 01 67.7 71.4 17:34 63.1 08:11 0.2 2.9 0.08 1.1 12.0 07:52 NNW 02 70.7 82.1 15:02 59.3 06:04 1.1 6.7 0.00 0.4 8.0 10:10 N 03 73.8 84.0 13:01 61.9 06:27 0.5 9.4 0.00 0.6 9.0 15:09 S 04 74.2 83.2 14:58 64.9 06:35 0.0 9.2 0.01 0.7 13.0 11:04 SE 05 74.5 88.8 16:48 67.6 23:53 0.0 9.5 0.39 0.9 13.0 18:08 S 06 77.7 90.5 16:21 65.0 05:14 0.0 12.7 0.00 1.9 13.0 14:46 S 07 74.5 79.5 00:00 67.6 10:37 0.0 9.5 1.82 1.1 12.0 08:11 S 08 80.5 89.6 15:30 72.3 02:49 0.0 15.5 0.01 2.1 15.0 15:45 S 09 83.4 92.1 17:07 76.6 05:25 0.0 18.4 0.00 2.4 13.0 15:43 S 10 85.1 94.8 16:28 77.9 07:01 0.0 20.1 0.00 2.9 14.0 12:24 S 11 85.3 94.9 16:01 77.0 06:32 0.0 20.3 0.00 3.5 19.0 16:43 S 12 82.6 93.9 16:41 70.1 07:14 0.0 17.6 0.15 1.1 26.0 06:19 SSE 13 86.5 99.2 16:27 74.1 06:29 0.0 21.6 0.00 0.0 0.0 00:00 N 14 87.9 98.2 16:34 79.2 06:13 0.0 22.9 0.00 0.0 0.0 00:00 N 15 85.2 98.0 16:38 72.1 06:09 0.0 20.2 0.00 0.0 0.0 00:00 N 16 85.9 100.3 16:34 71.6 05:07 0.0 20.9 0.00 0.0 0.0 00:00 N 17 87.3 101.5 15:44 72.1 06:34 0.0 22.3 0.00 0.0 0.0 00:00 N 18 86.8 98.0 15:41 78.0 05:54 0.0 21.8 0.00 0.1 8.0 22:13 SE 19 84.2 98.0 16:34 67.8 06:45 0.0 19.2 0.00 1.4 10.0 11:59 S 20 87.3 98.2 16:17 77.6 05:49 0.0 22.3 0.00 3.3 20.0 18:41 S 21 79.8 93.1 12:42 70.4 23:54 0.0 14.8 0.03 2.3 16.0 02:23 S 22 77.8 90.4 15:42 66.5 06:07 0.0 12.8 0.00 1.2 11.0 08:46 SE 23 85.2 97.9 16:42 75.7 06:24 0.0 20.2 0.00 2.9 16.0 21:05 S 24 88.4 98.3 15:50 79.1 07:14 0.0 23.4 0.00 3.7 16.0 10:14 S 25 88.0 97.7 16:22 78.9 06:36 0.0 23.0 0.00 4.1 19.0 16:38 S 26 86.9 96.8 16:25 78.6 04:56 0.0 21.9 0.00 3.9 20.0 01:26 S 27 85.5 97.8 15:24 78.3 06:48 0.0 20.5 0.07 2.3 15.0 01:43 S 28 79.3 91.1 14:11 74.3 06:53 0.0 14.3 0.17 0.8 14.0 15:38 SE 29 80.9 91.7 15:11 73.4 06:02 0.0 15.9 0.04 1.8 15.0 20:23 SSE 30 83.1 95.1 16:33 74.1 06:32 0.0 18.1 0.00 0.8 9.0 09:47 SSW ---------------------------------------------------------------------------------- 81.9 101.5 17 59.3 2 1.8 507.9 2.77 1.6 26.0 12 S Max >= 80.0 28 Max <= 32.0 0 Min <= 32.0 0 Min <= 0.0 0 Max Rain: 1.82 on day 7 Days of Rain: 10 (>= 0.01 in) 4 (>= 0.10 in) 1 (>= 1.00 in) Heat Base: 65.0 Cool Base: 65.0 Method: Integration