NOAA-Style Climate Reports
Select a Year or Month report
2024: Jan Feb Mar Apr May Jun Jul Aug Sep Oct Nov Dec
2023: Jan Feb Mar Apr May Jun Jul Aug Sep Oct Nov Dec
2022: Jan Feb Mar Apr May Jun Jul Aug Sep Oct Nov Dec
2021: Jan Feb Mar Apr May Jun Jul Aug Sep Oct Nov Dec
2020: Jan Feb Mar Apr May Jun Jul Aug Sep Oct Nov Dec
2019: Jan Feb Mar Apr May Jun Jul Aug Sep Oct Nov Dec
2018: Jan Feb Mar Apr May Jun Jul Aug Sep Oct Nov Dec
2017: Jan Feb Mar Apr May Jun Jul Aug Sep Oct Nov Dec
2016: Jan Feb Mar Apr May Jun Jul Aug Sep Oct Nov Dec
2015: Jan Feb Mar Apr May Jun Jul Aug Sep Oct Nov Dec
2014: Jan Feb Mar Apr May Jun Jul Aug Sep Oct Nov Dec
2013: Jan Feb Mar Apr May Jun Jul Aug Sep Oct Nov Dec
2012: Jan Feb Mar Apr May Jun Jul Aug Sep Oct Nov Dec
2024: Jan Feb Mar Apr May Jun Jul Aug Sep Oct Nov Dec
2023: Jan Feb Mar Apr May Jun Jul Aug Sep Oct Nov Dec
2022: Jan Feb Mar Apr May Jun Jul Aug Sep Oct Nov Dec
2021: Jan Feb Mar Apr May Jun Jul Aug Sep Oct Nov Dec
2020: Jan Feb Mar Apr May Jun Jul Aug Sep Oct Nov Dec
2019: Jan Feb Mar Apr May Jun Jul Aug Sep Oct Nov Dec
2018: Jan Feb Mar Apr May Jun Jul Aug Sep Oct Nov Dec
2017: Jan Feb Mar Apr May Jun Jul Aug Sep Oct Nov Dec
2016: Jan Feb Mar Apr May Jun Jul Aug Sep Oct Nov Dec
2015: Jan Feb Mar Apr May Jun Jul Aug Sep Oct Nov Dec
2014: Jan Feb Mar Apr May Jun Jul Aug Sep Oct Nov Dec
2013: Jan Feb Mar Apr May Jun Jul Aug Sep Oct Nov Dec
2012: Jan Feb Mar Apr May Jun Jul Aug Sep Oct Nov Dec
Report for 2021 August
Monthly Climatological Summary for Aug 2021 Name: Timber Creek City: Flower Mound State: Texas Elevation: 609 ft Lat: N 33° 03' 21" Lon: E 097° 03' 10" Temperature (°F), Rain (in), Wind Speed (mph) Heat Cool Avg Mean Deg Deg Wind Dom Day Temp High Time Low Time Days Days Rain Speed High Time Dir ---------------------------------------------------------------------------------- 01 84.2 96.4 11:54 74.7 22:43 0.0 19.2 0.11 1.0 17.0 17:24 N 02 79.4 89.8 15:16 72.9 07:56 0.0 14.4 0.12 0.6 13.0 14:48 N 03 82.0 94.3 16:11 70.1 06:49 0.0 17.0 0.00 0.4 11.0 18:20 NE 04 83.7 94.4 15:21 74.1 03:06 0.0 18.7 0.00 1.0 10.0 12:22 SSE 05 83.2 96.1 16:11 72.4 07:03 0.0 18.2 0.00 1.4 12.0 13:23 S 06 85.0 97.3 16:40 73.3 06:57 0.0 20.0 0.00 2.1 16.0 20:42 S 07 86.5 98.8 16:00 76.6 06:56 0.0 21.5 0.00 3.0 17.0 18:45 S 08 88.0 99.1 16:33 78.4 06:42 0.0 23.0 0.00 3.9 20.0 17:38 S 09 88.8 99.9 16:20 79.2 06:35 0.0 23.8 0.00 3.9 19.0 00:32 SSW 10 88.5 99.9 16:28 78.2 07:04 0.0 23.5 0.00 3.9 21.0 09:53 S 11 88.6 101.0 16:12 77.2 07:05 0.0 23.6 0.00 3.5 18.0 12:58 S 12 89.8 103.0 15:38 79.1 06:56 0.0 24.8 0.00 3.0 15.0 01:10 S 13 88.5 99.9 15:45 79.2 07:22 0.0 23.5 0.00 1.6 10.0 15:11 SSW 14 80.5 90.8 11:08 72.9 13:58 0.0 15.5 0.79 0.8 19.0 11:28 ENE 15 82.5 93.8 16:56 75.2 06:02 0.0 17.5 0.00 0.9 9.0 12:25 S 16 82.6 95.9 15:42 73.1 05:18 0.0 17.6 0.00 0.8 11.0 15:54 SE 17 78.6 88.4 12:11 73.4 21:15 0.0 13.6 0.06 1.1 15.0 13:53 S 18 75.6 81.6 18:59 73.6 11:54 0.0 10.6 0.80 0.9 14.0 19:24 SSE 19 83.9 96.1 16:34 74.0 00:00 0.0 18.9 0.18 2.2 15.0 16:51 S 20 87.6 98.5 15:18 78.2 07:01 0.0 22.6 0.00 2.7 15.0 12:09 SSW 21 88.5 100.7 15:47 79.6 07:05 0.0 23.5 0.00 2.3 14.0 12:45 SSW 22 89.0 100.8 16:16 78.5 07:18 0.0 24.0 0.00 1.9 14.0 15:09 SSW 23 87.8 101.3 16:34 75.2 07:01 0.0 22.8 0.00 1.7 13.0 18:37 SSW 24 88.1 101.9 16:32 75.4 07:27 0.0 23.1 0.00 1.9 12.0 13:03 S 25 88.8 103.1 16:51 75.7 04:10 0.0 23.8 0.00 1.1 9.0 13:20 SSW 26 88.0 100.9 14:48 75.8 07:08 0.0 23.0 0.00 0.7 9.0 15:44 E 27 86.1 96.2 16:41 76.3 07:30 0.0 21.1 0.00 1.6 12.0 01:53 SSE 28 84.7 95.0 15:08 73.1 07:16 0.0 19.7 0.00 1.0 13.0 14:09 ESE 29 82.8 93.2 14:26 75.5 04:32 0.0 17.8 0.00 0.9 10.0 00:15 ESE 30 84.8 98.1 16:47 74.9 06:20 0.0 19.8 0.00 0.5 9.0 13:20 NNE 31 88.1 103.9 15:28 74.0 07:01 0.0 23.1 0.00 0.8 9.0 11:24 SW ---------------------------------------------------------------------------------- 85.3 103.9 31 70.1 3 0.0 629.2 2.06 1.7 21.0 10 S Max >= 80.0 31 Max <= 32.0 0 Min <= 32.0 0 Min <= 0.0 0 Max Rain: 0.80 on day 18 Days of Rain: 6 (>= 0.01 in) 5 (>= 0.10 in) 0 (>= 1.00 in) Heat Base: 65.0 Cool Base: 65.0 Method: Integration