NOAA-Style Climate Reports
Select a Year or Month report
2024: Jan Feb Mar Apr May Jun Jul Aug Sep Oct Nov Dec
2023: Jan Feb Mar Apr May Jun Jul Aug Sep Oct Nov Dec
2022: Jan Feb Mar Apr May Jun Jul Aug Sep Oct Nov Dec
2021: Jan Feb Mar Apr May Jun Jul Aug Sep Oct Nov Dec
2020: Jan Feb Mar Apr May Jun Jul Aug Sep Oct Nov Dec
2019: Jan Feb Mar Apr May Jun Jul Aug Sep Oct Nov Dec
2018: Jan Feb Mar Apr May Jun Jul Aug Sep Oct Nov Dec
2017: Jan Feb Mar Apr May Jun Jul Aug Sep Oct Nov Dec
2016: Jan Feb Mar Apr May Jun Jul Aug Sep Oct Nov Dec
2015: Jan Feb Mar Apr May Jun Jul Aug Sep Oct Nov Dec
2014: Jan Feb Mar Apr May Jun Jul Aug Sep Oct Nov Dec
2013: Jan Feb Mar Apr May Jun Jul Aug Sep Oct Nov Dec
2012: Jan Feb Mar Apr May Jun Jul Aug Sep Oct Nov Dec
2024: Jan Feb Mar Apr May Jun Jul Aug Sep Oct Nov Dec
2023: Jan Feb Mar Apr May Jun Jul Aug Sep Oct Nov Dec
2022: Jan Feb Mar Apr May Jun Jul Aug Sep Oct Nov Dec
2021: Jan Feb Mar Apr May Jun Jul Aug Sep Oct Nov Dec
2020: Jan Feb Mar Apr May Jun Jul Aug Sep Oct Nov Dec
2019: Jan Feb Mar Apr May Jun Jul Aug Sep Oct Nov Dec
2018: Jan Feb Mar Apr May Jun Jul Aug Sep Oct Nov Dec
2017: Jan Feb Mar Apr May Jun Jul Aug Sep Oct Nov Dec
2016: Jan Feb Mar Apr May Jun Jul Aug Sep Oct Nov Dec
2015: Jan Feb Mar Apr May Jun Jul Aug Sep Oct Nov Dec
2014: Jan Feb Mar Apr May Jun Jul Aug Sep Oct Nov Dec
2013: Jan Feb Mar Apr May Jun Jul Aug Sep Oct Nov Dec
2012: Jan Feb Mar Apr May Jun Jul Aug Sep Oct Nov Dec
Report for 2021 September
Monthly Climatological Summary for Sep 2021 Name: Timber Creek City: Flower Mound State: Texas Elevation: 609 ft Lat: N 33° 03' 21" Lon: E 097° 03' 10" Temperature (°F), Rain (in), Wind Speed (mph) Heat Cool Avg Mean Deg Deg Wind Dom Day Temp High Time Low Time Days Days Rain Speed High Time Dir ---------------------------------------------------------------------------------- 01 90.5 103.8 15:59 79.5 07:24 0.0 25.5 0.00 1.6 11.0 13:33 S 02 88.7 99.7 13:47 76.9 07:30 0.0 23.7 0.00 1.9 15.0 18:32 S 03 88.3 100.1 14:58 78.8 07:25 0.0 23.3 0.00 2.2 14.0 19:43 S 04 88.9 101.9 16:15 77.8 05:30 0.0 23.9 0.00 1.7 11.0 12:49 SSW 05 83.3 89.7 16:08 78.2 07:38 0.0 18.3 0.09 0.8 10.0 17:29 NW 06 83.7 99.0 15:35 74.0 06:02 0.0 18.8 0.00 0.8 11.0 15:05 SE 07 82.6 101.2 15:44 65.2 07:17 0.0 17.6 0.00 1.1 11.0 11:58 S 08 80.0 95.3 15:42 69.2 09:03 0.0 15.0 0.13 1.0 16.0 12:38 N 09 79.1 96.5 15:53 63.6 07:22 0.1 14.2 0.00 0.8 10.0 12:02 SE 10 79.9 96.4 16:20 64.2 07:44 0.0 14.9 0.00 1.7 13.0 14:11 S 11 79.9 94.7 16:02 65.4 07:13 0.0 14.9 0.00 0.1 8.0 00:01 S 12 78.9 94.2 16:10 64.5 07:51 0.0 13.9 0.00 0.0 0.0 00:00 N 13 79.7 90.2 14:54 69.5 02:43 0.0 14.7 0.00 0.0 0.0 00:00 N 14 78.1 88.5 12:40 68.3 07:08 0.0 13.1 0.03 0.0 0.0 00:00 N 15 78.9 92.3 14:47 67.9 06:01 0.0 13.9 0.00 0.0 0.0 00:00 N 16 80.5 94.1 16:14 68.0 07:02 0.0 15.5 0.00 0.0 0.0 00:00 N 17 81.1 94.4 15:50 68.4 07:34 0.0 16.1 0.00 0.0 0.0 00:00 N 18 82.3 96.7 15:07 69.2 07:40 0.0 17.3 0.00 0.0 0.0 00:00 N 19 83.4 97.6 16:23 70.8 07:40 0.0 18.4 0.00 0.0 0.0 00:00 N 20 87.8 102.7 14:54 74.1 07:13 0.0 22.8 0.00 0.0 0.0 00:00 N 21 80.6 88.2 14:37 71.7 23:58 0.0 15.5 0.00 0.0 0.0 00:00 N 22 70.2 85.1 15:40 55.7 07:44 1.8 7.0 0.00 0.0 0.0 00:00 N 23 69.3 88.8 15:50 52.2 07:35 3.8 8.1 0.00 0.0 0.0 00:00 N 24 71.5 91.5 15:39 52.8 07:16 3.3 9.8 0.00 0.0 0.0 00:00 N 25 74.8 94.8 16:06 56.1 07:44 1.9 11.7 0.00 0.0 0.0 00:00 N 26 77.2 94.9 15:41 61.0 06:55 0.6 12.9 0.01 0.0 0.0 00:00 N 27 77.7 91.5 14:38 65.1 07:52 0.0 12.7 0.00 0.8 13.0 13:35 S 28 78.9 97.2 14:38 67.6 07:45 0.0 13.9 0.01 1.6 20.0 16:37 S 29 79.3 92.8 16:06 68.3 07:44 0.0 14.3 0.01 1.8 14.0 22:53 S 30 77.3 92.9 16:22 68.6 23:45 0.0 12.3 0.02 1.5 14.0 17:53 SE ---------------------------------------------------------------------------------- 80.4 103.8 1 52.2 23 11.5 474.0 0.30 0.6 20.0 28 S Max >= 80.0 30 Max <= 32.0 0 Min <= 32.0 0 Min <= 0.0 0 Max Rain: 0.13 on day 8 Days of Rain: 7 (>= 0.01 in) 1 (>= 0.10 in) 0 (>= 1.00 in) Heat Base: 65.0 Cool Base: 65.0 Method: Integration