NOAA-Style Climate Reports
Select a Year or Month report
2024: Jan Feb Mar Apr May Jun Jul Aug Sep Oct Nov Dec
2023: Jan Feb Mar Apr May Jun Jul Aug Sep Oct Nov Dec
2022: Jan Feb Mar Apr May Jun Jul Aug Sep Oct Nov Dec
2021: Jan Feb Mar Apr May Jun Jul Aug Sep Oct Nov Dec
2020: Jan Feb Mar Apr May Jun Jul Aug Sep Oct Nov Dec
2019: Jan Feb Mar Apr May Jun Jul Aug Sep Oct Nov Dec
2018: Jan Feb Mar Apr May Jun Jul Aug Sep Oct Nov Dec
2017: Jan Feb Mar Apr May Jun Jul Aug Sep Oct Nov Dec
2016: Jan Feb Mar Apr May Jun Jul Aug Sep Oct Nov Dec
2015: Jan Feb Mar Apr May Jun Jul Aug Sep Oct Nov Dec
2014: Jan Feb Mar Apr May Jun Jul Aug Sep Oct Nov Dec
2013: Jan Feb Mar Apr May Jun Jul Aug Sep Oct Nov Dec
2012: Jan Feb Mar Apr May Jun Jul Aug Sep Oct Nov Dec
2024: Jan Feb Mar Apr May Jun Jul Aug Sep Oct Nov Dec
2023: Jan Feb Mar Apr May Jun Jul Aug Sep Oct Nov Dec
2022: Jan Feb Mar Apr May Jun Jul Aug Sep Oct Nov Dec
2021: Jan Feb Mar Apr May Jun Jul Aug Sep Oct Nov Dec
2020: Jan Feb Mar Apr May Jun Jul Aug Sep Oct Nov Dec
2019: Jan Feb Mar Apr May Jun Jul Aug Sep Oct Nov Dec
2018: Jan Feb Mar Apr May Jun Jul Aug Sep Oct Nov Dec
2017: Jan Feb Mar Apr May Jun Jul Aug Sep Oct Nov Dec
2016: Jan Feb Mar Apr May Jun Jul Aug Sep Oct Nov Dec
2015: Jan Feb Mar Apr May Jun Jul Aug Sep Oct Nov Dec
2014: Jan Feb Mar Apr May Jun Jul Aug Sep Oct Nov Dec
2013: Jan Feb Mar Apr May Jun Jul Aug Sep Oct Nov Dec
2012: Jan Feb Mar Apr May Jun Jul Aug Sep Oct Nov Dec
Report for 2021 November
Monthly Climatological Summary for Nov 2021 Name: Timber Creek City: Flower Mound State: Texas Elevation: 609 ft Lat: N 33° 03' 21" Lon: E 097° 03' 10" Temperature (°F), Rain (in), Wind Speed (mph) Heat Cool Avg Mean Deg Deg Wind Dom Day Temp High Time Low Time Days Days Rain Speed High Time Dir ---------------------------------------------------------------------------------- 01 64.6 81.4 16:20 52.4 08:16 4.3 4.0 0.00 1.0 13.0 13:03 SSW 02 54.2 60.8 00:56 49.9 23:56 10.8 0.0 0.34 1.0 12.0 06:36 NNE 03 47.6 49.9 00:00 46.0 09:45 17.4 0.0 0.90 1.1 12.0 05:18 NE 04 49.8 59.2 15:43 42.5 23:51 15.2 0.0 0.00 0.4 6.0 00:10 ENE 05 48.6 64.2 16:18 37.0 08:01 16.4 0.0 0.00 0.7 8.0 11:03 SSE 06 51.7 70.2 16:33 38.0 08:12 13.8 0.6 0.00 0.7 10.0 10:59 S 07 57.5 76.6 15:32 42.7 07:02 10.0 2.1 0.00 1.4 13.0 16:27 S 08 61.3 74.6 14:26 47.6 03:47 5.7 2.0 0.00 2.2 17.0 11:26 S 09 65.9 77.6 15:11 57.4 06:12 2.0 2.9 0.00 2.0 13.0 12:56 S 10 66.5 76.6 15:23 58.3 22:58 1.4 2.9 0.48 3.0 18.0 21:04 S 11 56.0 68.8 15:44 45.4 23:08 9.3 0.3 0.00 1.6 15.0 00:33 N 12 54.4 68.3 14:10 42.5 23:58 11.0 0.4 0.00 1.8 21.0 14:02 NNW 13 49.7 66.7 15:26 34.6 06:33 15.3 0.1 0.00 1.1 10.0 14:54 S 14 55.5 72.7 15:15 43.7 05:46 10.4 0.8 0.00 0.7 10.0 00:21 ESE 15 61.3 82.6 15:01 42.5 07:08 8.0 4.3 0.00 1.2 10.0 15:36 S 16 70.3 80.5 14:14 60.9 06:15 0.7 6.0 0.00 4.4 22.0 13:19 S 17 68.1 85.5 14:50 55.0 23:48 1.5 4.6 0.00 4.0 20.0 22:22 WSW 18 52.7 62.5 15:32 42.1 23:58 12.3 0.0 0.00 1.8 19.0 02:39 NNE 19 48.5 63.2 15:19 33.1 07:17 16.5 0.0 0.00 1.6 13.0 10:26 SSE 20 59.8 72.6 15:28 44.5 04:39 6.9 1.8 0.00 3.1 20.0 14:22 S 21 61.3 68.2 11:10 49.2 23:56 4.0 0.3 0.00 2.5 16.0 12:38 NNW 22 50.9 69.2 15:17 39.5 07:42 14.3 0.2 0.00 0.7 9.0 14:28 NNW 23 55.8 72.4 14:45 40.2 05:04 10.2 1.1 0.00 2.7 17.0 14:25 S 24 64.3 75.6 15:31 53.9 06:43 3.9 3.3 0.00 3.3 20.0 11:51 S 25 51.8 62.7 01:57 39.8 23:51 13.2 0.0 0.00 3.1 20.0 04:28 N 26 44.2 61.1 14:37 29.9 07:22 20.8 0.0 0.00 1.1 10.0 13:04 SSW 27 49.8 56.3 12:31 39.6 02:43 15.2 0.0 0.45 0.8 9.0 10:02 SSW 28 52.6 67.0 14:44 41.4 23:59 12.5 0.1 0.01 1.0 14.0 12:08 N 29 54.5 75.7 15:21 38.1 05:48 12.0 1.5 0.00 1.3 14.0 13:27 SSW 30 59.9 78.2 15:29 45.9 07:07 7.4 2.4 0.00 1.7 12.0 12:40 S ---------------------------------------------------------------------------------- 56.3 85.5 17 29.9 26 302.4 41.7 2.18 1.8 22.0 16 S Max >= 80.0 4 Max <= 32.0 0 Min <= 32.0 1 Min <= 0.0 0 Max Rain: 0.90 on day 3 Days of Rain: 5 (>= 0.01 in) 4 (>= 0.10 in) 0 (>= 1.00 in) Heat Base: 65.0 Cool Base: 65.0 Method: Integration