NOAA-Style Climate Reports
Select a Year or Month report
2024: Jan Feb Mar Apr May Jun Jul Aug Sep Oct Nov Dec
2023: Jan Feb Mar Apr May Jun Jul Aug Sep Oct Nov Dec
2022: Jan Feb Mar Apr May Jun Jul Aug Sep Oct Nov Dec
2021: Jan Feb Mar Apr May Jun Jul Aug Sep Oct Nov Dec
2020: Jan Feb Mar Apr May Jun Jul Aug Sep Oct Nov Dec
2019: Jan Feb Mar Apr May Jun Jul Aug Sep Oct Nov Dec
2018: Jan Feb Mar Apr May Jun Jul Aug Sep Oct Nov Dec
2017: Jan Feb Mar Apr May Jun Jul Aug Sep Oct Nov Dec
2016: Jan Feb Mar Apr May Jun Jul Aug Sep Oct Nov Dec
2015: Jan Feb Mar Apr May Jun Jul Aug Sep Oct Nov Dec
2014: Jan Feb Mar Apr May Jun Jul Aug Sep Oct Nov Dec
2013: Jan Feb Mar Apr May Jun Jul Aug Sep Oct Nov Dec
2012: Jan Feb Mar Apr May Jun Jul Aug Sep Oct Nov Dec
2024: Jan Feb Mar Apr May Jun Jul Aug Sep Oct Nov Dec
2023: Jan Feb Mar Apr May Jun Jul Aug Sep Oct Nov Dec
2022: Jan Feb Mar Apr May Jun Jul Aug Sep Oct Nov Dec
2021: Jan Feb Mar Apr May Jun Jul Aug Sep Oct Nov Dec
2020: Jan Feb Mar Apr May Jun Jul Aug Sep Oct Nov Dec
2019: Jan Feb Mar Apr May Jun Jul Aug Sep Oct Nov Dec
2018: Jan Feb Mar Apr May Jun Jul Aug Sep Oct Nov Dec
2017: Jan Feb Mar Apr May Jun Jul Aug Sep Oct Nov Dec
2016: Jan Feb Mar Apr May Jun Jul Aug Sep Oct Nov Dec
2015: Jan Feb Mar Apr May Jun Jul Aug Sep Oct Nov Dec
2014: Jan Feb Mar Apr May Jun Jul Aug Sep Oct Nov Dec
2013: Jan Feb Mar Apr May Jun Jul Aug Sep Oct Nov Dec
2012: Jan Feb Mar Apr May Jun Jul Aug Sep Oct Nov Dec
Report for 2022 March
Monthly Climatological Summary for Mar 2022 Name: Timber Creek City: Flower Mound State: Texas Elevation: 609 ft Lat: N 33° 03' 21" Lon: E 097° 03' 10" Temperature (°F), Rain (in), Wind Speed (mph) Heat Cool Avg Mean Deg Deg Wind Dom Day Temp High Time Low Time Days Days Rain Speed High Time Dir ---------------------------------------------------------------------------------- 01 55.8 78.2 15:56 34.2 06:41 11.9 2.7 0.00 0.9 11.0 12:32 SSW 02 60.7 81.8 15:42 37.8 07:09 8.6 4.3 0.00 1.1 10.0 15:20 SSW 03 62.9 82.1 14:41 41.6 06:57 7.1 4.9 0.00 1.3 13.0 14:58 SSE 04 63.3 73.2 16:39 51.7 03:29 4.1 2.3 0.00 3.5 20.0 17:03 S 05 70.8 81.2 15:26 64.9 09:00 0.0 5.8 0.00 5.6 30.0 06:19 S 06 63.9 78.7 16:04 38.0 23:43 4.8 3.7 0.19 4.8 21.0 15:49 SSW 07 41.7 52.0 16:02 35.7 07:38 23.3 0.0 0.02 4.2 20.0 04:51 N 08 38.9 48.2 15:55 32.3 23:57 26.1 0.0 0.00 1.6 14.0 01:02 NNE 09 43.5 61.8 15:33 26.6 07:00 21.5 0.0 0.00 1.1 13.0 11:39 NE 10 52.4 70.3 15:52 38.2 07:02 13.2 0.6 0.00 2.2 16.0 21:46 SE 11 36.0 43.1 00:00 30.7 23:57 29.0 0.0 0.00 5.3 21.0 15:09 N 12 42.9 60.9 14:47 22.7 07:01 22.1 0.0 0.00 1.8 15.0 15:18 WSW 13 53.9 68.2 16:39 38.8 07:19 10.9 0.3 0.00 4.9 24.0 17:27 S 14 59.8 78.1 16:24 49.2 04:08 7.1 2.0 0.03 4.6 25.0 12:57 S 15 59.1 73.7 16:42 46.7 08:06 7.5 1.6 0.00 3.2 18.0 09:36 N 16 63.7 83.6 16:35 43.2 06:46 7.0 5.7 0.00 2.4 18.0 12:54 S 17 66.9 78.1 14:48 57.8 07:43 1.7 3.5 0.06 6.3 31.0 13:07 S 18 55.2 66.5 17:06 45.4 23:57 9.8 0.1 0.00 5.4 26.0 12:22 NW 19 58.0 80.0 16:47 36.2 07:38 10.8 3.8 0.00 1.6 16.0 13:09 W 20 67.7 83.0 15:10 53.6 02:19 3.4 6.1 0.00 ---- 24.0 18:02 S 21 62.2 72.2 18:07 54.6 22:17 3.5 0.7 0.59 ---- 35.0 17:56 SSE 22 49.6 56.0 00:00 45.1 08:33 15.4 0.0 0.00 ---- 22.0 15:38 NW 23 52.3 64.3 15:19 42.7 23:19 12.7 0.0 0.00 ---- 25.0 14:00 NW 24 52.4 70.2 16:17 34.1 07:46 13.4 0.7 0.00 ---- 16.0 12:57 NW 25 60.8 83.1 15:58 37.4 07:31 9.8 5.6 0.00 ---- 9.0 15:35 ENE 26 67.5 88.1 16:51 51.3 07:36 4.5 7.0 0.00 ---- 14.0 15:27 SSE 27 72.7 93.0 17:21 51.3 07:26 2.8 10.5 0.00 ---- 22.0 23:01 SSE 28 73.6 87.2 17:02 59.6 07:33 0.8 9.3 0.00 ---- 29.0 22:04 S 29 72.9 80.3 16:29 66.9 05:02 0.0 7.9 0.00 ---- 35.0 18:56 S 30 59.6 74.0 00:25 43.0 23:58 6.4 1.0 0.41 ---- 27.0 01:02 WNW 31 55.0 71.1 16:24 41.2 03:30 11.1 1.1 0.00 ---- 20.0 11:24 NW ---------------------------------------------------------------------------------- 57.9 93.0 27 22.7 12 310.3 91.2 1.30 3.3 35.0 21 SSW Max >= 80.0 11 Max <= 32.0 0 Min <= 32.0 3 Min <= 0.0 0 Max Rain: 0.59 on day 21 Days of Rain: 6 (>= 0.01 in) 3 (>= 0.10 in) 0 (>= 1.00 in) Heat Base: 65.0 Cool Base: 65.0 Method: Integration