NOAA-Style Climate Reports
Select a Year or Month report
2024: Jan Feb Mar Apr May Jun Jul Aug Sep Oct Nov Dec
2023: Jan Feb Mar Apr May Jun Jul Aug Sep Oct Nov Dec
2022: Jan Feb Mar Apr May Jun Jul Aug Sep Oct Nov Dec
2021: Jan Feb Mar Apr May Jun Jul Aug Sep Oct Nov Dec
2020: Jan Feb Mar Apr May Jun Jul Aug Sep Oct Nov Dec
2019: Jan Feb Mar Apr May Jun Jul Aug Sep Oct Nov Dec
2018: Jan Feb Mar Apr May Jun Jul Aug Sep Oct Nov Dec
2017: Jan Feb Mar Apr May Jun Jul Aug Sep Oct Nov Dec
2016: Jan Feb Mar Apr May Jun Jul Aug Sep Oct Nov Dec
2015: Jan Feb Mar Apr May Jun Jul Aug Sep Oct Nov Dec
2014: Jan Feb Mar Apr May Jun Jul Aug Sep Oct Nov Dec
2013: Jan Feb Mar Apr May Jun Jul Aug Sep Oct Nov Dec
2012: Jan Feb Mar Apr May Jun Jul Aug Sep Oct Nov Dec
2024: Jan Feb Mar Apr May Jun Jul Aug Sep Oct Nov Dec
2023: Jan Feb Mar Apr May Jun Jul Aug Sep Oct Nov Dec
2022: Jan Feb Mar Apr May Jun Jul Aug Sep Oct Nov Dec
2021: Jan Feb Mar Apr May Jun Jul Aug Sep Oct Nov Dec
2020: Jan Feb Mar Apr May Jun Jul Aug Sep Oct Nov Dec
2019: Jan Feb Mar Apr May Jun Jul Aug Sep Oct Nov Dec
2018: Jan Feb Mar Apr May Jun Jul Aug Sep Oct Nov Dec
2017: Jan Feb Mar Apr May Jun Jul Aug Sep Oct Nov Dec
2016: Jan Feb Mar Apr May Jun Jul Aug Sep Oct Nov Dec
2015: Jan Feb Mar Apr May Jun Jul Aug Sep Oct Nov Dec
2014: Jan Feb Mar Apr May Jun Jul Aug Sep Oct Nov Dec
2013: Jan Feb Mar Apr May Jun Jul Aug Sep Oct Nov Dec
2012: Jan Feb Mar Apr May Jun Jul Aug Sep Oct Nov Dec
Report for 2022 April
Monthly Climatological Summary for Apr 2022 Name: Timber Creek City: Flower Mound State: Texas Elevation: 609 ft Lat: N 33° 03' 21" Lon: E 097° 03' 10" Temperature (°F), Rain (in), Wind Speed (mph) Heat Cool Avg Mean Deg Deg Wind Dom Day Temp High Time Low Time Days Days Rain Speed High Time Dir ---------------------------------------------------------------------------------- 01 60.7 77.5 16:04 41.3 07:35 7.7 3.4 0.00 2.5 18.0 16:25 SE 02 63.4 78.1 16:53 49.5 07:07 5.2 3.6 0.03 1.7 18.0 14:18 NNE 03 69.8 87.4 16:09 52.0 06:11 4.0 8.8 0.00 3.2 22.0 23:53 SSE 04 70.8 80.6 14:58 61.2 23:58 0.5 6.3 2.28 4.0 21.0 21:32 S 05 75.1 94.6 16:25 57.4 07:41 1.7 11.8 0.01 2.6 20.0 23:23 SSW 06 66.6 79.4 00:00 54.8 23:59 2.2 3.8 0.00 5.0 24.0 04:12 N 07 59.3 70.6 16:47 45.2 06:59 6.6 0.9 0.00 4.2 29.0 17:43 NNW 08 56.6 69.0 16:34 45.9 07:02 8.9 0.5 0.00 3.6 23.0 11:07 NNW 09 65.1 89.4 16:27 38.4 06:45 8.6 8.7 0.00 3.3 24.0 23:33 S 10 72.6 83.3 14:18 62.1 06:40 0.3 7.9 0.00 7.2 29.0 23:34 S 11 78.2 91.3 16:35 70.0 06:59 0.0 13.2 0.00 5.5 24.0 07:58 SSW 12 74.9 84.4 13:54 67.2 23:12 0.0 9.9 0.02 5.4 27.0 10:22 S 13 72.4 79.6 10:31 58.3 23:49 0.5 7.8 0.02 4.7 24.0 03:29 W 14 64.2 80.3 15:50 46.0 07:37 5.1 4.3 0.00 1.6 14.0 12:47 SE 15 70.9 85.0 16:23 57.6 07:09 1.3 7.2 0.00 3.8 21.0 11:43 S 16 70.5 81.4 12:05 56.4 23:57 1.2 6.7 0.00 2.7 17.0 14:16 WSW 17 65.1 80.6 16:20 54.7 06:52 4.0 4.1 0.00 1.6 15.0 16:26 NNW 18 61.9 75.8 16:14 50.5 07:04 5.2 2.1 0.00 1.8 18.0 08:39 NE 19 64.1 75.3 14:05 48.9 06:25 4.4 3.5 0.00 3.1 23.0 17:08 SSE 20 76.5 92.2 16:38 65.1 06:52 0.0 11.5 0.01 6.0 28.0 19:10 S 21 78.4 87.3 14:35 72.6 06:51 0.0 13.4 0.00 4.9 25.0 02:02 S 22 77.5 86.5 16:28 71.3 07:05 0.0 12.5 0.00 5.6 29.0 16:29 S 23 75.9 82.3 15:24 69.7 03:43 0.0 10.9 0.00 6.2 28.0 00:47 S 24 70.7 79.3 16:41 58.2 23:58 0.7 6.4 0.42 3.4 23.0 01:35 S 25 60.8 67.7 13:31 54.5 23:57 4.5 0.3 0.24 1.3 18.0 12:54 NNE 26 62.0 76.3 15:56 48.3 06:35 6.0 3.0 0.00 0.6 11.0 09:36 ENE 27 66.4 81.2 16:09 52.4 06:27 4.0 5.4 0.00 2.1 14.0 09:22 SSE 28 72.9 82.7 17:02 64.0 06:34 0.0 7.9 0.00 3.5 22.0 18:19 S 29 75.9 82.4 16:19 70.2 07:53 0.0 10.9 0.00 5.2 27.0 15:05 S 30 75.3 85.5 16:15 60.8 23:59 0.2 10.5 0.00 2.8 23.0 00:17 W ---------------------------------------------------------------------------------- 69.2 94.6 5 38.4 9 82.8 207.2 3.03 3.6 29.0 7 S Max >= 80.0 19 Max <= 32.0 0 Min <= 32.0 0 Min <= 0.0 0 Max Rain: 2.28 on day 4 Days of Rain: 8 (>= 0.01 in) 3 (>= 0.10 in) 1 (>= 1.00 in) Heat Base: 65.0 Cool Base: 65.0 Method: Integration