NOAA-Style Climate Reports
Select a Year or Month report
2024: Jan Feb Mar Apr May Jun Jul Aug Sep Oct Nov Dec
2023: Jan Feb Mar Apr May Jun Jul Aug Sep Oct Nov Dec
2022: Jan Feb Mar Apr May Jun Jul Aug Sep Oct Nov Dec
2021: Jan Feb Mar Apr May Jun Jul Aug Sep Oct Nov Dec
2020: Jan Feb Mar Apr May Jun Jul Aug Sep Oct Nov Dec
2019: Jan Feb Mar Apr May Jun Jul Aug Sep Oct Nov Dec
2018: Jan Feb Mar Apr May Jun Jul Aug Sep Oct Nov Dec
2017: Jan Feb Mar Apr May Jun Jul Aug Sep Oct Nov Dec
2016: Jan Feb Mar Apr May Jun Jul Aug Sep Oct Nov Dec
2015: Jan Feb Mar Apr May Jun Jul Aug Sep Oct Nov Dec
2014: Jan Feb Mar Apr May Jun Jul Aug Sep Oct Nov Dec
2013: Jan Feb Mar Apr May Jun Jul Aug Sep Oct Nov Dec
2012: Jan Feb Mar Apr May Jun Jul Aug Sep Oct Nov Dec
2024: Jan Feb Mar Apr May Jun Jul Aug Sep Oct Nov Dec
2023: Jan Feb Mar Apr May Jun Jul Aug Sep Oct Nov Dec
2022: Jan Feb Mar Apr May Jun Jul Aug Sep Oct Nov Dec
2021: Jan Feb Mar Apr May Jun Jul Aug Sep Oct Nov Dec
2020: Jan Feb Mar Apr May Jun Jul Aug Sep Oct Nov Dec
2019: Jan Feb Mar Apr May Jun Jul Aug Sep Oct Nov Dec
2018: Jan Feb Mar Apr May Jun Jul Aug Sep Oct Nov Dec
2017: Jan Feb Mar Apr May Jun Jul Aug Sep Oct Nov Dec
2016: Jan Feb Mar Apr May Jun Jul Aug Sep Oct Nov Dec
2015: Jan Feb Mar Apr May Jun Jul Aug Sep Oct Nov Dec
2014: Jan Feb Mar Apr May Jun Jul Aug Sep Oct Nov Dec
2013: Jan Feb Mar Apr May Jun Jul Aug Sep Oct Nov Dec
2012: Jan Feb Mar Apr May Jun Jul Aug Sep Oct Nov Dec
Report for 2022 May
Monthly Climatological Summary for May 2022 Name: Timber Creek City: Flower Mound State: Texas Elevation: 609 ft Lat: N 33° 03' 21" Lon: E 097° 03' 10" Temperature (°F), Rain (in), Wind Speed (mph) Heat Cool Avg Mean Deg Deg Wind Dom Day Temp High Time Low Time Days Days Rain Speed High Time Dir ---------------------------------------------------------------------------------- 01 72.1 88.6 15:14 52.0 06:54 3.4 10.4 0.00 1.5 16.0 11:35 SE 02 76.4 85.6 17:01 64.2 04:10 0.1 11.4 0.36 3.9 22.0 12:00 S 03 60.8 78.0 00:00 53.2 08:35 5.0 0.7 0.20 1.3 19.0 00:27 N 04 73.5 87.7 16:00 60.1 02:44 1.4 9.9 0.01 2.5 20.0 23:18 S 05 72.6 83.6 11:36 59.1 23:58 0.3 7.9 0.11 2.2 19.0 15:33 WNW 06 71.3 89.8 16:43 54.0 06:38 3.3 9.5 0.00 0.3 9.0 14:23 SSE 07 79.0 91.2 16:12 68.5 06:49 0.0 14.0 0.00 2.2 18.0 19:17 SSE 08 84.4 95.7 15:13 74.9 06:30 0.0 19.4 0.00 5.0 21.0 13:52 S 09 84.6 94.3 15:49 76.4 04:57 0.0 19.6 0.00 5.5 24.0 14:33 S 10 83.9 92.2 16:06 77.5 06:04 0.0 18.9 0.00 4.4 19.0 13:24 S 11 82.6 93.5 15:23 72.4 07:10 0.0 17.6 0.00 3.5 17.0 00:37 S 12 82.7 95.3 15:25 71.2 06:49 0.0 17.7 0.00 3.6 19.0 14:14 S 13 83.5 96.8 15:55 70.3 06:57 0.0 18.5 0.00 3.1 14.0 02:49 S 14 83.7 97.4 16:06 68.4 06:27 0.0 18.7 0.00 1.4 11.0 00:13 S 15 84.2 99.6 15:49 69.8 05:53 0.0 19.2 0.00 2.6 27.0 22:44 S 16 78.7 90.7 16:22 65.1 06:13 0.0 13.7 0.00 1.2 10.0 00:22 ENE 17 84.7 97.2 15:08 74.8 05:39 0.0 19.7 0.00 3.2 20.0 15:51 S 18 84.6 96.3 16:54 73.5 07:26 0.0 19.6 0.00 4.0 19.0 17:36 S 19 84.7 96.6 16:08 73.1 07:01 0.0 19.7 0.00 5.1 24.0 18:36 S 20 85.0 96.4 16:35 75.2 06:55 0.0 20.0 0.00 5.7 24.0 12:21 S 21 77.3 91.3 13:23 63.5 21:09 0.2 12.5 0.00 3.6 19.0 00:44 SSW 22 64.1 69.6 14:08 60.1 07:47 1.7 0.9 0.00 1.6 16.0 03:20 NNE 23 68.3 80.1 14:54 59.9 03:56 1.6 4.9 0.04 0.9 13.0 23:07 E 24 67.5 73.9 17:21 62.4 23:53 0.4 2.9 1.01 1.7 21.0 18:34 ESE 25 63.8 72.6 16:54 56.8 23:46 2.6 1.4 0.15 2.2 20.0 14:29 NW 26 70.7 87.7 15:36 53.2 06:55 3.4 9.0 0.00 1.6 18.0 14:16 NNW 27 75.9 94.3 16:52 57.1 05:50 1.7 12.7 0.00 0.7 8.0 20:00 SE 28 82.8 95.3 15:43 67.4 07:07 0.0 17.8 0.00 4.3 23.0 13:32 S 29 84.2 95.2 16:03 73.2 07:36 0.0 19.2 0.00 5.5 26.0 21:35 S 30 83.9 93.2 16:30 75.4 04:08 0.0 18.9 0.00 6.2 27.0 02:54 S 31 85.6 96.7 15:57 77.2 06:24 0.0 20.6 0.00 4.7 22.0 01:03 S ---------------------------------------------------------------------------------- 78.0 99.6 15 52.0 1 25.1 426.9 1.88 3.1 27.0 15 S Max >= 80.0 27 Max <= 32.0 0 Min <= 32.0 0 Min <= 0.0 0 Max Rain: 1.01 on day 24 Days of Rain: 7 (>= 0.01 in) 5 (>= 0.10 in) 1 (>= 1.00 in) Heat Base: 65.0 Cool Base: 65.0 Method: Integration