NOAA-Style Climate Reports
Select a Year or Month report
2024: Jan Feb Mar Apr May Jun Jul Aug Sep Oct Nov Dec
2023: Jan Feb Mar Apr May Jun Jul Aug Sep Oct Nov Dec
2022: Jan Feb Mar Apr May Jun Jul Aug Sep Oct Nov Dec
2021: Jan Feb Mar Apr May Jun Jul Aug Sep Oct Nov Dec
2020: Jan Feb Mar Apr May Jun Jul Aug Sep Oct Nov Dec
2019: Jan Feb Mar Apr May Jun Jul Aug Sep Oct Nov Dec
2018: Jan Feb Mar Apr May Jun Jul Aug Sep Oct Nov Dec
2017: Jan Feb Mar Apr May Jun Jul Aug Sep Oct Nov Dec
2016: Jan Feb Mar Apr May Jun Jul Aug Sep Oct Nov Dec
2015: Jan Feb Mar Apr May Jun Jul Aug Sep Oct Nov Dec
2014: Jan Feb Mar Apr May Jun Jul Aug Sep Oct Nov Dec
2013: Jan Feb Mar Apr May Jun Jul Aug Sep Oct Nov Dec
2012: Jan Feb Mar Apr May Jun Jul Aug Sep Oct Nov Dec
2024: Jan Feb Mar Apr May Jun Jul Aug Sep Oct Nov Dec
2023: Jan Feb Mar Apr May Jun Jul Aug Sep Oct Nov Dec
2022: Jan Feb Mar Apr May Jun Jul Aug Sep Oct Nov Dec
2021: Jan Feb Mar Apr May Jun Jul Aug Sep Oct Nov Dec
2020: Jan Feb Mar Apr May Jun Jul Aug Sep Oct Nov Dec
2019: Jan Feb Mar Apr May Jun Jul Aug Sep Oct Nov Dec
2018: Jan Feb Mar Apr May Jun Jul Aug Sep Oct Nov Dec
2017: Jan Feb Mar Apr May Jun Jul Aug Sep Oct Nov Dec
2016: Jan Feb Mar Apr May Jun Jul Aug Sep Oct Nov Dec
2015: Jan Feb Mar Apr May Jun Jul Aug Sep Oct Nov Dec
2014: Jan Feb Mar Apr May Jun Jul Aug Sep Oct Nov Dec
2013: Jan Feb Mar Apr May Jun Jul Aug Sep Oct Nov Dec
2012: Jan Feb Mar Apr May Jun Jul Aug Sep Oct Nov Dec
Report for 2022 June
Monthly Climatological Summary for Jun 2022 Name: Timber Creek City: Flower Mound State: Texas Elevation: 609 ft Lat: N 33° 03' 21" Lon: E 097° 03' 10" Temperature (°F), Rain (in), Wind Speed (mph) Heat Cool Avg Mean Deg Deg Wind Dom Day Temp High Time Low Time Days Days Rain Speed High Time Dir ---------------------------------------------------------------------------------- 01 80.3 91.4 12:55 70.5 16:20 0.0 15.3 1.14 1.6 14.0 00:10 SSE 02 74.6 84.8 16:54 65.2 05:14 0.0 9.6 1.50 1.1 20.0 03:55 NNE 03 74.2 82.9 13:48 69.0 04:08 0.0 9.2 0.12 0.4 13.0 15:20 NE 04 77.6 91.0 16:37 66.4 06:41 0.0 12.6 0.00 1.0 12.0 16:39 SSE 05 82.4 95.4 15:57 72.9 06:34 0.0 17.4 0.00 3.1 19.0 15:31 SSE 06 85.9 97.2 15:58 75.6 06:36 0.0 20.9 0.00 3.8 22.0 02:25 S 07 86.0 96.9 16:22 76.9 07:22 0.0 21.0 0.00 3.2 19.0 03:27 SSE 08 81.7 87.8 16:22 75.7 23:55 0.0 16.7 0.00 2.3 18.0 12:58 S 09 83.4 94.3 15:12 72.5 05:40 0.0 18.4 0.00 0.8 9.0 12:41 SE 10 87.1 101.4 16:41 75.5 08:58 0.0 22.1 0.00 1.3 16.0 04:08 S 11 92.0 106.5 16:19 77.8 06:50 0.0 27.0 0.00 2.3 14.0 18:32 SSW 12 92.3 105.2 16:10 80.7 06:38 0.0 27.3 0.00 3.5 17.0 15:25 S 13 90.6 101.4 16:43 80.0 06:56 0.0 25.6 0.00 4.4 21.0 20:18 S 14 88.3 98.2 16:25 78.3 06:29 0.0 23.3 0.00 5.7 26.0 14:54 S 15 87.2 96.6 16:59 79.1 05:54 0.0 22.2 0.00 4.9 24.0 02:41 S 16 90.6 102.0 16:14 80.9 06:25 0.0 25.6 0.00 2.3 13.0 09:47 S 17 88.3 101.0 15:55 72.2 06:34 0.0 23.3 0.00 0.9 11.0 21:22 SE 18 88.6 101.4 15:10 77.2 06:29 0.0 23.6 0.00 1.4 11.0 14:21 SSE 19 89.1 103.0 16:37 78.3 06:41 0.0 24.1 0.00 1.4 16.0 20:05 SE 20 90.2 103.7 15:50 77.7 06:46 0.0 25.3 0.00 2.1 16.0 19:10 SSE 21 91.4 103.3 15:55 80.4 06:48 0.0 26.4 0.00 1.9 15.0 16:56 SSE 22 90.1 102.4 16:09 76.0 06:31 0.0 25.1 0.00 1.1 11.0 13:53 S 23 91.7 105.0 15:35 76.9 06:43 0.0 26.7 0.00 1.2 12.0 14:11 SSE 24 93.4 106.4 15:52 79.4 06:37 0.0 28.4 0.00 2.3 14.0 13:16 S 25 92.8 105.8 16:31 81.8 06:57 0.0 27.8 0.00 2.0 13.0 13:49 S 26 88.3 102.8 15:22 74.9 06:36 0.0 23.3 0.00 1.1 13.0 16:25 NNE 27 83.0 94.6 15:52 72.7 06:53 0.0 18.0 0.18 1.5 15.0 18:47 NE 28 83.1 92.8 16:54 75.8 06:45 0.0 18.1 0.00 0.9 11.0 10:18 ENE 29 83.4 96.0 16:24 70.4 06:41 0.0 18.4 0.00 0.8 11.0 16:57 E 30 86.2 101.8 14:09 68.8 06:43 0.0 21.2 0.00 1.2 15.0 22:52 SSE ---------------------------------------------------------------------------------- 86.5 106.5 11 65.2 2 0.0 643.9 2.94 2.0 26.0 14 SSE Max >= 80.0 30 Max <= 32.0 0 Min <= 32.0 0 Min <= 0.0 0 Max Rain: 1.50 on day 2 Days of Rain: 4 (>= 0.01 in) 4 (>= 0.10 in) 2 (>= 1.00 in) Heat Base: 65.0 Cool Base: 65.0 Method: Integration