NOAA-Style Climate Reports
Select a Year or Month report
2024: Jan Feb Mar Apr May Jun Jul Aug Sep Oct Nov Dec
2023: Jan Feb Mar Apr May Jun Jul Aug Sep Oct Nov Dec
2022: Jan Feb Mar Apr May Jun Jul Aug Sep Oct Nov Dec
2021: Jan Feb Mar Apr May Jun Jul Aug Sep Oct Nov Dec
2020: Jan Feb Mar Apr May Jun Jul Aug Sep Oct Nov Dec
2019: Jan Feb Mar Apr May Jun Jul Aug Sep Oct Nov Dec
2018: Jan Feb Mar Apr May Jun Jul Aug Sep Oct Nov Dec
2017: Jan Feb Mar Apr May Jun Jul Aug Sep Oct Nov Dec
2016: Jan Feb Mar Apr May Jun Jul Aug Sep Oct Nov Dec
2015: Jan Feb Mar Apr May Jun Jul Aug Sep Oct Nov Dec
2014: Jan Feb Mar Apr May Jun Jul Aug Sep Oct Nov Dec
2013: Jan Feb Mar Apr May Jun Jul Aug Sep Oct Nov Dec
2012: Jan Feb Mar Apr May Jun Jul Aug Sep Oct Nov Dec
2024: Jan Feb Mar Apr May Jun Jul Aug Sep Oct Nov Dec
2023: Jan Feb Mar Apr May Jun Jul Aug Sep Oct Nov Dec
2022: Jan Feb Mar Apr May Jun Jul Aug Sep Oct Nov Dec
2021: Jan Feb Mar Apr May Jun Jul Aug Sep Oct Nov Dec
2020: Jan Feb Mar Apr May Jun Jul Aug Sep Oct Nov Dec
2019: Jan Feb Mar Apr May Jun Jul Aug Sep Oct Nov Dec
2018: Jan Feb Mar Apr May Jun Jul Aug Sep Oct Nov Dec
2017: Jan Feb Mar Apr May Jun Jul Aug Sep Oct Nov Dec
2016: Jan Feb Mar Apr May Jun Jul Aug Sep Oct Nov Dec
2015: Jan Feb Mar Apr May Jun Jul Aug Sep Oct Nov Dec
2014: Jan Feb Mar Apr May Jun Jul Aug Sep Oct Nov Dec
2013: Jan Feb Mar Apr May Jun Jul Aug Sep Oct Nov Dec
2012: Jan Feb Mar Apr May Jun Jul Aug Sep Oct Nov Dec
Report for 2022 August
Monthly Climatological Summary for Aug 2022 Name: Timber Creek City: Flower Mound State: Texas Elevation: 609 ft Lat: N 33° 03' 21" Lon: E 097° 03' 10" Temperature (°F), Rain (in), Wind Speed (mph) Heat Cool Avg Mean Deg Deg Wind Dom Day Temp High Time Low Time Days Days Rain Speed High Time Dir ---------------------------------------------------------------------------------- 01 92.7 106.2 15:17 83.4 07:52 0.0 27.7 0.00 2.5 23.0 02:11 S 02 93.9 107.5 15:42 83.4 07:40 0.0 28.9 0.00 3.0 15.0 12:33 SSW 03 94.2 107.4 16:09 82.6 07:16 0.0 29.2 0.00 3.3 30.0 14:52 SSW 04 92.9 105.3 14:43 81.7 07:25 0.0 27.9 0.00 2.5 14.0 19:40 S 05 94.2 109.2 15:43 80.9 06:44 0.0 29.2 0.00 2.3 21.0 22:15 S 06 90.0 102.0 15:50 79.4 06:54 0.0 25.0 0.00 2.8 14.0 00:12 SSE 07 91.1 103.7 16:25 79.9 06:53 0.0 26.1 0.00 3.0 16.0 13:32 S 08 93.5 106.4 15:45 82.0 07:07 0.0 28.5 0.00 2.2 14.0 02:09 S 09 88.4 105.7 13:59 81.7 23:58 0.0 23.4 0.00 1.5 13.0 14:20 SSW 10 84.4 104.8 14:49 75.0 18:47 0.0 19.4 0.60 1.0 19.0 16:37 WNW 11 85.2 100.7 17:02 73.2 06:28 0.0 20.2 0.00 0.6 12.0 13:28 ENE 12 88.8 100.5 15:27 78.4 07:15 0.0 23.8 0.00 0.9 11.0 01:18 E 13 89.9 101.1 16:08 79.5 07:24 0.0 24.9 0.00 1.1 10.0 12:51 E 14 89.6 103.5 15:22 75.7 06:57 0.0 24.6 0.00 1.3 11.0 14:02 SSE 15 90.4 104.5 16:26 77.4 07:15 0.0 25.4 0.00 1.8 14.0 13:19 SSW 16 90.6 103.5 16:34 78.3 07:08 0.0 25.6 0.00 1.1 13.0 13:26 SW 17 90.0 103.7 16:11 73.6 23:57 0.0 25.0 0.06 1.2 19.0 22:14 NNE 18 77.7 87.0 16:28 71.9 06:08 0.0 12.7 0.08 0.3 8.0 15:09 NE 19 83.2 96.3 15:55 73.4 04:06 0.0 18.2 0.00 0.7 10.0 15:41 E 20 85.3 98.2 16:42 75.4 07:06 0.0 20.3 0.00 2.5 14.0 14:03 S 21 80.5 87.4 15:27 75.6 23:59 0.0 15.5 0.39 1.3 16.0 16:11 SE 22 75.1 79.1 18:23 72.8 03:42 0.0 10.1 1.56 0.7 12.0 20:36 ENE 23 76.8 86.8 16:47 73.2 06:53 0.0 11.8 0.20 0.8 11.0 09:56 NNE 24 81.2 91.9 16:11 74.7 07:18 0.0 16.2 0.00 0.7 11.0 13:40 ENE 25 83.1 95.3 16:04 71.6 07:04 0.0 18.1 0.00 0.7 12.0 14:32 ENE 26 84.4 97.2 16:09 72.8 06:59 0.0 19.4 0.00 0.7 11.0 13:48 E 27 87.2 99.9 14:46 75.7 07:15 0.0 22.2 0.00 1.4 15.0 23:06 SE 28 88.8 99.4 16:01 79.4 07:03 0.0 23.8 0.00 3.2 16.0 16:27 S 29 86.3 98.2 15:35 74.6 23:57 0.0 21.3 0.65 2.5 15.0 21:19 SSE 30 78.4 88.2 16:22 74.1 01:18 0.0 13.4 1.57 0.6 14.0 18:16 ENE 31 78.3 91.3 14:28 73.5 06:58 0.0 13.3 0.22 0.7 13.0 15:31 S ---------------------------------------------------------------------------------- 86.6 109.2 5 71.6 25 0.0 671.1 5.33 1.6 30.0 3 S Max >= 80.0 30 Max <= 32.0 0 Min <= 32.0 0 Min <= 0.0 0 Max Rain: 1.57 on day 30 Days of Rain: 9 (>= 0.01 in) 7 (>= 0.10 in) 2 (>= 1.00 in) Heat Base: 65.0 Cool Base: 65.0 Method: Integration