NOAA-Style Climate Reports
Select a Year or Month report
2024: Jan Feb Mar Apr May Jun Jul Aug Sep Oct Nov Dec
2023: Jan Feb Mar Apr May Jun Jul Aug Sep Oct Nov Dec
2022: Jan Feb Mar Apr May Jun Jul Aug Sep Oct Nov Dec
2021: Jan Feb Mar Apr May Jun Jul Aug Sep Oct Nov Dec
2020: Jan Feb Mar Apr May Jun Jul Aug Sep Oct Nov Dec
2019: Jan Feb Mar Apr May Jun Jul Aug Sep Oct Nov Dec
2018: Jan Feb Mar Apr May Jun Jul Aug Sep Oct Nov Dec
2017: Jan Feb Mar Apr May Jun Jul Aug Sep Oct Nov Dec
2016: Jan Feb Mar Apr May Jun Jul Aug Sep Oct Nov Dec
2015: Jan Feb Mar Apr May Jun Jul Aug Sep Oct Nov Dec
2014: Jan Feb Mar Apr May Jun Jul Aug Sep Oct Nov Dec
2013: Jan Feb Mar Apr May Jun Jul Aug Sep Oct Nov Dec
2012: Jan Feb Mar Apr May Jun Jul Aug Sep Oct Nov Dec
2024: Jan Feb Mar Apr May Jun Jul Aug Sep Oct Nov Dec
2023: Jan Feb Mar Apr May Jun Jul Aug Sep Oct Nov Dec
2022: Jan Feb Mar Apr May Jun Jul Aug Sep Oct Nov Dec
2021: Jan Feb Mar Apr May Jun Jul Aug Sep Oct Nov Dec
2020: Jan Feb Mar Apr May Jun Jul Aug Sep Oct Nov Dec
2019: Jan Feb Mar Apr May Jun Jul Aug Sep Oct Nov Dec
2018: Jan Feb Mar Apr May Jun Jul Aug Sep Oct Nov Dec
2017: Jan Feb Mar Apr May Jun Jul Aug Sep Oct Nov Dec
2016: Jan Feb Mar Apr May Jun Jul Aug Sep Oct Nov Dec
2015: Jan Feb Mar Apr May Jun Jul Aug Sep Oct Nov Dec
2014: Jan Feb Mar Apr May Jun Jul Aug Sep Oct Nov Dec
2013: Jan Feb Mar Apr May Jun Jul Aug Sep Oct Nov Dec
2012: Jan Feb Mar Apr May Jun Jul Aug Sep Oct Nov Dec
Report for 2022 September
Monthly Climatological Summary for Sep 2022 Name: Timber Creek City: Flower Mound State: Texas Elevation: 609 ft Lat: N 33° 03' 21" Lon: E 097° 03' 10" Temperature (°F), Rain (in), Wind Speed (mph) Heat Cool Avg Mean Deg Deg Wind Dom Day Temp High Time Low Time Days Days Rain Speed High Time Dir ---------------------------------------------------------------------------------- 01 75.4 86.5 13:55 72.1 06:10 0.0 10.4 0.57 0.6 14.0 15:11 SW 02 77.9 86.9 15:46 73.3 06:33 0.0 12.9 0.04 1.5 16.0 14:59 S 03 82.7 98.1 16:26 71.7 06:05 0.0 17.7 0.01 0.5 11.0 17:31 NNE 04 78.1 96.0 13:52 70.8 07:21 0.0 13.1 0.00 0.7 16.0 13:59 WNW 05 79.9 95.2 16:05 67.1 06:19 0.0 14.9 0.00 0.0 0.0 00:00 N 06 83.0 98.7 14:52 70.2 07:25 0.0 18.0 0.00 0.0 0.0 00:00 N 07 82.8 96.7 14:23 71.3 07:28 0.0 17.8 0.00 0.1 10.0 16:21 N 08 81.4 93.6 15:27 72.4 06:09 0.0 16.4 0.01 0.6 9.0 15:11 ESE 09 80.0 93.6 15:25 66.8 07:37 0.0 15.0 0.00 1.0 12.0 13:50 SE 10 77.8 92.5 16:21 63.1 06:57 0.2 12.9 0.00 0.4 9.0 14:17 ENE 11 75.1 85.7 15:23 67.8 08:08 0.0 10.1 0.00 1.7 15.0 08:27 N 12 74.8 90.0 15:28 61.3 06:28 0.4 10.2 0.00 0.5 9.0 10:51 ENE 13 78.5 93.9 16:30 64.7 06:16 0.0 13.6 0.00 1.7 13.0 12:42 SSE 14 79.2 93.1 15:10 66.8 07:07 0.0 14.2 0.00 1.7 15.0 11:15 SE 15 77.8 92.5 16:24 63.6 07:00 0.1 12.9 0.00 1.6 12.0 10:37 SSE 16 81.4 95.0 14:55 69.1 07:31 0.0 16.4 0.00 2.1 13.0 18:21 SSE 17 85.0 97.0 16:37 75.8 06:40 0.0 20.0 0.00 3.1 20.0 08:49 S 18 86.2 98.3 15:52 76.6 07:16 0.0 21.2 0.00 2.4 12.0 12:21 S 19 85.3 98.9 15:19 71.8 07:37 0.0 20.3 0.00 1.4 13.0 18:52 S 20 86.0 100.6 16:40 72.4 06:46 0.0 21.0 0.00 1.4 14.0 13:49 S 21 85.7 101.4 15:42 72.1 07:49 0.0 20.7 0.00 1.1 11.0 17:00 SSW 22 83.5 101.9 15:03 67.4 07:39 0.0 18.5 0.00 0.5 8.0 10:12 N 23 83.8 99.6 15:13 70.4 05:35 0.0 18.8 0.00 1.5 13.0 16:05 S 24 85.3 99.6 15:16 75.8 03:35 0.0 20.3 0.00 1.4 12.0 12:48 SSW 25 85.7 101.1 15:25 74.6 07:14 0.0 20.7 0.00 0.8 13.0 18:52 NNW 26 76.7 89.8 15:55 63.2 23:59 0.0 11.7 0.00 0.8 12.0 13:03 NE 27 74.7 93.4 16:25 55.2 07:24 2.2 11.9 0.00 0.9 10.0 12:33 SSE 28 78.1 93.9 16:09 60.5 07:42 0.4 13.4 0.00 1.5 12.0 12:15 SSW 29 73.5 85.4 16:17 65.8 07:45 0.0 8.5 0.00 1.6 20.0 10:25 SE 30 69.8 85.5 15:45 54.8 07:55 1.7 6.5 0.00 0.7 11.0 13:52 SE ---------------------------------------------------------------------------------- 80.2 101.9 22 54.8 30 5.0 460.0 0.63 1.1 20.0 17 SSE Max >= 80.0 30 Max <= 32.0 0 Min <= 32.0 0 Min <= 0.0 0 Max Rain: 0.57 on day 1 Days of Rain: 4 (>= 0.01 in) 1 (>= 0.10 in) 0 (>= 1.00 in) Heat Base: 65.0 Cool Base: 65.0 Method: Integration