NOAA-Style Climate Reports
Select a Year or Month report
2024: Jan Feb Mar Apr May Jun Jul Aug Sep Oct Nov Dec
2023: Jan Feb Mar Apr May Jun Jul Aug Sep Oct Nov Dec
2022: Jan Feb Mar Apr May Jun Jul Aug Sep Oct Nov Dec
2021: Jan Feb Mar Apr May Jun Jul Aug Sep Oct Nov Dec
2020: Jan Feb Mar Apr May Jun Jul Aug Sep Oct Nov Dec
2019: Jan Feb Mar Apr May Jun Jul Aug Sep Oct Nov Dec
2018: Jan Feb Mar Apr May Jun Jul Aug Sep Oct Nov Dec
2017: Jan Feb Mar Apr May Jun Jul Aug Sep Oct Nov Dec
2016: Jan Feb Mar Apr May Jun Jul Aug Sep Oct Nov Dec
2015: Jan Feb Mar Apr May Jun Jul Aug Sep Oct Nov Dec
2014: Jan Feb Mar Apr May Jun Jul Aug Sep Oct Nov Dec
2013: Jan Feb Mar Apr May Jun Jul Aug Sep Oct Nov Dec
2012: Jan Feb Mar Apr May Jun Jul Aug Sep Oct Nov Dec
2024: Jan Feb Mar Apr May Jun Jul Aug Sep Oct Nov Dec
2023: Jan Feb Mar Apr May Jun Jul Aug Sep Oct Nov Dec
2022: Jan Feb Mar Apr May Jun Jul Aug Sep Oct Nov Dec
2021: Jan Feb Mar Apr May Jun Jul Aug Sep Oct Nov Dec
2020: Jan Feb Mar Apr May Jun Jul Aug Sep Oct Nov Dec
2019: Jan Feb Mar Apr May Jun Jul Aug Sep Oct Nov Dec
2018: Jan Feb Mar Apr May Jun Jul Aug Sep Oct Nov Dec
2017: Jan Feb Mar Apr May Jun Jul Aug Sep Oct Nov Dec
2016: Jan Feb Mar Apr May Jun Jul Aug Sep Oct Nov Dec
2015: Jan Feb Mar Apr May Jun Jul Aug Sep Oct Nov Dec
2014: Jan Feb Mar Apr May Jun Jul Aug Sep Oct Nov Dec
2013: Jan Feb Mar Apr May Jun Jul Aug Sep Oct Nov Dec
2012: Jan Feb Mar Apr May Jun Jul Aug Sep Oct Nov Dec
Report for 2022 November
Monthly Climatological Summary for Nov 2022 Name: Timber Creek City: Flower Mound State: Texas Elevation: 609 ft Lat: N 33° 03' 21" Lon: E 097° 03' 10" Temperature (°F), Rain (in), Wind Speed (mph) Heat Cool Avg Mean Deg Deg Wind Dom Day Temp High Time Low Time Days Days Rain Speed High Time Dir ---------------------------------------------------------------------------------- 01 64.6 79.1 15:27 52.3 07:13 4.2 3.9 0.00 1.0 12.0 15:30 S 02 65.3 75.4 15:46 56.1 04:06 2.5 2.7 0.00 1.8 15.0 13:42 S 03 71.7 79.5 16:01 65.5 02:07 0.0 6.7 0.00 3.2 18.0 17:07 SSE 04 66.7 74.7 10:36 46.9 23:58 3.8 5.5 1.42 4.0 26.0 16:01 S 05 53.1 68.2 16:56 39.4 08:17 12.1 0.2 0.00 1.7 16.0 02:59 S 06 65.4 82.6 15:22 55.4 06:18 3.7 4.1 0.00 2.3 16.0 10:00 S 07 69.3 79.4 13:39 60.3 02:18 0.7 5.0 0.08 0.3 11.0 14:41 ESE 08 72.2 80.6 14:37 67.9 06:11 0.0 7.2 0.00 1.4 11.0 20:52 SE 09 72.9 83.1 13:51 66.9 06:18 0.0 8.0 0.00 2.4 16.0 15:05 SSE 10 69.7 74.3 14:22 64.5 07:07 0.0 4.7 0.00 1.6 13.0 09:20 S 11 48.9 67.8 00:00 39.5 23:55 16.4 0.3 0.28 2.8 21.0 02:51 N 12 41.2 53.7 15:18 33.1 07:09 23.8 0.0 0.00 0.0 0.0 00:00 N 13 42.6 55.3 14:28 29.4 07:02 22.4 0.0 0.00 0.0 0.0 00:00 N 14 42.0 44.7 00:51 39.8 20:26 23.0 0.0 0.32 0.5 12.0 15:16 N 15 39.7 46.3 15:35 36.7 21:18 25.3 0.0 0.00 1.6 13.0 02:17 NNW 16 42.5 58.3 15:09 33.4 03:48 22.5 0.0 0.00 0.3 9.0 15:13 NNW 17 44.3 62.2 15:00 30.9 06:15 20.7 0.0 0.00 0.8 12.0 13:33 S 18 41.0 46.9 13:12 35.6 06:35 24.0 0.0 0.00 1.1 13.0 11:05 NNE 19 36.7 47.0 15:38 29.9 23:56 28.3 0.0 0.00 1.0 11.0 08:33 N 20 40.0 52.0 14:01 26.7 06:28 25.0 0.0 0.01 0.4 9.0 12:02 SSE 21 45.1 53.3 15:30 38.6 23:14 19.9 0.0 0.02 0.9 11.0 11:39 SSW 22 49.0 63.2 15:06 37.3 01:22 16.0 0.0 0.00 0.7 11.0 14:19 S 23 52.8 57.1 14:29 44.5 00:00 12.2 0.0 0.32 1.1 11.0 12:11 SSE 24 54.5 56.7 10:22 52.8 00:00 10.5 0.0 0.57 1.0 14.0 23:04 NNE 25 54.1 60.2 15:17 49.5 07:50 10.9 0.0 0.01 1.2 13.0 14:55 NNE 26 51.3 54.6 00:00 46.7 23:57 13.7 0.0 1.18 1.9 17.0 14:27 WNW 27 51.2 65.5 15:05 42.7 06:05 13.8 0.0 0.00 1.5 14.0 10:26 NW 28 52.7 69.6 15:13 36.1 07:27 12.7 0.4 0.00 2.1 17.0 16:07 S 29 64.9 79.9 14:52 42.0 23:56 3.9 3.8 0.00 3.6 23.0 20:12 WSW 30 40.8 51.5 15:05 34.1 07:06 24.2 0.0 0.00 1.6 16.0 00:47 N ---------------------------------------------------------------------------------- 53.5 83.1 9 26.7 20 396.2 52.5 4.21 1.5 26.0 4 S Max >= 80.0 3 Max <= 32.0 0 Min <= 32.0 4 Min <= 0.0 0 Max Rain: 1.42 on day 4 Days of Rain: 10 (>= 0.01 in) 6 (>= 0.10 in) 2 (>= 1.00 in) Heat Base: 65.0 Cool Base: 65.0 Method: Integration