NOAA-Style Climate Reports
Select a Year or Month report
2024: Jan Feb Mar Apr May Jun Jul Aug Sep Oct Nov Dec
2023: Jan Feb Mar Apr May Jun Jul Aug Sep Oct Nov Dec
2022: Jan Feb Mar Apr May Jun Jul Aug Sep Oct Nov Dec
2021: Jan Feb Mar Apr May Jun Jul Aug Sep Oct Nov Dec
2020: Jan Feb Mar Apr May Jun Jul Aug Sep Oct Nov Dec
2019: Jan Feb Mar Apr May Jun Jul Aug Sep Oct Nov Dec
2018: Jan Feb Mar Apr May Jun Jul Aug Sep Oct Nov Dec
2017: Jan Feb Mar Apr May Jun Jul Aug Sep Oct Nov Dec
2016: Jan Feb Mar Apr May Jun Jul Aug Sep Oct Nov Dec
2015: Jan Feb Mar Apr May Jun Jul Aug Sep Oct Nov Dec
2014: Jan Feb Mar Apr May Jun Jul Aug Sep Oct Nov Dec
2013: Jan Feb Mar Apr May Jun Jul Aug Sep Oct Nov Dec
2012: Jan Feb Mar Apr May Jun Jul Aug Sep Oct Nov Dec
2024: Jan Feb Mar Apr May Jun Jul Aug Sep Oct Nov Dec
2023: Jan Feb Mar Apr May Jun Jul Aug Sep Oct Nov Dec
2022: Jan Feb Mar Apr May Jun Jul Aug Sep Oct Nov Dec
2021: Jan Feb Mar Apr May Jun Jul Aug Sep Oct Nov Dec
2020: Jan Feb Mar Apr May Jun Jul Aug Sep Oct Nov Dec
2019: Jan Feb Mar Apr May Jun Jul Aug Sep Oct Nov Dec
2018: Jan Feb Mar Apr May Jun Jul Aug Sep Oct Nov Dec
2017: Jan Feb Mar Apr May Jun Jul Aug Sep Oct Nov Dec
2016: Jan Feb Mar Apr May Jun Jul Aug Sep Oct Nov Dec
2015: Jan Feb Mar Apr May Jun Jul Aug Sep Oct Nov Dec
2014: Jan Feb Mar Apr May Jun Jul Aug Sep Oct Nov Dec
2013: Jan Feb Mar Apr May Jun Jul Aug Sep Oct Nov Dec
2012: Jan Feb Mar Apr May Jun Jul Aug Sep Oct Nov Dec
Report for 2023 March
Monthly Climatological Summary for Mar 2023 Name: Timber Creek City: Flower Mound State: Texas Elevation: 609 ft Lat: N 33° 03' 21" Lon: E 097° 03' 10" Temperature (°F), Rain (in), Wind Speed (mph) Heat Cool Avg Mean Deg Deg Wind Dom Day Temp High Time Low Time Days Days Rain Speed High Time Dir ---------------------------------------------------------------------------------- 01 65.6 71.5 11:57 57.3 22:57 1.3 1.9 0.00 1.4 19.0 01:57 SSW 02 64.1 81.9 15:20 52.7 23:54 5.4 4.4 0.83 2.9 41.0 18:07 W 03 53.2 66.6 15:45 43.4 07:15 11.9 0.1 0.23 2.9 18.0 02:19 NW 04 60.1 79.4 15:53 42.9 06:53 8.2 3.3 0.00 2.2 19.0 14:30 S 05 66.1 79.6 14:46 51.9 07:07 3.7 4.7 0.00 3.9 22.0 13:10 S 06 70.1 85.4 15:08 58.3 07:06 1.3 6.4 0.00 2.9 17.0 00:51 S 07 66.3 75.8 10:36 56.2 07:05 2.1 3.4 0.00 1.6 16.0 10:59 SSE 08 53.6 61.0 00:00 49.5 08:51 11.4 0.0 0.10 2.3 17.0 02:35 N 09 56.9 68.6 13:26 53.3 23:34 8.2 0.1 0.24 1.6 15.0 15:55 N 10 55.6 68.3 16:27 46.3 07:02 9.6 0.2 0.00 2.0 18.0 22:56 NE 11 69.9 87.8 16:15 56.1 01:01 2.5 7.4 0.00 3.8 23.0 15:23 S 12 58.4 66.0 00:00 51.3 23:56 6.3 0.0 0.00 4.0 20.0 15:51 NNE 13 50.9 59.2 16:35 44.8 08:00 14.1 0.0 0.00 2.6 16.0 12:35 NE 14 52.7 64.2 14:46 40.9 08:00 12.3 0.0 0.00 1.8 14.0 11:15 E 15 57.7 69.6 17:21 44.8 03:39 7.9 0.7 0.00 4.2 24.0 17:35 SSE 16 60.6 69.8 15:12 43.8 23:52 5.2 0.8 0.07 6.0 26.0 18:57 S 17 46.7 56.3 16:40 39.4 08:04 18.3 0.0 0.00 3.9 23.0 01:56 N 18 44.5 55.9 16:20 35.0 06:18 20.5 0.0 0.00 1.9 16.0 17:39 N 19 43.9 57.2 16:35 33.7 07:32 21.1 0.0 0.00 1.4 11.0 11:09 NE 20 47.9 57.1 16:48 37.3 03:33 17.0 0.0 0.00 4.0 22.0 15:17 SSE 21 58.8 69.7 16:46 50.4 05:09 7.4 1.2 0.01 4.7 23.0 01:33 S 22 73.7 83.9 14:29 66.7 00:53 0.0 8.7 0.00 4.6 23.0 15:08 S 23 75.6 84.9 15:10 68.8 03:21 0.0 10.6 0.00 4.5 22.0 15:31 S 24 67.5 74.7 00:01 60.1 13:49 1.2 3.6 0.66 2.3 17.0 06:02 W 25 63.9 79.5 16:14 51.5 04:59 4.7 3.6 0.00 2.2 15.0 13:11 WNW 26 60.8 79.1 16:46 46.5 05:50 7.4 3.2 0.00 1.5 13.0 22:05 N 27 58.6 72.5 16:16 45.5 07:35 7.6 1.2 0.00 1.8 12.0 08:31 NE 28 55.5 65.0 16:32 45.9 23:57 9.5 0.0 0.00 2.5 16.0 04:00 N 29 56.2 65.6 14:06 45.4 01:04 8.8 0.0 0.00 1.5 13.0 19:57 SSE 30 65.3 72.6 22:13 57.4 00:35 2.1 2.4 0.00 3.6 26.0 21:10 SSE 31 74.6 87.2 13:27 59.5 23:19 0.4 10.0 0.00 4.2 25.0 15:47 WSW ---------------------------------------------------------------------------------- 59.8 87.8 11 33.7 19 237.4 77.9 2.14 2.9 41.0 2 S Max >= 80.0 6 Max <= 32.0 0 Min <= 32.0 0 Min <= 0.0 0 Max Rain: 0.83 on day 2 Days of Rain: 7 (>= 0.01 in) 5 (>= 0.10 in) 0 (>= 1.00 in) Heat Base: 65.0 Cool Base: 65.0 Method: Integration