NOAA-Style Climate Reports
Select a Year or Month report
2024: Jan Feb Mar Apr May Jun Jul Aug Sep Oct Nov Dec
2023: Jan Feb Mar Apr May Jun Jul Aug Sep Oct Nov Dec
2022: Jan Feb Mar Apr May Jun Jul Aug Sep Oct Nov Dec
2021: Jan Feb Mar Apr May Jun Jul Aug Sep Oct Nov Dec
2020: Jan Feb Mar Apr May Jun Jul Aug Sep Oct Nov Dec
2019: Jan Feb Mar Apr May Jun Jul Aug Sep Oct Nov Dec
2018: Jan Feb Mar Apr May Jun Jul Aug Sep Oct Nov Dec
2017: Jan Feb Mar Apr May Jun Jul Aug Sep Oct Nov Dec
2016: Jan Feb Mar Apr May Jun Jul Aug Sep Oct Nov Dec
2015: Jan Feb Mar Apr May Jun Jul Aug Sep Oct Nov Dec
2014: Jan Feb Mar Apr May Jun Jul Aug Sep Oct Nov Dec
2013: Jan Feb Mar Apr May Jun Jul Aug Sep Oct Nov Dec
2012: Jan Feb Mar Apr May Jun Jul Aug Sep Oct Nov Dec
2024: Jan Feb Mar Apr May Jun Jul Aug Sep Oct Nov Dec
2023: Jan Feb Mar Apr May Jun Jul Aug Sep Oct Nov Dec
2022: Jan Feb Mar Apr May Jun Jul Aug Sep Oct Nov Dec
2021: Jan Feb Mar Apr May Jun Jul Aug Sep Oct Nov Dec
2020: Jan Feb Mar Apr May Jun Jul Aug Sep Oct Nov Dec
2019: Jan Feb Mar Apr May Jun Jul Aug Sep Oct Nov Dec
2018: Jan Feb Mar Apr May Jun Jul Aug Sep Oct Nov Dec
2017: Jan Feb Mar Apr May Jun Jul Aug Sep Oct Nov Dec
2016: Jan Feb Mar Apr May Jun Jul Aug Sep Oct Nov Dec
2015: Jan Feb Mar Apr May Jun Jul Aug Sep Oct Nov Dec
2014: Jan Feb Mar Apr May Jun Jul Aug Sep Oct Nov Dec
2013: Jan Feb Mar Apr May Jun Jul Aug Sep Oct Nov Dec
2012: Jan Feb Mar Apr May Jun Jul Aug Sep Oct Nov Dec
Report for 2023 April
Monthly Climatological Summary for Apr 2023 Name: Timber Creek City: Flower Mound State: Texas Elevation: 609 ft Lat: N 33° 03' 21" Lon: E 097° 03' 10" Temperature (°F), Rain (in), Wind Speed (mph) Heat Cool Avg Mean Deg Deg Wind Dom Day Temp High Time Low Time Days Days Rain Speed High Time Dir ---------------------------------------------------------------------------------- 01 63.7 75.2 15:48 54.3 07:50 3.8 2.6 0.00 1.2 14.0 05:16 N 02 65.2 80.0 13:27 52.3 04:07 3.9 4.1 0.23 2.0 19.0 16:11 S 03 76.9 95.0 16:14 61.4 00:10 0.5 12.4 0.02 3.3 19.0 21:06 S 04 76.3 80.7 17:20 71.7 06:14 0.0 11.3 0.00 4.6 21.0 15:14 S 05 63.7 76.7 00:27 51.1 10:20 4.2 2.8 0.00 3.3 20.0 10:05 NNW 06 54.9 59.6 18:51 49.2 07:23 10.1 0.0 0.00 1.8 13.0 11:03 NE 07 57.1 62.2 16:14 51.4 08:10 7.9 0.0 0.00 1.1 11.0 05:46 NE 08 63.0 74.9 16:06 55.8 07:24 4.2 2.2 0.00 0.6 9.0 15:07 ENE 09 61.5 71.7 12:47 51.4 05:54 5.1 1.6 0.00 0.3 8.0 13:04 SSE 10 65.2 77.2 14:35 54.1 05:56 3.2 3.4 0.00 0.8 10.0 00:36 E 11 64.8 79.4 15:43 49.9 07:24 4.4 4.2 0.00 0.8 11.0 18:30 SE 12 65.8 81.6 16:28 49.9 07:16 4.7 5.6 0.00 1.5 12.0 15:26 S 13 68.8 83.2 16:13 53.2 07:26 2.6 6.4 0.00 2.0 15.0 15:41 S 14 70.3 79.4 12:54 59.5 06:59 1.0 6.3 0.00 3.6 19.0 12:31 S 15 72.0 79.8 10:45 59.9 23:58 0.2 7.3 0.00 3.8 21.0 21:23 NW 16 60.4 74.5 15:54 44.0 07:32 6.7 2.2 0.00 1.5 17.0 16:01 N 17 64.7 83.0 15:37 44.8 06:58 6.5 6.2 0.00 2.3 19.0 15:37 S 18 67.8 73.4 11:05 60.0 07:02 0.8 3.5 0.00 4.0 23.0 23:33 S 19 74.8 86.7 15:38 66.2 02:47 0.0 9.8 0.00 5.4 24.0 13:58 S 20 75.1 85.6 14:18 67.7 23:58 0.0 10.1 0.00 3.2 27.0 02:57 S 21 66.7 79.2 15:57 56.3 23:56 2.6 4.3 0.00 1.0 14.0 10:38 NNE 22 59.7 74.4 12:41 50.5 07:09 6.6 1.2 0.00 1.0 13.0 14:47 NNE 23 51.6 59.3 16:56 47.2 04:09 13.4 0.0 0.02 1.3 14.0 04:23 NE 24 59.1 73.6 16:06 45.2 03:14 7.5 1.7 0.00 1.6 22.0 11:02 SE 25 65.0 74.3 15:40 58.9 07:56 1.9 1.9 0.00 1.8 13.0 10:33 SE 26 58.3 61.8 00:00 54.4 12:49 6.7 0.0 0.50 1.4 24.0 12:23 E 27 61.4 68.5 15:53 52.5 23:59 4.0 0.4 0.00 1.6 17.0 12:06 NNW 28 59.9 74.7 13:17 49.6 06:42 6.7 1.7 0.00 1.9 18.0 21:41 NNE 29 61.2 73.4 16:11 52.4 08:03 5.6 1.8 0.00 3.7 22.0 14:39 N 30 66.5 85.3 16:00 49.8 06:14 4.8 6.3 0.00 0.8 11.0 17:18 NE ---------------------------------------------------------------------------------- 64.7 95.0 3 44.0 16 129.6 121.3 0.77 2.1 27.0 20 SSE Max >= 80.0 9 Max <= 32.0 0 Min <= 32.0 0 Min <= 0.0 0 Max Rain: 0.50 on day 26 Days of Rain: 4 (>= 0.01 in) 2 (>= 0.10 in) 0 (>= 1.00 in) Heat Base: 65.0 Cool Base: 65.0 Method: Integration