NOAA-Style Climate Reports
Select a Year or Month report
2024: Jan Feb Mar Apr May Jun Jul Aug Sep Oct Nov Dec
2023: Jan Feb Mar Apr May Jun Jul Aug Sep Oct Nov Dec
2022: Jan Feb Mar Apr May Jun Jul Aug Sep Oct Nov Dec
2021: Jan Feb Mar Apr May Jun Jul Aug Sep Oct Nov Dec
2020: Jan Feb Mar Apr May Jun Jul Aug Sep Oct Nov Dec
2019: Jan Feb Mar Apr May Jun Jul Aug Sep Oct Nov Dec
2018: Jan Feb Mar Apr May Jun Jul Aug Sep Oct Nov Dec
2017: Jan Feb Mar Apr May Jun Jul Aug Sep Oct Nov Dec
2016: Jan Feb Mar Apr May Jun Jul Aug Sep Oct Nov Dec
2015: Jan Feb Mar Apr May Jun Jul Aug Sep Oct Nov Dec
2014: Jan Feb Mar Apr May Jun Jul Aug Sep Oct Nov Dec
2013: Jan Feb Mar Apr May Jun Jul Aug Sep Oct Nov Dec
2012: Jan Feb Mar Apr May Jun Jul Aug Sep Oct Nov Dec
2024: Jan Feb Mar Apr May Jun Jul Aug Sep Oct Nov Dec
2023: Jan Feb Mar Apr May Jun Jul Aug Sep Oct Nov Dec
2022: Jan Feb Mar Apr May Jun Jul Aug Sep Oct Nov Dec
2021: Jan Feb Mar Apr May Jun Jul Aug Sep Oct Nov Dec
2020: Jan Feb Mar Apr May Jun Jul Aug Sep Oct Nov Dec
2019: Jan Feb Mar Apr May Jun Jul Aug Sep Oct Nov Dec
2018: Jan Feb Mar Apr May Jun Jul Aug Sep Oct Nov Dec
2017: Jan Feb Mar Apr May Jun Jul Aug Sep Oct Nov Dec
2016: Jan Feb Mar Apr May Jun Jul Aug Sep Oct Nov Dec
2015: Jan Feb Mar Apr May Jun Jul Aug Sep Oct Nov Dec
2014: Jan Feb Mar Apr May Jun Jul Aug Sep Oct Nov Dec
2013: Jan Feb Mar Apr May Jun Jul Aug Sep Oct Nov Dec
2012: Jan Feb Mar Apr May Jun Jul Aug Sep Oct Nov Dec
Report for 2023 May
Monthly Climatological Summary for May 2023 Name: Timber Creek City: Flower Mound State: Texas Elevation: 609 ft Lat: N 33° 03' 21" Lon: E 097° 03' 10" Temperature (°F), Rain (in), Wind Speed (mph) Heat Cool Avg Mean Deg Deg Wind Dom Day Temp High Time Low Time Days Days Rain Speed High Time Dir ---------------------------------------------------------------------------------- 01 66.8 80.3 15:30 54.7 07:36 2.9 4.7 0.00 0.6 11.0 17:08 ENE 02 68.2 83.4 13:32 51.6 06:56 3.9 7.2 0.00 0.6 12.0 14:16 E 03 72.1 84.8 14:37 63.2 00:49 0.3 7.4 0.00 0.8 11.0 10:23 E 04 73.5 85.9 14:24 63.9 03:08 0.1 8.6 0.00 2.1 20.0 17:36 SSE 05 83.1 99.2 15:01 70.7 03:33 0.0 18.1 0.00 2.8 21.0 19:34 S 06 79.3 91.3 16:37 66.4 23:57 0.0 14.3 0.17 2.8 18.0 22:22 S 07 76.4 87.3 16:43 65.8 01:29 0.0 11.5 0.08 3.2 16.0 03:57 S 08 79.2 91.6 16:24 71.4 06:02 0.0 14.2 0.04 2.5 19.0 00:02 S 09 77.9 87.0 13:03 68.5 07:02 0.0 12.9 0.00 2.6 16.0 01:30 S 10 72.5 76.9 11:51 67.6 23:54 0.0 7.5 0.02 0.8 9.0 11:53 S 11 76.6 89.2 16:39 65.3 02:30 0.0 11.6 0.00 2.5 17.0 16:27 S 12 81.9 91.4 16:24 75.6 07:20 0.0 16.9 0.00 4.1 23.0 02:06 S 13 78.5 89.5 14:09 69.7 06:06 0.0 13.5 0.00 1.7 16.0 01:32 SSW 14 71.7 76.1 14:12 68.5 04:02 0.0 6.7 0.26 0.5 12.0 02:21 SSE 15 75.4 88.6 14:05 66.3 07:01 0.0 10.4 0.48 0.7 14.0 21:01 WSW 16 71.7 79.4 16:04 65.3 23:59 0.0 6.7 0.00 1.2 12.0 11:13 N 17 72.1 84.8 16:35 59.7 06:28 1.2 8.3 0.00 0.4 10.0 13:08 NE 18 77.0 92.2 16:48 62.7 06:47 0.2 12.2 0.00 1.2 11.0 13:46 SSE 19 77.6 93.0 13:05 70.5 21:57 0.0 12.6 0.82 1.7 22.0 14:58 SW 20 69.7 78.3 14:59 62.2 07:13 0.4 5.1 0.00 1.7 16.0 04:24 N 21 68.1 76.0 17:06 58.8 06:06 1.1 4.2 0.00 0.2 7.0 13:24 N 22 72.9 86.1 16:22 59.5 05:47 1.1 9.0 0.00 0.7 9.0 14:07 SSE 23 77.1 89.0 16:20 68.2 01:57 0.0 12.1 0.00 1.2 12.0 17:53 SE 24 77.1 88.6 16:09 66.3 04:10 0.0 12.1 0.07 0.8 17.0 02:58 E 25 76.2 85.4 16:03 65.2 06:50 0.0 11.2 0.00 1.0 12.0 10:02 SE 26 77.1 89.0 13:57 64.7 06:43 0.0 12.1 0.00 0.6 13.0 11:48 ESE 27 77.6 87.0 16:25 68.2 04:44 0.0 12.6 0.00 0.9 12.0 11:37 SSE 28 75.2 87.7 14:28 66.3 04:13 0.0 10.2 0.03 1.2 14.0 15:53 S 29 76.8 92.7 14:39 66.0 05:15 0.0 11.8 0.00 1.4 13.0 12:08 SSW 30 76.0 93.3 15:01 64.5 06:31 0.0 11.0 0.00 1.1 20.0 16:30 SSE 31 79.9 93.1 16:20 65.7 06:41 0.0 14.9 0.00 1.1 12.0 17:11 S ---------------------------------------------------------------------------------- 75.3 99.2 5 51.6 2 11.2 331.6 1.97 1.4 23.0 12 S Max >= 80.0 26 Max <= 32.0 0 Min <= 32.0 0 Min <= 0.0 0 Max Rain: 0.82 on day 19 Days of Rain: 9 (>= 0.01 in) 4 (>= 0.10 in) 0 (>= 1.00 in) Heat Base: 65.0 Cool Base: 65.0 Method: Integration