NOAA-Style Climate Reports
Select a Year or Month report
2024: Jan Feb Mar Apr May Jun Jul Aug Sep Oct Nov Dec
2023: Jan Feb Mar Apr May Jun Jul Aug Sep Oct Nov Dec
2022: Jan Feb Mar Apr May Jun Jul Aug Sep Oct Nov Dec
2021: Jan Feb Mar Apr May Jun Jul Aug Sep Oct Nov Dec
2020: Jan Feb Mar Apr May Jun Jul Aug Sep Oct Nov Dec
2019: Jan Feb Mar Apr May Jun Jul Aug Sep Oct Nov Dec
2018: Jan Feb Mar Apr May Jun Jul Aug Sep Oct Nov Dec
2017: Jan Feb Mar Apr May Jun Jul Aug Sep Oct Nov Dec
2016: Jan Feb Mar Apr May Jun Jul Aug Sep Oct Nov Dec
2015: Jan Feb Mar Apr May Jun Jul Aug Sep Oct Nov Dec
2014: Jan Feb Mar Apr May Jun Jul Aug Sep Oct Nov Dec
2013: Jan Feb Mar Apr May Jun Jul Aug Sep Oct Nov Dec
2012: Jan Feb Mar Apr May Jun Jul Aug Sep Oct Nov Dec
2024: Jan Feb Mar Apr May Jun Jul Aug Sep Oct Nov Dec
2023: Jan Feb Mar Apr May Jun Jul Aug Sep Oct Nov Dec
2022: Jan Feb Mar Apr May Jun Jul Aug Sep Oct Nov Dec
2021: Jan Feb Mar Apr May Jun Jul Aug Sep Oct Nov Dec
2020: Jan Feb Mar Apr May Jun Jul Aug Sep Oct Nov Dec
2019: Jan Feb Mar Apr May Jun Jul Aug Sep Oct Nov Dec
2018: Jan Feb Mar Apr May Jun Jul Aug Sep Oct Nov Dec
2017: Jan Feb Mar Apr May Jun Jul Aug Sep Oct Nov Dec
2016: Jan Feb Mar Apr May Jun Jul Aug Sep Oct Nov Dec
2015: Jan Feb Mar Apr May Jun Jul Aug Sep Oct Nov Dec
2014: Jan Feb Mar Apr May Jun Jul Aug Sep Oct Nov Dec
2013: Jan Feb Mar Apr May Jun Jul Aug Sep Oct Nov Dec
2012: Jan Feb Mar Apr May Jun Jul Aug Sep Oct Nov Dec
Report for 2023 June
Monthly Climatological Summary for Jun 2023 Name: Timber Creek City: Flower Mound State: Texas Elevation: 609 ft Lat: N 33° 03' 21" Lon: E 097° 03' 10" Temperature (°F), Rain (in), Wind Speed (mph) Heat Cool Avg Mean Deg Deg Wind Dom Day Temp High Time Low Time Days Days Rain Speed High Time Dir ---------------------------------------------------------------------------------- 01 81.5 92.7 15:47 70.3 06:53 0.0 16.5 0.00 1.4 14.0 13:30 S 02 83.4 95.7 15:36 70.8 06:24 0.0 18.4 0.00 1.6 16.0 18:16 SSE 03 78.5 96.5 16:11 67.3 05:53 0.0 13.5 0.01 1.1 17.0 00:46 ENE 04 77.1 89.7 15:19 65.4 04:39 0.0 12.1 0.00 0.7 12.0 17:17 NE 05 76.4 89.2 16:21 64.4 05:41 0.0 11.4 0.31 0.6 16.0 02:25 E 06 79.1 94.6 14:48 67.9 06:44 0.0 14.1 0.00 0.7 15.0 15:38 ESE 07 79.5 95.8 16:52 66.4 06:48 0.0 14.5 0.00 0.7 12.0 19:40 ENE 08 80.3 95.5 14:58 69.1 05:15 0.0 15.3 0.00 0.6 12.0 19:56 WSW 09 84.8 101.0 16:10 69.2 06:39 0.0 19.8 0.00 1.0 10.0 15:20 SSW 10 85.9 98.1 16:21 76.5 23:46 0.0 20.9 0.00 2.0 15.0 11:10 SE 11 83.9 100.6 16:23 71.8 22:34 0.0 18.9 0.51 1.3 21.0 20:39 S 12 76.7 88.6 16:10 69.0 11:43 0.0 11.7 0.01 1.3 16.0 11:34 E 13 73.2 77.6 14:15 68.1 08:39 0.0 8.2 0.19 0.5 9.0 03:23 E 14 80.7 90.9 16:38 74.5 06:00 0.0 15.7 0.00 0.4 7.0 14:53 ENE 15 84.9 96.6 15:07 73.3 05:28 0.0 19.9 0.00 2.0 18.0 21:13 SSE 16 82.2 98.3 15:12 72.1 06:32 0.0 17.2 0.00 2.1 20.0 02:27 SE 17 85.4 98.0 16:01 73.7 06:07 0.0 20.4 0.00 1.6 14.0 15:16 SSE 18 83.0 93.0 16:44 73.7 06:48 0.0 18.0 0.00 0.9 15.0 03:22 ENE 19 87.4 101.9 16:20 73.0 04:03 0.0 22.4 0.00 2.2 16.0 14:16 SSE 20 90.5 102.3 16:10 82.1 06:50 0.0 25.5 0.00 2.5 13.0 09:32 SSE 21 85.7 96.2 11:48 78.9 23:23 0.0 20.7 0.09 1.7 16.0 15:27 ESE 22 84.9 94.2 15:15 76.1 02:27 0.0 19.9 0.01 1.3 11.0 09:10 ESE 23 83.3 94.1 17:00 76.7 06:25 0.0 18.3 0.00 1.9 18.0 17:13 SE 24 89.1 101.4 16:28 76.4 06:50 0.0 24.1 0.00 3.8 18.0 02:08 S 25 92.4 103.6 15:52 81.2 07:13 0.0 27.4 0.00 3.2 15.0 15:40 S 26 93.0 105.4 15:04 82.0 06:27 0.0 28.0 0.00 2.6 16.0 17:32 S 27 92.8 106.6 16:22 80.5 06:42 0.0 27.8 0.00 3.1 14.0 08:59 S 28 91.8 105.0 16:31 80.2 06:51 0.0 26.8 0.00 3.2 16.0 15:33 S 29 91.9 104.6 16:17 80.5 06:39 0.0 26.9 0.00 3.2 17.0 15:12 S 30 90.2 101.8 15:16 80.2 06:51 0.0 25.2 0.00 3.1 17.0 19:46 S ---------------------------------------------------------------------------------- 84.3 106.6 27 64.4 5 0.0 579.5 1.13 1.7 21.0 11 SSE Max >= 80.0 29 Max <= 32.0 0 Min <= 32.0 0 Min <= 0.0 0 Max Rain: 0.51 on day 11 Days of Rain: 7 (>= 0.01 in) 3 (>= 0.10 in) 0 (>= 1.00 in) Heat Base: 65.0 Cool Base: 65.0 Method: Integration