NOAA-Style Climate Reports
Select a Year or Month report
2024: Jan Feb Mar Apr May Jun Jul Aug Sep Oct Nov Dec
2023: Jan Feb Mar Apr May Jun Jul Aug Sep Oct Nov Dec
2022: Jan Feb Mar Apr May Jun Jul Aug Sep Oct Nov Dec
2021: Jan Feb Mar Apr May Jun Jul Aug Sep Oct Nov Dec
2020: Jan Feb Mar Apr May Jun Jul Aug Sep Oct Nov Dec
2019: Jan Feb Mar Apr May Jun Jul Aug Sep Oct Nov Dec
2018: Jan Feb Mar Apr May Jun Jul Aug Sep Oct Nov Dec
2017: Jan Feb Mar Apr May Jun Jul Aug Sep Oct Nov Dec
2016: Jan Feb Mar Apr May Jun Jul Aug Sep Oct Nov Dec
2015: Jan Feb Mar Apr May Jun Jul Aug Sep Oct Nov Dec
2014: Jan Feb Mar Apr May Jun Jul Aug Sep Oct Nov Dec
2013: Jan Feb Mar Apr May Jun Jul Aug Sep Oct Nov Dec
2012: Jan Feb Mar Apr May Jun Jul Aug Sep Oct Nov Dec
2024: Jan Feb Mar Apr May Jun Jul Aug Sep Oct Nov Dec
2023: Jan Feb Mar Apr May Jun Jul Aug Sep Oct Nov Dec
2022: Jan Feb Mar Apr May Jun Jul Aug Sep Oct Nov Dec
2021: Jan Feb Mar Apr May Jun Jul Aug Sep Oct Nov Dec
2020: Jan Feb Mar Apr May Jun Jul Aug Sep Oct Nov Dec
2019: Jan Feb Mar Apr May Jun Jul Aug Sep Oct Nov Dec
2018: Jan Feb Mar Apr May Jun Jul Aug Sep Oct Nov Dec
2017: Jan Feb Mar Apr May Jun Jul Aug Sep Oct Nov Dec
2016: Jan Feb Mar Apr May Jun Jul Aug Sep Oct Nov Dec
2015: Jan Feb Mar Apr May Jun Jul Aug Sep Oct Nov Dec
2014: Jan Feb Mar Apr May Jun Jul Aug Sep Oct Nov Dec
2013: Jan Feb Mar Apr May Jun Jul Aug Sep Oct Nov Dec
2012: Jan Feb Mar Apr May Jun Jul Aug Sep Oct Nov Dec
Report for 2023 July
Monthly Climatological Summary for Jul 2023 Name: Timber Creek City: Flower Mound State: Texas Elevation: 609 ft Lat: N 33° 03' 21" Lon: E 097° 03' 10" Temperature (°F), Rain (in), Wind Speed (mph) Heat Cool Avg Mean Deg Deg Wind Dom Day Temp High Time Low Time Days Days Rain Speed High Time Dir ---------------------------------------------------------------------------------- 01 83.7 89.7 10:54 77.3 23:57 0.0 18.7 0.00 1.6 18.0 17:09 WSW 02 84.3 97.4 16:25 70.9 05:41 0.0 19.3 0.00 1.3 13.0 17:35 SSW 03 88.3 104.6 15:54 74.8 23:22 0.0 23.3 0.00 1.7 17.0 23:25 SSW 04 88.3 103.7 16:15 75.4 00:00 0.0 23.3 0.00 2.6 13.0 14:13 S 05 90.9 103.0 14:50 80.4 06:34 0.0 25.9 0.00 2.3 15.0 22:11 S 06 88.8 102.6 16:16 78.5 06:16 0.0 23.8 0.02 1.6 14.0 00:27 SW 07 87.9 98.9 16:19 77.8 06:56 0.0 22.9 0.00 3.1 17.0 20:42 SSW 08 89.4 102.5 15:55 79.8 07:14 0.0 24.4 0.00 2.0 12.0 20:56 SW 09 81.5 90.1 16:55 72.9 08:02 0.0 16.5 0.38 1.5 18.0 07:09 ESE 10 86.7 99.4 16:35 76.5 06:56 0.0 21.7 0.00 1.1 11.0 19:26 ESE 11 87.5 99.2 16:18 75.7 09:22 0.0 22.5 0.01 2.3 14.0 11:46 SSE 12 93.8 107.2 16:50 82.7 07:08 0.0 28.8 0.00 3.2 16.0 17:22 S 13 93.4 106.1 16:33 80.9 07:36 0.0 28.4 0.01 3.7 25.0 04:07 S 14 94.9 106.3 16:24 85.6 08:01 0.0 29.9 0.00 3.0 15.0 08:54 S 15 90.6 102.1 13:48 83.3 07:02 0.0 25.6 0.00 1.7 13.0 00:59 SSW 16 82.7 91.8 16:34 76.8 10:23 0.0 17.7 0.01 1.2 24.0 09:14 ESE 17 92.5 111.4 16:34 75.4 06:55 0.0 27.5 0.00 2.0 13.0 12:35 SSW 18 96.8 111.6 16:06 83.4 07:06 0.0 31.8 0.00 3.3 17.0 13:59 SSW 19 95.1 109.3 16:02 83.2 07:08 0.0 30.1 0.00 3.2 15.0 11:24 S 20 94.0 107.9 16:25 83.8 08:15 0.0 29.1 0.00 2.3 14.0 20:07 SSW 21 91.6 105.6 15:18 80.6 06:51 0.0 26.6 0.00 1.3 11.0 10:35 NW 22 85.2 96.4 16:17 76.6 06:36 0.0 20.2 0.00 0.9 12.0 10:47 NE 23 85.6 102.0 16:47 68.0 07:04 0.0 20.6 0.00 0.8 10.0 22:34 ESE 24 90.7 107.0 15:25 71.7 07:07 0.0 25.7 0.00 1.7 14.0 18:21 SSE 25 92.5 108.1 15:47 73.9 07:07 0.0 27.5 0.00 2.1 15.0 15:21 SSW 26 92.5 106.2 16:10 80.9 07:02 0.0 27.5 0.00 2.4 18.0 12:55 S 27 92.2 105.6 15:36 80.6 06:50 0.0 27.2 0.00 2.2 16.0 18:36 S 28 92.7 105.0 16:30 80.6 06:55 0.0 27.7 0.00 2.0 15.0 13:08 S 29 92.9 106.9 16:46 78.2 07:08 0.0 27.9 0.00 1.3 12.0 09:01 S 30 93.2 108.8 15:24 76.4 06:52 0.0 28.2 0.00 1.1 11.0 17:56 S 31 94.1 110.2 15:29 77.4 07:04 0.0 29.1 0.00 1.4 13.0 11:58 S ---------------------------------------------------------------------------------- 90.1 111.6 18 68.0 23 0.0 779.4 0.43 2.0 25.0 13 S Max >= 80.0 31 Max <= 32.0 0 Min <= 32.0 0 Min <= 0.0 0 Max Rain: 0.38 on day 9 Days of Rain: 5 (>= 0.01 in) 1 (>= 0.10 in) 0 (>= 1.00 in) Heat Base: 65.0 Cool Base: 65.0 Method: Integration