NOAA-Style Climate Reports
Select a Year or Month report
2024: Jan Feb Mar Apr May Jun Jul Aug Sep Oct Nov Dec
2023: Jan Feb Mar Apr May Jun Jul Aug Sep Oct Nov Dec
2022: Jan Feb Mar Apr May Jun Jul Aug Sep Oct Nov Dec
2021: Jan Feb Mar Apr May Jun Jul Aug Sep Oct Nov Dec
2020: Jan Feb Mar Apr May Jun Jul Aug Sep Oct Nov Dec
2019: Jan Feb Mar Apr May Jun Jul Aug Sep Oct Nov Dec
2018: Jan Feb Mar Apr May Jun Jul Aug Sep Oct Nov Dec
2017: Jan Feb Mar Apr May Jun Jul Aug Sep Oct Nov Dec
2016: Jan Feb Mar Apr May Jun Jul Aug Sep Oct Nov Dec
2015: Jan Feb Mar Apr May Jun Jul Aug Sep Oct Nov Dec
2014: Jan Feb Mar Apr May Jun Jul Aug Sep Oct Nov Dec
2013: Jan Feb Mar Apr May Jun Jul Aug Sep Oct Nov Dec
2012: Jan Feb Mar Apr May Jun Jul Aug Sep Oct Nov Dec
2024: Jan Feb Mar Apr May Jun Jul Aug Sep Oct Nov Dec
2023: Jan Feb Mar Apr May Jun Jul Aug Sep Oct Nov Dec
2022: Jan Feb Mar Apr May Jun Jul Aug Sep Oct Nov Dec
2021: Jan Feb Mar Apr May Jun Jul Aug Sep Oct Nov Dec
2020: Jan Feb Mar Apr May Jun Jul Aug Sep Oct Nov Dec
2019: Jan Feb Mar Apr May Jun Jul Aug Sep Oct Nov Dec
2018: Jan Feb Mar Apr May Jun Jul Aug Sep Oct Nov Dec
2017: Jan Feb Mar Apr May Jun Jul Aug Sep Oct Nov Dec
2016: Jan Feb Mar Apr May Jun Jul Aug Sep Oct Nov Dec
2015: Jan Feb Mar Apr May Jun Jul Aug Sep Oct Nov Dec
2014: Jan Feb Mar Apr May Jun Jul Aug Sep Oct Nov Dec
2013: Jan Feb Mar Apr May Jun Jul Aug Sep Oct Nov Dec
2012: Jan Feb Mar Apr May Jun Jul Aug Sep Oct Nov Dec
Report for 2023 August
Monthly Climatological Summary for Aug 2023 Name: Timber Creek City: Flower Mound State: Texas Elevation: 609 ft Lat: N 33° 03' 21" Lon: E 097° 03' 10" Temperature (°F), Rain (in), Wind Speed (mph) Heat Cool Avg Mean Deg Deg Wind Dom Day Temp High Time Low Time Days Days Rain Speed High Time Dir ---------------------------------------------------------------------------------- 01 96.7 111.1 16:47 82.4 06:49 0.0 31.7 0.00 1.6 13.0 17:16 SSE 02 96.2 110.6 16:00 81.3 07:13 0.0 31.2 0.00 2.0 19.0 14:16 SSW 03 96.2 109.9 16:13 84.5 07:17 0.0 31.2 0.00 2.4 16.0 17:46 SSW 04 95.5 108.5 16:55 80.2 02:05 0.0 30.5 0.00 2.3 13.0 16:24 SSW 05 96.8 110.7 16:01 85.2 07:01 0.0 31.8 0.00 2.3 14.0 09:16 S 06 94.7 107.6 16:50 83.9 21:02 0.0 29.7 0.00 2.0 15.0 14:38 S 07 93.6 105.1 17:00 84.3 07:26 0.0 28.6 0.00 1.9 15.0 02:05 SE 08 93.8 103.1 17:06 86.6 10:30 0.0 28.8 0.00 2.8 16.0 19:51 SSE 09 93.7 107.6 17:19 83.2 07:04 0.0 28.7 0.00 3.7 22.0 20:43 SSW 10 92.9 109.8 16:24 77.6 07:17 0.0 27.9 0.00 1.5 13.0 20:33 S 11 96.7 109.1 16:40 84.9 07:35 0.0 31.7 0.00 3.5 17.0 03:11 S 12 95.7 108.9 16:28 83.1 07:15 0.0 30.7 0.00 3.1 18.0 00:44 S 13 95.8 109.1 16:01 84.0 07:26 0.0 30.8 0.00 2.9 18.0 02:12 SSW 14 91.3 100.8 15:43 80.4 23:51 0.0 26.3 0.00 1.3 15.0 16:25 NNW 15 83.8 97.4 16:24 75.6 04:52 0.0 18.8 0.00 0.7 12.0 13:53 NNE 16 83.3 97.1 16:31 66.1 07:19 0.0 18.3 0.00 0.6 9.0 13:37 E 17 92.8 112.0 16:16 74.9 06:52 0.0 27.8 0.00 2.0 11.0 13:44 S 18 96.1 112.8 16:41 78.6 07:13 0.0 31.1 0.00 1.3 11.0 15:19 SSW 19 97.2 110.9 15:42 81.4 07:28 0.0 32.2 0.00 1.4 14.0 01:00 SSW 20 96.1 111.2 15:58 80.0 07:08 0.0 31.1 0.00 0.8 16.0 18:07 ENE 21 94.2 107.7 16:43 81.7 07:05 0.0 29.2 0.00 1.0 13.0 15:21 ENE 22 94.4 105.1 15:22 82.9 07:20 0.0 29.4 0.00 1.3 12.0 11:08 SE 23 93.6 107.1 16:05 80.2 07:08 0.0 28.6 0.00 1.2 13.0 14:22 S 24 95.2 109.5 14:37 80.9 07:19 0.0 30.2 0.00 0.6 10.0 09:22 SE 25 96.7 111.7 15:38 81.4 07:29 0.0 31.7 0.00 0.6 10.0 14:36 ENE 26 96.6 112.1 15:35 82.1 07:09 0.0 31.6 0.00 0.8 10.0 14:19 SSW 27 90.6 102.6 15:19 83.8 07:45 0.0 25.6 0.00 1.0 12.0 12:43 N 28 86.1 97.1 16:15 77.1 07:32 0.0 21.1 0.00 1.0 13.0 14:08 NNE 29 85.9 100.3 16:29 72.4 07:00 0.0 20.9 0.00 0.6 11.0 15:08 NE 30 86.9 100.2 15:42 73.5 07:06 0.0 21.9 0.00 0.7 13.0 13:01 NE 31 86.6 101.6 15:58 70.1 07:11 0.0 21.6 0.00 1.1 11.0 10:35 SE ---------------------------------------------------------------------------------- 93.1 112.8 18 66.1 16 0.0 870.7 0.00 1.6 22.0 9 S Max >= 80.0 31 Max <= 32.0 0 Min <= 32.0 0 Min <= 0.0 0 Max Rain: 0.00 on day 0 Days of Rain: 0 (>= 0.01 in) 0 (>= 0.10 in) 0 (>= 1.00 in) Heat Base: 65.0 Cool Base: 65.0 Method: Integration