NOAA-Style Climate Reports
Select a Year or Month report
2024: Jan Feb Mar Apr May Jun Jul Aug Sep Oct Nov Dec
2023: Jan Feb Mar Apr May Jun Jul Aug Sep Oct Nov Dec
2022: Jan Feb Mar Apr May Jun Jul Aug Sep Oct Nov Dec
2021: Jan Feb Mar Apr May Jun Jul Aug Sep Oct Nov Dec
2020: Jan Feb Mar Apr May Jun Jul Aug Sep Oct Nov Dec
2019: Jan Feb Mar Apr May Jun Jul Aug Sep Oct Nov Dec
2018: Jan Feb Mar Apr May Jun Jul Aug Sep Oct Nov Dec
2017: Jan Feb Mar Apr May Jun Jul Aug Sep Oct Nov Dec
2016: Jan Feb Mar Apr May Jun Jul Aug Sep Oct Nov Dec
2015: Jan Feb Mar Apr May Jun Jul Aug Sep Oct Nov Dec
2014: Jan Feb Mar Apr May Jun Jul Aug Sep Oct Nov Dec
2013: Jan Feb Mar Apr May Jun Jul Aug Sep Oct Nov Dec
2012: Jan Feb Mar Apr May Jun Jul Aug Sep Oct Nov Dec
2024: Jan Feb Mar Apr May Jun Jul Aug Sep Oct Nov Dec
2023: Jan Feb Mar Apr May Jun Jul Aug Sep Oct Nov Dec
2022: Jan Feb Mar Apr May Jun Jul Aug Sep Oct Nov Dec
2021: Jan Feb Mar Apr May Jun Jul Aug Sep Oct Nov Dec
2020: Jan Feb Mar Apr May Jun Jul Aug Sep Oct Nov Dec
2019: Jan Feb Mar Apr May Jun Jul Aug Sep Oct Nov Dec
2018: Jan Feb Mar Apr May Jun Jul Aug Sep Oct Nov Dec
2017: Jan Feb Mar Apr May Jun Jul Aug Sep Oct Nov Dec
2016: Jan Feb Mar Apr May Jun Jul Aug Sep Oct Nov Dec
2015: Jan Feb Mar Apr May Jun Jul Aug Sep Oct Nov Dec
2014: Jan Feb Mar Apr May Jun Jul Aug Sep Oct Nov Dec
2013: Jan Feb Mar Apr May Jun Jul Aug Sep Oct Nov Dec
2012: Jan Feb Mar Apr May Jun Jul Aug Sep Oct Nov Dec
Report for 2023 September
Monthly Climatological Summary for Sep 2023 Name: Timber Creek City: Flower Mound State: Texas Elevation: 609 ft Lat: N 33° 03' 21" Lon: E 097° 03' 10" Temperature (°F), Rain (in), Wind Speed (mph) Heat Cool Avg Mean Deg Deg Wind Dom Day Temp High Time Low Time Days Days Rain Speed High Time Dir ---------------------------------------------------------------------------------- 01 88.4 101.7 15:25 77.9 07:11 0.0 23.4 0.00 1.9 13.0 09:49 SE 02 84.4 100.6 15:15 68.6 07:12 0.0 19.4 0.00 0.5 10.0 12:46 E 03 85.9 103.8 16:07 77.6 04:44 0.0 20.9 0.00 1.8 15.0 17:40 SSE 04 89.6 102.6 15:45 77.9 05:32 0.0 24.6 0.00 3.3 18.0 09:50 S 05 92.5 106.2 16:13 81.3 07:11 0.0 27.5 0.00 3.3 17.0 14:37 S 06 93.7 107.3 15:53 81.8 07:39 0.0 28.7 0.00 1.3 17.0 00:15 S 07 96.0 111.6 15:06 78.1 07:25 0.0 31.0 0.00 1.1 15.0 13:15 SW 08 97.2 113.2 14:45 80.1 23:59 0.0 32.2 0.03 2.0 20.0 23:53 SW 09 86.3 99.1 15:01 76.2 08:06 0.0 21.3 0.00 1.8 16.0 00:00 ESE 10 82.8 97.1 16:24 68.9 06:56 0.0 17.8 0.00 1.1 11.0 11:58 SE 11 81.5 92.4 15:15 73.1 07:52 0.0 16.5 0.00 1.8 18.0 10:35 SE 12 75.5 84.4 15:10 70.4 07:47 0.0 10.5 0.02 1.0 13.0 13:40 N 13 75.6 84.6 16:51 69.3 06:32 0.0 10.6 0.03 0.2 9.0 16:33 E 14 73.5 76.6 12:41 70.8 06:18 0.0 8.5 0.01 0.9 10.0 13:02 ESE 15 74.9 83.5 16:34 69.2 01:32 0.0 9.9 0.00 0.7 11.0 13:17 E 16 76.5 90.5 14:40 67.2 07:43 0.0 11.5 0.00 0.2 9.0 15:12 N 17 78.5 94.3 16:14 65.4 07:12 0.0 13.5 0.00 0.5 11.0 14:44 NE 18 79.9 98.6 14:55 60.7 07:36 0.5 15.4 0.00 1.2 11.0 12:15 SSW 19 80.7 97.2 16:24 68.5 23:58 0.0 15.7 1.09 3.0 22.0 18:59 S 20 81.7 94.1 16:40 68.4 00:01 0.0 16.7 0.21 3.6 21.0 15:18 SSE 21 83.6 97.9 15:37 75.7 07:32 0.0 18.6 0.00 2.5 17.0 13:17 S 22 86.9 99.4 15:59 77.9 05:43 0.0 21.9 0.00 2.6 14.0 16:05 S 23 89.0 101.9 15:26 77.2 07:30 0.0 24.0 0.00 2.9 18.0 15:33 S 24 90.1 103.1 16:07 76.7 23:59 0.0 25.1 0.01 2.7 15.0 00:26 S 25 81.5 93.5 15:57 73.5 06:58 0.0 16.5 0.00 0.8 12.0 16:25 ENE 26 81.8 98.0 16:04 67.9 07:38 0.0 16.8 0.00 0.4 8.0 12:50 ENE 27 83.0 98.9 16:04 68.4 07:23 0.0 18.0 0.00 0.8 11.0 11:22 S 28 84.7 99.8 15:26 70.6 05:50 0.0 19.7 0.00 1.3 13.0 13:10 S 29 85.7 98.2 15:19 74.0 07:42 0.0 20.7 0.00 2.0 15.0 16:53 SSE 30 84.4 97.4 16:00 70.3 07:50 0.0 19.4 0.00 1.7 12.0 14:06 SSE ---------------------------------------------------------------------------------- 84.2 113.2 8 60.7 18 0.5 576.3 1.40 1.6 22.0 19 SSE Max >= 80.0 29 Max <= 32.0 0 Min <= 32.0 0 Min <= 0.0 0 Max Rain: 1.09 on day 19 Days of Rain: 7 (>= 0.01 in) 2 (>= 0.10 in) 1 (>= 1.00 in) Heat Base: 65.0 Cool Base: 65.0 Method: Integration