NOAA-Style Climate Reports
Select a Year or Month report
2024: Jan Feb Mar Apr May Jun Jul Aug Sep Oct Nov Dec
2023: Jan Feb Mar Apr May Jun Jul Aug Sep Oct Nov Dec
2022: Jan Feb Mar Apr May Jun Jul Aug Sep Oct Nov Dec
2021: Jan Feb Mar Apr May Jun Jul Aug Sep Oct Nov Dec
2020: Jan Feb Mar Apr May Jun Jul Aug Sep Oct Nov Dec
2019: Jan Feb Mar Apr May Jun Jul Aug Sep Oct Nov Dec
2018: Jan Feb Mar Apr May Jun Jul Aug Sep Oct Nov Dec
2017: Jan Feb Mar Apr May Jun Jul Aug Sep Oct Nov Dec
2016: Jan Feb Mar Apr May Jun Jul Aug Sep Oct Nov Dec
2015: Jan Feb Mar Apr May Jun Jul Aug Sep Oct Nov Dec
2014: Jan Feb Mar Apr May Jun Jul Aug Sep Oct Nov Dec
2013: Jan Feb Mar Apr May Jun Jul Aug Sep Oct Nov Dec
2012: Jan Feb Mar Apr May Jun Jul Aug Sep Oct Nov Dec
2024: Jan Feb Mar Apr May Jun Jul Aug Sep Oct Nov Dec
2023: Jan Feb Mar Apr May Jun Jul Aug Sep Oct Nov Dec
2022: Jan Feb Mar Apr May Jun Jul Aug Sep Oct Nov Dec
2021: Jan Feb Mar Apr May Jun Jul Aug Sep Oct Nov Dec
2020: Jan Feb Mar Apr May Jun Jul Aug Sep Oct Nov Dec
2019: Jan Feb Mar Apr May Jun Jul Aug Sep Oct Nov Dec
2018: Jan Feb Mar Apr May Jun Jul Aug Sep Oct Nov Dec
2017: Jan Feb Mar Apr May Jun Jul Aug Sep Oct Nov Dec
2016: Jan Feb Mar Apr May Jun Jul Aug Sep Oct Nov Dec
2015: Jan Feb Mar Apr May Jun Jul Aug Sep Oct Nov Dec
2014: Jan Feb Mar Apr May Jun Jul Aug Sep Oct Nov Dec
2013: Jan Feb Mar Apr May Jun Jul Aug Sep Oct Nov Dec
2012: Jan Feb Mar Apr May Jun Jul Aug Sep Oct Nov Dec
Report for 2023 October
Monthly Climatological Summary for Oct 2023 Name: Timber Creek City: Flower Mound State: Texas Elevation: 609 ft Lat: N 33° 03' 21" Lon: E 097° 03' 10" Temperature (°F), Rain (in), Wind Speed (mph) Heat Cool Avg Mean Deg Deg Wind Dom Day Temp High Time Low Time Days Days Rain Speed High Time Dir ---------------------------------------------------------------------------------- 01 80.6 94.7 15:36 65.5 07:39 0.0 15.6 0.00 0.9 14.0 16:13 SSE 02 80.0 94.4 14:20 65.7 07:34 0.0 15.0 0.00 1.3 15.0 13:57 SE 03 81.9 93.5 15:34 70.1 07:55 0.0 16.9 0.00 2.4 17.0 14:57 SSE 04 83.1 96.4 15:26 69.9 23:24 0.0 18.1 0.57 3.1 20.0 19:46 S 05 74.0 84.1 16:53 68.3 01:21 0.0 9.0 0.17 1.1 13.0 00:00 NNE 06 74.2 89.8 14:56 62.5 07:41 0.3 9.5 0.00 1.0 16.0 19:33 NNE 07 62.8 73.2 15:49 53.6 23:59 3.9 1.6 0.00 1.3 14.0 10:41 NE 08 64.5 81.7 16:02 47.5 07:04 5.8 5.2 0.00 1.3 12.0 14:44 SSW 09 74.3 91.5 16:10 55.9 07:50 1.3 10.6 0.00 1.6 14.0 16:29 SSW 10 74.9 86.6 15:42 60.1 07:38 0.5 10.4 0.00 2.2 17.0 15:46 S 11 70.9 76.6 11:20 66.5 22:38 0.0 5.9 0.00 3.7 20.0 16:18 S 12 70.6 81.6 16:31 63.6 07:03 0.2 5.8 0.00 4.1 22.0 14:44 SSE 13 72.6 80.7 15:42 64.1 23:59 0.0 7.7 0.00 3.2 19.0 10:58 NNW 14 61.6 72.1 15:54 52.3 07:42 4.5 1.2 0.00 2.7 18.0 16:12 N 15 58.1 69.1 14:48 49.1 06:59 7.2 0.3 0.00 2.1 20.0 11:15 N 16 54.7 68.6 16:06 45.0 04:47 10.6 0.3 0.00 1.2 16.0 11:53 N 17 57.8 77.2 16:30 39.6 07:47 9.8 2.6 0.00 1.0 11.0 15:56 S 18 67.1 82.9 15:26 50.9 03:54 3.9 6.0 0.00 2.4 21.0 17:48 S 19 68.3 88.3 15:36 52.9 06:55 3.5 6.8 0.00 0.8 13.0 15:09 N 20 71.5 95.0 16:00 52.9 07:47 2.8 9.3 0.00 0.6 11.0 16:35 N 21 73.4 92.2 13:48 56.6 07:46 2.2 10.6 0.00 0.9 10.0 11:24 SSW 22 74.3 86.0 14:35 62.4 07:52 0.4 9.7 0.00 1.6 12.0 20:19 SSE 23 75.4 81.1 15:07 69.7 23:33 0.0 10.4 0.34 2.9 18.0 10:17 SSE 24 71.8 74.1 12:23 69.8 00:00 0.0 6.8 0.49 2.5 16.0 11:56 SSE 25 71.7 77.4 15:02 67.6 23:39 0.0 6.7 0.33 2.5 19.0 12:38 SSE 26 73.0 83.7 16:08 67.5 00:07 0.0 8.0 1.38 2.5 16.0 14:21 S 27 74.2 87.4 13:58 61.4 23:56 0.1 9.3 0.75 2.5 18.0 15:40 S 28 58.4 61.4 00:00 56.0 23:52 6.6 0.0 1.61 1.0 11.0 09:01 N 29 45.1 56.0 00:00 39.5 22:42 19.9 0.0 0.19 3.5 18.0 23:57 N 30 42.9 50.1 16:25 36.7 07:57 22.1 0.0 0.44 2.7 19.0 03:26 N 31 46.2 62.5 15:31 32.5 07:37 18.8 0.0 0.00 1.2 18.0 15:44 N ---------------------------------------------------------------------------------- 68.1 96.4 4 32.5 31 124.4 219.3 6.27 2.0 22.0 12 SSE Max >= 80.0 19 Max <= 32.0 0 Min <= 32.0 0 Min <= 0.0 0 Max Rain: 1.61 on day 28 Days of Rain: 10 (>= 0.01 in) 10 (>= 0.10 in) 2 (>= 1.00 in) Heat Base: 65.0 Cool Base: 65.0 Method: Integration