NOAA-Style Climate Reports
Select a Year or Month report
2024: Jan Feb Mar Apr May Jun Jul Aug Sep Oct Nov Dec
2023: Jan Feb Mar Apr May Jun Jul Aug Sep Oct Nov Dec
2022: Jan Feb Mar Apr May Jun Jul Aug Sep Oct Nov Dec
2021: Jan Feb Mar Apr May Jun Jul Aug Sep Oct Nov Dec
2020: Jan Feb Mar Apr May Jun Jul Aug Sep Oct Nov Dec
2019: Jan Feb Mar Apr May Jun Jul Aug Sep Oct Nov Dec
2018: Jan Feb Mar Apr May Jun Jul Aug Sep Oct Nov Dec
2017: Jan Feb Mar Apr May Jun Jul Aug Sep Oct Nov Dec
2016: Jan Feb Mar Apr May Jun Jul Aug Sep Oct Nov Dec
2015: Jan Feb Mar Apr May Jun Jul Aug Sep Oct Nov Dec
2014: Jan Feb Mar Apr May Jun Jul Aug Sep Oct Nov Dec
2013: Jan Feb Mar Apr May Jun Jul Aug Sep Oct Nov Dec
2012: Jan Feb Mar Apr May Jun Jul Aug Sep Oct Nov Dec
2024: Jan Feb Mar Apr May Jun Jul Aug Sep Oct Nov Dec
2023: Jan Feb Mar Apr May Jun Jul Aug Sep Oct Nov Dec
2022: Jan Feb Mar Apr May Jun Jul Aug Sep Oct Nov Dec
2021: Jan Feb Mar Apr May Jun Jul Aug Sep Oct Nov Dec
2020: Jan Feb Mar Apr May Jun Jul Aug Sep Oct Nov Dec
2019: Jan Feb Mar Apr May Jun Jul Aug Sep Oct Nov Dec
2018: Jan Feb Mar Apr May Jun Jul Aug Sep Oct Nov Dec
2017: Jan Feb Mar Apr May Jun Jul Aug Sep Oct Nov Dec
2016: Jan Feb Mar Apr May Jun Jul Aug Sep Oct Nov Dec
2015: Jan Feb Mar Apr May Jun Jul Aug Sep Oct Nov Dec
2014: Jan Feb Mar Apr May Jun Jul Aug Sep Oct Nov Dec
2013: Jan Feb Mar Apr May Jun Jul Aug Sep Oct Nov Dec
2012: Jan Feb Mar Apr May Jun Jul Aug Sep Oct Nov Dec
Report for 2023 November
Monthly Climatological Summary for Nov 2023 Name: Timber Creek City: Flower Mound State: Texas Elevation: 609 ft Lat: N 33° 03' 21" Lon: E 097° 03' 10" Temperature (°F), Rain (in), Wind Speed (mph) Heat Cool Avg Mean Deg Deg Wind Dom Day Temp High Time Low Time Days Days Rain Speed High Time Dir ---------------------------------------------------------------------------------- 01 44.8 59.3 17:09 33.5 08:19 20.2 0.0 0.00 0.7 9.0 03:32 SSE 02 48.8 65.7 16:20 33.2 07:02 16.2 0.0 0.00 1.6 14.0 13:07 SSE 03 57.5 73.4 15:14 40.6 05:20 9.2 1.7 0.00 2.2 16.0 16:32 S 04 62.7 75.5 16:11 52.3 05:47 4.8 2.5 0.00 1.7 18.0 12:16 S 05 68.5 81.0 13:56 58.1 00:09 1.8 5.5 0.00 2.1 16.0 11:22 S 06 72.5 84.2 14:49 64.0 07:10 0.1 7.6 0.00 3.3 18.0 15:03 S 07 73.7 85.9 14:48 62.2 06:06 0.4 9.1 0.00 3.3 18.0 19:08 S 08 75.5 86.7 15:02 67.3 05:59 0.0 10.5 0.00 3.0 16.0 08:58 S 09 58.7 73.0 00:00 51.4 23:07 7.0 0.7 0.23 1.5 17.0 12:44 N 10 54.5 60.8 14:54 51.0 07:21 10.5 0.0 0.01 1.0 13.0 06:46 NE 11 59.4 67.4 15:04 52.6 01:06 5.7 0.2 0.00 0.9 10.0 14:05 E 12 57.2 66.0 14:32 48.7 07:16 7.9 0.1 0.00 0.2 5.0 11:33 ENE 13 55.9 66.7 13:45 47.1 06:50 9.2 0.1 0.00 0.2 9.0 12:45 ENE 14 57.4 71.6 15:27 49.1 08:03 8.5 0.9 0.00 0.3 8.0 12:49 NNE 15 57.0 73.9 15:22 46.5 05:32 9.4 1.5 0.00 0.2 7.0 13:24 ENE 16 56.4 60.8 15:44 48.2 02:58 8.6 0.0 0.00 1.9 12.0 20:38 S 17 59.5 61.5 12:48 57.5 05:56 5.5 0.0 0.00 1.2 13.0 02:37 SSE 18 59.7 71.5 14:32 52.6 07:31 6.0 0.8 0.00 0.6 6.0 05:13 N 19 59.6 65.6 12:07 53.2 04:40 5.4 0.0 0.12 2.5 18.0 22:10 SSE 20 65.5 74.7 13:31 54.4 23:04 1.6 2.1 0.00 3.7 20.0 21:08 WNW 21 52.1 58.5 15:37 41.1 23:59 12.9 0.0 0.00 3.8 23.0 01:30 N 22 47.0 64.7 15:06 36.5 06:31 18.0 0.0 0.00 1.4 16.0 12:49 NNW 23 50.0 66.4 14:15 36.8 07:38 15.0 0.0 0.00 1.4 15.0 15:18 SSE 24 49.7 65.4 15:28 39.1 07:14 15.4 0.0 0.00 0.3 8.0 14:36 E 25 50.5 61.5 15:28 39.0 06:53 14.5 0.0 0.10 1.4 13.0 11:59 SE 26 42.5 53.0 15:15 33.3 07:50 22.5 0.0 0.01 3.1 18.0 05:40 NNW 27 41.3 54.8 14:55 28.0 07:19 23.7 0.0 0.00 0.3 7.0 14:33 NNE 28 46.8 63.9 14:56 33.5 07:34 18.2 0.0 0.00 0.8 10.0 12:51 SSW 29 51.5 64.2 15:30 36.6 07:23 13.5 0.0 0.00 1.8 16.0 16:25 S 30 57.8 60.8 21:28 55.0 07:50 7.2 0.0 0.07 1.5 12.0 00:12 SSE ---------------------------------------------------------------------------------- 56.5 86.7 8 28.0 27 298.9 43.3 0.54 1.6 23.0 21 S Max >= 80.0 4 Max <= 32.0 0 Min <= 32.0 1 Min <= 0.0 0 Max Rain: 0.23 on day 9 Days of Rain: 6 (>= 0.01 in) 3 (>= 0.10 in) 0 (>= 1.00 in) Heat Base: 65.0 Cool Base: 65.0 Method: Integration