NOAA-Style Climate Reports
Select a Year or Month report
2024: Jan Feb Mar Apr May Jun Jul Aug Sep Oct Nov Dec
2023: Jan Feb Mar Apr May Jun Jul Aug Sep Oct Nov Dec
2022: Jan Feb Mar Apr May Jun Jul Aug Sep Oct Nov Dec
2021: Jan Feb Mar Apr May Jun Jul Aug Sep Oct Nov Dec
2020: Jan Feb Mar Apr May Jun Jul Aug Sep Oct Nov Dec
2019: Jan Feb Mar Apr May Jun Jul Aug Sep Oct Nov Dec
2018: Jan Feb Mar Apr May Jun Jul Aug Sep Oct Nov Dec
2017: Jan Feb Mar Apr May Jun Jul Aug Sep Oct Nov Dec
2016: Jan Feb Mar Apr May Jun Jul Aug Sep Oct Nov Dec
2015: Jan Feb Mar Apr May Jun Jul Aug Sep Oct Nov Dec
2014: Jan Feb Mar Apr May Jun Jul Aug Sep Oct Nov Dec
2013: Jan Feb Mar Apr May Jun Jul Aug Sep Oct Nov Dec
2012: Jan Feb Mar Apr May Jun Jul Aug Sep Oct Nov Dec
2024: Jan Feb Mar Apr May Jun Jul Aug Sep Oct Nov Dec
2023: Jan Feb Mar Apr May Jun Jul Aug Sep Oct Nov Dec
2022: Jan Feb Mar Apr May Jun Jul Aug Sep Oct Nov Dec
2021: Jan Feb Mar Apr May Jun Jul Aug Sep Oct Nov Dec
2020: Jan Feb Mar Apr May Jun Jul Aug Sep Oct Nov Dec
2019: Jan Feb Mar Apr May Jun Jul Aug Sep Oct Nov Dec
2018: Jan Feb Mar Apr May Jun Jul Aug Sep Oct Nov Dec
2017: Jan Feb Mar Apr May Jun Jul Aug Sep Oct Nov Dec
2016: Jan Feb Mar Apr May Jun Jul Aug Sep Oct Nov Dec
2015: Jan Feb Mar Apr May Jun Jul Aug Sep Oct Nov Dec
2014: Jan Feb Mar Apr May Jun Jul Aug Sep Oct Nov Dec
2013: Jan Feb Mar Apr May Jun Jul Aug Sep Oct Nov Dec
2012: Jan Feb Mar Apr May Jun Jul Aug Sep Oct Nov Dec
Report for 2024 February
Monthly Climatological Summary for Feb 2024 Name: Timber Creek City: Flower Mound State: Texas Elevation: 609 ft Lat: N 33° 03' 21" Lon: E 097° 03' 10" Temperature (°F), Rain (in), Wind Speed (mph) Heat Cool Avg Mean Deg Deg Wind Dom Day Temp High Time Low Time Days Days Rain Speed High Time Dir ---------------------------------------------------------------------------------- 01 61.1 75.1 14:48 46.1 06:54 6.2 2.3 0.00 2.8 20.0 17:16 S 02 61.1 66.7 12:34 54.2 23:59 4.1 0.2 0.69 3.7 18.0 13:11 SSE 03 56.9 70.4 16:09 49.8 20:57 8.5 0.4 0.14 2.3 15.0 01:26 S 04 54.3 62.2 12:41 49.7 09:06 10.7 0.0 0.06 3.6 19.0 17:21 N 05 53.2 63.1 15:31 46.2 23:58 11.8 0.0 0.00 3.7 19.0 02:41 N 06 51.7 69.0 16:00 36.7 07:27 13.6 0.3 0.00 0.6 9.0 12:54 S 07 59.2 68.7 14:26 50.3 06:43 6.1 0.3 0.00 3.7 20.0 15:19 SSE 08 61.4 69.3 12:28 49.8 23:58 4.4 0.8 0.00 2.5 16.0 00:43 SW 09 58.9 72.6 14:06 48.0 05:39 7.7 1.7 0.00 1.2 16.0 12:37 WSW 10 53.9 57.5 14:27 50.9 03:50 11.1 0.0 0.22 1.3 11.0 12:06 E 11 45.9 52.6 00:00 38.6 23:57 19.1 0.0 0.59 3.5 15.0 06:22 N 12 45.0 57.4 14:53 36.8 23:59 20.0 0.0 0.00 3.9 19.0 13:30 NNW 13 48.3 66.7 15:22 32.2 06:59 16.7 0.1 0.00 1.1 13.0 16:42 SSW 14 56.1 70.4 14:18 41.5 06:45 9.7 0.8 0.00 3.1 20.0 14:30 S 15 59.6 71.6 15:44 48.7 03:19 6.5 1.1 0.00 1.6 11.0 16:45 S 16 57.9 69.6 11:33 41.5 23:56 7.5 0.3 0.00 3.9 19.0 17:14 NNW 17 38.5 44.5 13:37 33.9 23:51 26.5 0.0 0.00 4.4 22.0 10:05 NNE 18 39.9 57.9 16:34 23.7 07:04 25.1 0.0 0.00 1.1 10.0 00:17 NW 19 51.8 70.5 16:05 35.9 05:20 13.9 0.7 0.00 2.5 21.0 10:18 SSW 20 60.9 81.6 15:20 38.5 07:21 8.7 4.6 0.00 2.5 20.0 16:43 S 21 68.4 82.3 15:36 55.9 06:21 1.9 5.3 0.00 5.2 24.0 18:12 S 22 69.1 80.5 14:27 61.7 07:22 0.4 4.5 0.00 4.0 21.0 01:48 WNW 23 61.6 73.7 14:31 50.6 23:59 5.3 1.9 0.00 2.8 15.0 13:54 NNW 24 61.8 79.6 15:04 41.7 06:50 7.1 3.9 0.00 1.8 15.0 23:08 SW 25 69.0 87.6 16:27 56.2 07:27 2.0 6.0 0.00 3.1 22.0 10:21 SW 26 75.1 94.5 14:57 55.3 06:57 1.7 11.8 0.00 3.1 22.0 17:10 SSW 27 72.5 79.3 14:03 66.5 07:08 0.0 7.5 0.00 4.3 18.0 00:21 SSW 28 44.9 72.8 00:15 37.9 08:10 20.3 0.1 0.00 4.3 23.0 01:32 N 29 43.8 53.0 14:42 39.0 08:58 21.2 0.0 0.01 1.8 14.0 13:19 ENE ---------------------------------------------------------------------------------- 56.6 94.5 26 23.7 18 297.8 54.6 1.71 2.9 24.0 21 SW Max >= 80.0 5 Max <= 32.0 0 Min <= 32.0 1 Min <= 0.0 0 Max Rain: 0.69 on day 2 Days of Rain: 6 (>= 0.01 in) 4 (>= 0.10 in) 0 (>= 1.00 in) Heat Base: 65.0 Cool Base: 65.0 Method: Integration