NOAA-Style Climate Reports
Select a Year or Month report
2024: Jan Feb Mar Apr May Jun Jul Aug Sep Oct Nov Dec
2023: Jan Feb Mar Apr May Jun Jul Aug Sep Oct Nov Dec
2022: Jan Feb Mar Apr May Jun Jul Aug Sep Oct Nov Dec
2021: Jan Feb Mar Apr May Jun Jul Aug Sep Oct Nov Dec
2020: Jan Feb Mar Apr May Jun Jul Aug Sep Oct Nov Dec
2019: Jan Feb Mar Apr May Jun Jul Aug Sep Oct Nov Dec
2018: Jan Feb Mar Apr May Jun Jul Aug Sep Oct Nov Dec
2017: Jan Feb Mar Apr May Jun Jul Aug Sep Oct Nov Dec
2016: Jan Feb Mar Apr May Jun Jul Aug Sep Oct Nov Dec
2015: Jan Feb Mar Apr May Jun Jul Aug Sep Oct Nov Dec
2014: Jan Feb Mar Apr May Jun Jul Aug Sep Oct Nov Dec
2013: Jan Feb Mar Apr May Jun Jul Aug Sep Oct Nov Dec
2012: Jan Feb Mar Apr May Jun Jul Aug Sep Oct Nov Dec
2024: Jan Feb Mar Apr May Jun Jul Aug Sep Oct Nov Dec
2023: Jan Feb Mar Apr May Jun Jul Aug Sep Oct Nov Dec
2022: Jan Feb Mar Apr May Jun Jul Aug Sep Oct Nov Dec
2021: Jan Feb Mar Apr May Jun Jul Aug Sep Oct Nov Dec
2020: Jan Feb Mar Apr May Jun Jul Aug Sep Oct Nov Dec
2019: Jan Feb Mar Apr May Jun Jul Aug Sep Oct Nov Dec
2018: Jan Feb Mar Apr May Jun Jul Aug Sep Oct Nov Dec
2017: Jan Feb Mar Apr May Jun Jul Aug Sep Oct Nov Dec
2016: Jan Feb Mar Apr May Jun Jul Aug Sep Oct Nov Dec
2015: Jan Feb Mar Apr May Jun Jul Aug Sep Oct Nov Dec
2014: Jan Feb Mar Apr May Jun Jul Aug Sep Oct Nov Dec
2013: Jan Feb Mar Apr May Jun Jul Aug Sep Oct Nov Dec
2012: Jan Feb Mar Apr May Jun Jul Aug Sep Oct Nov Dec
Report for 2024 March
Monthly Climatological Summary for Mar 2024 Name: Timber Creek City: Flower Mound State: Texas Elevation: 609 ft Lat: N 33° 03' 21" Lon: E 097° 03' 10" Temperature (°F), Rain (in), Wind Speed (mph) Heat Cool Avg Mean Deg Deg Wind Dom Day Temp High Time Low Time Days Days Rain Speed High Time Dir ---------------------------------------------------------------------------------- 01 52.8 70.9 16:05 35.4 07:13 12.9 0.7 0.00 2.2 15.0 14:27 S 02 66.5 84.9 15:00 49.4 07:13 4.7 6.2 0.00 3.9 21.0 13:52 S 03 70.7 82.5 14:49 61.5 04:46 0.8 6.5 0.00 5.3 20.0 00:03 S 04 73.7 85.9 15:40 66.6 23:16 0.0 8.7 0.00 3.8 18.0 08:34 SSW 05 66.7 79.6 15:02 56.2 07:21 2.1 3.8 0.00 1.2 11.0 12:28 N 06 65.9 79.9 14:09 51.9 07:06 3.6 4.6 0.00 2.0 19.0 21:55 ESE 07 62.7 68.1 01:00 57.8 18:37 2.6 0.3 0.91 2.1 24.0 11:00 SE 08 57.7 68.6 12:04 42.4 23:38 7.7 0.4 0.03 3.3 21.0 18:19 N 09 49.4 60.9 16:16 42.2 06:52 15.6 0.0 0.00 3.7 18.0 00:40 N 10 51.8 68.5 16:50 34.9 08:01 12.9 0.3 0.00 0.7 8.0 11:44 S 11 57.3 72.9 16:29 41.9 03:52 9.1 1.5 0.00 1.9 15.0 15:36 S 12 64.8 76.4 17:06 52.5 01:25 3.8 3.7 0.00 3.8 20.0 14:31 S 13 71.8 82.1 15:28 63.7 05:26 0.2 6.9 0.00 5.0 23.0 13:42 S 14 73.2 82.5 14:29 65.1 21:55 0.0 8.2 0.09 3.8 28.0 02:11 S 15 59.9 66.8 01:02 55.2 14:04 5.3 0.2 0.34 2.3 19.0 14:58 NNE 16 57.8 60.8 14:51 54.4 03:20 7.2 0.0 0.70 0.9 14.0 17:09 NE 17 58.6 67.1 15:02 52.5 23:59 6.4 0.1 0.01 1.9 14.0 13:44 NNE 18 53.1 60.9 16:46 42.0 23:58 11.9 0.0 0.00 1.7 14.0 09:27 NNE 19 52.9 70.6 15:48 36.2 06:31 12.8 0.7 0.00 1.8 15.0 18:52 S 20 62.6 75.4 17:04 52.2 07:07 4.6 2.3 0.00 2.5 15.0 20:03 S 21 60.5 68.7 10:25 55.1 23:56 4.6 0.2 0.33 1.9 14.0 17:37 SSE 22 59.9 69.2 16:33 55.0 00:03 5.7 0.5 0.00 1.4 12.0 12:49 N 23 58.7 70.0 15:47 47.0 08:02 6.9 0.6 0.00 1.9 11.0 03:01 NE 24 63.2 67.6 20:09 57.9 09:08 2.6 0.8 0.01 5.7 28.0 15:46 SSE 25 60.9 75.5 15:32 44.8 23:57 5.6 1.5 0.66 3.5 21.0 20:44 WNW 26 48.4 62.4 16:41 37.3 07:25 16.6 0.0 0.00 2.4 14.0 09:12 NNW 27 53.9 67.2 14:44 41.5 05:52 11.2 0.1 0.00 1.3 14.0 19:20 E 28 59.4 76.0 16:38 40.7 07:27 8.2 2.6 0.00 1.7 15.0 15:02 SSE 29 67.6 78.4 15:32 59.1 06:35 1.8 4.4 0.00 5.7 29.0 13:26 S 30 71.1 81.1 15:36 63.3 03:12 0.2 6.3 0.00 4.2 22.0 02:11 S 31 71.7 77.7 16:34 66.8 07:39 0.0 6.7 0.00 3.7 19.0 15:08 S ---------------------------------------------------------------------------------- 61.5 85.9 4 34.9 10 187.6 78.8 3.08 2.8 29.0 29 SSE Max >= 80.0 6 Max <= 32.0 0 Min <= 32.0 0 Min <= 0.0 0 Max Rain: 0.91 on day 7 Days of Rain: 9 (>= 0.01 in) 5 (>= 0.10 in) 0 (>= 1.00 in) Heat Base: 65.0 Cool Base: 65.0 Method: Integration